{"id":1033,"date":"2025-05-11T15:34:30","date_gmt":"2025-05-11T15:34:30","guid":{"rendered":"https:\/\/autothaiduong.vn\/?post_type=product&#038;p=1033"},"modified":"2025-05-11T15:34:33","modified_gmt":"2025-05-11T15:34:33","slug":"loa-canh-phan-tan-focal-es-165-k2","status":"publish","type":"product","link":"https:\/\/autothaiduong.vn\/?product=loa-canh-phan-tan-focal-es-165-k2","title":{"rendered":"Loa c\u00e1nh ph\u00e2n t\u1ea7n FOCAL ES 165 K2"},"content":{"rendered":"<p><img loading=\"lazy\" decoding=\"async\" class=\" wp-image-489 aligncenter\" src=\"https:\/\/autothaiduong.vn\/wp-content\/uploads\/2025\/04\/z6584734442481_f208f5944548cb4b46353402ce2e64e0.jpg\" alt=\"\" width=\"253\" height=\"224\" \/><\/p>\n<p style=\"text-align: center;\"><span style=\"font-size: 150%;\"><strong><span style=\"color: #ff0000;\">273-275 Tr\u1ea7n Ph\u00fa Ph\u01b0\u1eddng L\u1ed9c S\u01a1n Th\u00e0nh Ph\u1ed1 B\u1ea3o L\u1ed9c T\u1ec9nh L\u00e2m \u0110\u1ed3ng <\/span><\/strong><\/span><\/p>\n<p style=\"text-align: center;\"><span style=\"font-size: 150%;\"><strong><span style=\"color: #ff0000;\">Hotline: 0912197441<\/span><\/strong><\/span><\/p>\n<div class=\"product-content mt-3 mb-3\">\n<div class=\"container\">\n<div class=\"product-description\">\n<div class=\"product-description-content showfull\">\n<p>Loa c\u00e1nh ph\u00e2n t\u1ea7n 2-way Focal ES 165 K2, thu\u1ed9c d\u00f2ng loa xe \u00f4 t\u00f4 ph\u00e2n kh\u00fac chuy\u00ean nghi\u1ec7p \u2013 mang th\u01b0\u01a1ng hi\u1ec7u Ph\u00e1p. Bi\u1ec3u t\u01b0\u1ee3ng m\u00e0u V\u00e0ng c\u1ee7a Series K2 Power mang t\u1edbi cho kh\u00e1ch h\u00e0ng nh\u1eefng d\u00f2ng nh\u1ea1c m\u1ea1nh m\u1ebd, t\u1ea1o c\u1ea3m h\u1ee9ng m\u00e3nh li\u1ec7t.<\/p>\n<h2>Th\u00f4ng s\u1ed1 k\u1ef9 thu\u1eadt<\/h2>\n<ul>\n<li>D\u1ea3i t\u1ea7n ho\u1ea1t \u0111\u1ed9ng: : 60Hz- 22kHz<\/li>\n<li>C\u00f4ng su\u1ea5t loa: 100W RMS, 200W Max<\/li>\n<li>Tr\u1edf kh\u00e1ng: 2ohm<\/li>\n<li>\u0110\u1ed9 nh\u1ea1y: 92.8dB<\/li>\n<\/ul>\n<h2>T\u00ednh n\u0103ng n\u1ed5i b\u1eadt<\/h2>\n<p><img loading=\"lazy\" decoding=\"async\" class=\"alignnone size-full wp-image-1035\" src=\"https:\/\/autothaiduong.vn\/wp-content\/uploads\/2025\/05\/FOCAL-165-K2-1-700x375-1.jpg\" width=\"700\" height=\"375\" alt=\"H\u00ecnh \u1ea3nh loa c\u00e1nh ph\u00e2n t\u1ea7n 2-way Focal ES 165 K2\" srcset=\"https:\/\/autothaiduong.vn\/wp-content\/uploads\/2025\/05\/FOCAL-165-K2-1-700x375-1.jpg 700w, https:\/\/autothaiduong.vn\/wp-content\/uploads\/2025\/05\/FOCAL-165-K2-1-700x375-1-600x321.jpg 600w\" sizes=\"auto, (max-width: 700px) 100vw, 700px\" \/><\/p>\n<p>B\u1ed9 s\u1ea3n ph\u1ea9m bao g\u1ed3m c\u1eb7p loa tr\u1ea7m 6\u00bd \u201c(165 mm) v\u1edbi v\u00e0nh loa Kevlar\u00ae v\u00e0 2 loa Tweeter cung c\u1ea5p \u00e2m thanh c\u1ef1c k\u1ef3 phong ph\u00fa v\u00e0 m\u1ea1nh m\u1ebd.<\/p>\n<p>C\u00f4ng su\u1ea5t loa m\u1ea1nh m\u1ebd v\u1edbi c\u00f4ng su\u1ea5t RMS l\u00e0 100W mang l\u1ea1i \u00e2m thanh s\u1ed1ng \u0111\u1ed9ng, r\u00f5 r\u00e0ng v\u00e0 ch\u00e2n th\u1ef1c.<\/p>\n<p>\u0110\u1ed9 nh\u1ea1y c\u1ee7a loa c\u00e1nh 2-way Focal ES 165 K2 l\u00e0 92 dB, gi\u00fap \u00e2m l\u01b0\u1ee3ng v\u00e0 \u00e2m thanh tuy\u1ec7t v\u1eddi.<\/p>\n<h2>Thi\u1ebft k\u1ebf \u1ea5n t\u01b0\u1ee3ng<\/h2>\n<p><img loading=\"lazy\" decoding=\"async\" class=\"alignnone size-full wp-image-1036\" src=\"https:\/\/autothaiduong.vn\/wp-content\/uploads\/2025\/05\/FOCAL-165-K2-12-700x525-1.jpg\" width=\"700\" height=\"525\" alt=\"FOCAL 165 K2 \" srcset=\"https:\/\/autothaiduong.vn\/wp-content\/uploads\/2025\/05\/FOCAL-165-K2-12-700x525-1.jpg 700w, https:\/\/autothaiduong.vn\/wp-content\/uploads\/2025\/05\/FOCAL-165-K2-12-700x525-1-600x450.jpg 600w\" sizes=\"auto, (max-width: 700px) 100vw, 700px\" \/><\/p>\n<p>S\u1edf h\u1eefu thi\u1ebft k\u1ebf \u1ea5n t\u01b0\u1ee3ng, \u0111\u1eb9p m\u1eaft, tinh t\u1ebf v\u1edbi c\u00e1c chi ti\u1ebft, n\u1ed5i b\u1eadt v\u1edbi m\u00e0u v\u00e0ng \u0111\u1eb7c tr\u01b0ng, k\u00edch th\u01b0\u1edbc nh\u1ecf g\u1ecdn d\u1ec5 d\u00e0ng s\u1eed d\u1ee5ng trong m\u1ecdi kh\u00f4ng gian gi\u1ea3i tr\u00ed.<\/p>\n<h2>V\u1ecb tr\u00ed l\u1eafp \u0111\u1eb7t<\/h2>\n<p><img loading=\"lazy\" decoding=\"async\" class=\"alignnone size-full wp-image-1037\" src=\"https:\/\/autothaiduong.vn\/wp-content\/uploads\/2025\/05\/FOCAL-165-K2-9-700x525-1.jpg\" width=\"700\" height=\"525\" alt=\"FOCAL 165 K2\" srcset=\"https:\/\/autothaiduong.vn\/wp-content\/uploads\/2025\/05\/FOCAL-165-K2-9-700x525-1.jpg 700w, https:\/\/autothaiduong.vn\/wp-content\/uploads\/2025\/05\/FOCAL-165-K2-9-700x525-1-600x450.jpg 600w\" sizes=\"auto, (max-width: 700px) 100vw, 700px\" \/><\/p>\n<p>Loa mid-bass l\u1eafp \u1edf c\u00e1nh c\u1eeda<\/p>\n<p>Loa treble l\u1eafp \u1edf \u1ed1p ch\u00e2n g\u01b0\u01a1ng\/ t\u00e1p-l\u00f4\/ c\u1ed9t A<\/p>\n<h2>L\u00fd do n\u00ean trang b\u1ecb loa c\u00e1nh ph\u00e2n t\u1ea7n 2-way Focal ES 165 K2 cho x\u1ebf y\u00eau c\u1ee7a b\u1ea1n?<\/h2>\n<p>Loa c\u00e1nh ph\u00e2n t\u1ea7n 2-way Focal ES 165 K2 \u0111\u01b0\u1ee3c thi\u1ebft k\u1ebf nh\u1ecf g\u1ecdn, \u0111\u1ed9c \u0111\u00e1o ph\u00f9 h\u1ee3p v\u1edbi kh\u00f4ng gian \u00f4 t\u00f4. Loa Focal ES 165 K2 l\u00e0 th\u1ee9 kh\u00f4ng th\u1ec3 thi\u1ebfu cho c\u00e1c b\u00e1c t\u00e0i y\u00eau \u00e2m nh\u1ea1c mu\u1ed1n th\u01b0\u1edfng th\u1ee9c tr\u1ecdn v\u1eb9n c\u00e1c d\u1ea3i \u00e2m t\u1eeb tr\u1ea7m, trung \u0111\u1ebfn cao. D\u00f2ng Loa K2 Power c\u0169ng vinh d\u1ef1 nh\u1eadn gi\u1ea3i th\u01b0\u1edfng cao qu\u00fd v\u1ec1 \u00e2m thanh CES 2016.<\/p>\n<\/div>\n<\/div>\n<\/div>\n<\/div>\n","protected":false},"excerpt":{"rendered":"<h2>Th\u00f4ng s\u1ed1 k\u1ef9 thu\u1eadt<\/h2>\n<ul>\n<li>D\u1ea3i t\u1ea7n ho\u1ea1t \u0111\u1ed9ng: : 60Hz- 22kHz<\/li>\n<li>C\u00f4ng su\u1ea5t loa: 100W RMS, 200W Max<\/li>\n<li>Tr\u1edf kh\u00e1ng: 2ohm<\/li>\n<li>\u0110\u1ed9 nh\u1ea1y: 92.8dB<\/li>\n<\/ul>\n","protected":false},"featured_media":1035,"comment_status":"open","ping_status":"closed","template":"","meta":[],"product_brand":[120],"product_cat":[19,100],"product_tag":[],"class_list":{"0":"post-1033","1":"product","2":"type-product","3":"status-publish","4":"has-post-thumbnail","6":"product_brand-focal","7":"product_cat-am-thanh","8":"product_cat-loa-2-duong-tieng","10":"first","11":"instock","12":"shipping-taxable","13":"purchasable","14":"product-type-simple"},"_links":{"self":[{"href":"https:\/\/autothaiduong.vn\/index.php?rest_route=\/wp\/v2\/product\/1033","targetHints":{"allow":["GET"]}}],"collection":[{"href":"https:\/\/autothaiduong.vn\/index.php?rest_route=\/wp\/v2\/product"}],"about":[{"href":"https:\/\/autothaiduong.vn\/index.php?rest_route=\/wp\/v2\/types\/product"}],"replies":[{"embeddable":true,"href":"https:\/\/autothaiduong.vn\/index.php?rest_route=%2Fwp%2Fv2%2Fcomments&post=1033"}],"wp:featuredmedia":[{"embeddable":true,"href":"https:\/\/autothaiduong.vn\/index.php?rest_route=\/wp\/v2\/media\/1035"}],"wp:attachment":[{"href":"https:\/\/autothaiduong.vn\/index.php?rest_route=%2Fwp%2Fv2%2Fmedia&parent=1033"}],"wp:term":[{"taxonomy":"product_brand","embeddable":true,"href":"https:\/\/autothaiduong.vn\/index.php?rest_route=%2Fwp%2Fv2%2Fproduct_brand&post=1033"},{"taxonomy":"product_cat","embeddable":true,"href":"https:\/\/autothaiduong.vn\/index.php?rest_route=%2Fwp%2Fv2%2Fproduct_cat&post=1033"},{"taxonomy":"product_tag","embeddable":true,"href":"https:\/\/autothaiduong.vn\/index.php?rest_route=%2Fwp%2Fv2%2Fproduct_tag&post=1033"}],"curies":[{"name":"wp","href":"https:\/\/api.w.org\/{rel}","templated":true}]}}