{"id":1043,"date":"2025-05-11T15:44:36","date_gmt":"2025-05-11T15:44:36","guid":{"rendered":"https:\/\/autothaiduong.vn\/?post_type=product&#038;p=1043"},"modified":"2025-05-11T15:44:38","modified_gmt":"2025-05-11T15:44:38","slug":"loa-canh-dong-truc-focal-ec-165-k","status":"publish","type":"product","link":"https:\/\/autothaiduong.vn\/?product=loa-canh-dong-truc-focal-ec-165-k","title":{"rendered":"Loa c\u00e1nh \u0111\u1ed3ng tr\u1ee5c FOCAL EC 165 K"},"content":{"rendered":"<p><img loading=\"lazy\" decoding=\"async\" class=\" wp-image-1044 aligncenter\" src=\"https:\/\/autothaiduong.vn\/wp-content\/uploads\/2025\/05\/z6584734442481_f208f5944548cb4b46353402ce2e64e0.jpg\" alt=\"\" width=\"306\" height=\"271\" \/><\/p>\n<p style=\"text-align: center;\"><span style=\"font-size: 150%;\"><strong><span style=\"color: #ff0000;\">273-275 Tr\u1ea7n Ph\u00fa Ph\u01b0\u1eddng L\u1ed9c S\u01a1n Th\u00e0nh Ph\u1ed1 B\u1ea3o L\u1ed9c T\u1ec9nh L\u00e2m \u0110\u1ed3ng <\/span><\/strong><\/span><\/p>\n<p style=\"text-align: center;\"><span style=\"font-size: 150%;\"><strong><span style=\"color: #ff0000;\">Hotline: 0912197441<\/span><\/strong><\/span><\/p>\n<div class=\"product-content mt-3 mb-3\">\n<div class=\"container\">\n<div class=\"product-description\">\n<div class=\"product-description-content showfull\">\n<p>Loa \u0111\u1ed3ng tr\u1ee5c Focal Elite K2 Power Series EC 165K l\u00e0 d\u00f2ng loa cao c\u1ea5p c\u1ee7a Focal cho ch\u1ea5t l\u01b0\u1ee3ng \u00e2m thanh ho\u00e0n h\u1ea3o, ti\u00eau chu\u1ea9n \u0111\u1eb7c bi\u1ec7t v\u00e0 c\u00f4ng ngh\u1ec7 ti\u00ean ti\u1ebfn. C\u00e1c chuy\u00ean gia \u00e2m thanh c\u1ee7a Focal \u0111\u00e3 tham gia v\u00e0o c\u00e1c bu\u1ed5i nghe chuy\u00ean s\u00e2u nh\u1eb1m tinh ch\u1ec9nh \u2013 thi\u1ebft k\u1ebf l\u1ea1i sao cho d\u00f2ng loa n\u00e0y mang l\u1ea1i ch\u1ea5t \u00e2m t\u1ed1t nh\u1ea5t cho ng\u01b0\u1eddi nghe.<\/p>\n<h2>Th\u00f4ng s\u1ed1 k\u1ef9 thu\u1eadt<\/h2>\n<ul>\n<li>D\u1ea3i t\u1ea7n ho\u1ea1t \u0111\u1ed9ng: : 60Hz- 22kHz<\/li>\n<li>C\u00f4ng su\u1ea5t loa: 100W RMS, 200W Max<\/li>\n<li>Tr\u1edf kh\u00e1ng: 4ohm<\/li>\n<li>\u0110\u1ed9 nh\u1ea1y: 90.8dB<\/li>\n<li>K\u00edch c\u1ee1: 6,5 inch<\/li>\n<\/ul>\n<h2>T\u00ednh n\u0103ng n\u1ed5i b\u1eadt<\/h2>\n<div id=\"attachment_44598\" class=\"wp-caption aligncenter\"><img loading=\"lazy\" decoding=\"async\" class=\"alignnone size-full wp-image-1046\" src=\"https:\/\/autothaiduong.vn\/wp-content\/uploads\/2025\/05\/EC-165K-6-700x408-1.jpg\" width=\"700\" height=\"408\" alt=\"EC 165 K\" srcset=\"https:\/\/autothaiduong.vn\/wp-content\/uploads\/2025\/05\/EC-165K-6-700x408-1.jpg 700w, https:\/\/autothaiduong.vn\/wp-content\/uploads\/2025\/05\/EC-165K-6-700x408-1-600x350.jpg 600w\" sizes=\"auto, (max-width: 700px) 100vw, 700px\" \/><\/p>\n<p id=\"caption-attachment-44598\" class=\"wp-caption-text\">Loa \u0111\u1ed3ng tr\u1ee5c Focal Elite K2 Power Series EC 165 K<\/p>\n<\/div>\n<p>Loa \u0111\u1ed3ng tr\u1ee5c Focal Elite K2 Power Series EC 165 K bao g\u1ed3m hai loa tr\u1ea7m 6,5 inch (165 mm) v\u00e0 hai loa tweeter TKM (20mm). \u0110\u00e2y l\u00e0 m\u1ed9t gi\u1ea3i ph\u00e1p nh\u1ecf g\u1ecdn d\u1ec5 d\u00e0ng l\u1eafp \u0111\u1eb7t mang \u0111\u1ebfn \u00e2m thanh c\u1ef1c k\u1ef3 s\u1ed1ng \u0111\u1ed9ng v\u00e0 \u0111\u1ed9 n\u00e9t ho\u00e0n h\u1ea3o.<\/p>\n<p>Hai loa tweeter \u0111\u01b0\u1ee3c c\u1ea5u t\u1ea1o t\u1eeb c\u00e1c s\u1ee3i aramid, gi\u00fap s\u1ea3n ph\u1ea9m ch\u1ea5t l\u01b0\u1ee3ng v\u00e0 duy tr\u00ec s\u1ef1 \u1ed5n \u0111\u1ecbnh b\u1ec1n b\u1ec9.<\/p>\n<p>T\u1ea7n s\u1ed1 loa cao l\u00ean \u0111\u1ebfn 22kHz cho ra \u00e2m thanh m\u1ed9t c\u00e1ch m\u01b0\u1ee3t m\u00e0 v\u00e0 ch\u00e2n th\u1eadt.<\/p>\n<h2>Thi\u1ebft k\u1ebf \u1ea5n t\u01b0\u1ee3ng<\/h2>\n<p><img loading=\"lazy\" decoding=\"async\" class=\"alignnone size-full wp-image-1047\" src=\"https:\/\/autothaiduong.vn\/wp-content\/uploads\/2025\/05\/EC-165K-7-700x427-1.jpg\" width=\"700\" height=\"427\" alt=\"EC 165 K\" srcset=\"https:\/\/autothaiduong.vn\/wp-content\/uploads\/2025\/05\/EC-165K-7-700x427-1.jpg 700w, https:\/\/autothaiduong.vn\/wp-content\/uploads\/2025\/05\/EC-165K-7-700x427-1-600x366.jpg 600w\" sizes=\"auto, (max-width: 700px) 100vw, 700px\" \/><\/p>\n<p>Thi\u1ebft k\u1ebf c\u1ee7a loa \u0111\u1ed3ng tr\u1ee5c Focal Elite K2 Power Series EC 165K l\u1ea5y \u00fd t\u01b0\u1edfng t\u1eeb h\u00ecnh \u1ea3nh nh\u1eefng chi\u1ebfc n\u00f3n. Thi\u1ebft k\u1ebf ch\u1ea5t l\u01b0\u1ee3ng, \u0111\u01b0\u1ee3c trang b\u1ecb h\u1ec7 th\u1ed1ng TMD m\u1edbi nh\u1ea5t. Thi\u1ebft k\u1ebf \u0111\u1ed9c quy\u1ec1n c\u1ee7a h\u1ec7 th\u1ed1ng gi\u00fap gi\u1ea3m t\u00e1c \u0111\u1ed9ng t\u1eeb b\u00ean ngo\u00e0i v\u00e0 gi\u1ea3m r\u00e8 ti\u1ebfng.<\/p>\n<h2>V\u1ecb tr\u00ed l\u1eafp \u0111\u1eb7t<\/h2>\n<p>Loa \u0111\u1ed3ng tr\u1ee5c Focal Elite K2 Power Series EC 165K \u0111\u01b0\u1ee3c l\u1eafp \u1edf v\u1ecb tr\u00ed c\u00e1nh c\u1eeda.<\/p>\n<h2>L\u00fd do v\u00ec sao b\u1ea1n n\u00ean trang b\u1ecb loa \u0111\u1ed3ng tr\u1ee5c Focal Elite K2 Power Series EC 165K cho x\u1ebf y\u00eau c\u1ee7a m\u00ecnh?<\/h2>\n<p>Loa \u0111\u1ed3ng tr\u1ee5c Focal Elite K2 Power Series EC 165K \u0111\u01b0\u1ee3c thi\u1ebft k\u1ebf nh\u1ecf g\u1ecdn, \u0111\u1ed9c \u0111\u00e1o ph\u00f9 h\u1ee3p v\u1edbi kh\u00f4ng gian \u00f4 t\u00f4. Loa \u0111\u1ed3ng tr\u1ee5c Focal Elite K2 Power Series EC 165K l\u00e0 th\u1ee9 kh\u00f4ng th\u1ec3 thi\u1ebfu cho c\u00e1c b\u00e1c t\u00e0i y\u00eau \u00e2m nh\u1ea1c mu\u1ed1n th\u01b0\u1edfng th\u1ee9c tr\u1ecdn v\u1eb9n c\u00e1c d\u1ea3i \u00e2m t\u1eeb tr\u1ea7m, trung \u0111\u1ebfn cao. D\u00f2ng Loa K2 Power c\u0169ng vinh d\u1ef1 nh\u1eadn gi\u1ea3i th\u01b0\u1edfng cao qu\u00fd v\u1ec1 \u00e2m thanh CES 2016.<\/p>\n<\/div>\n<\/div>\n<\/div>\n<\/div>\n<p>&nbsp;<\/p>\n","protected":false},"excerpt":{"rendered":"<h2>Th\u00f4ng s\u1ed1 k\u1ef9 thu\u1eadt<\/h2>\n<ul>\n<li>D\u1ea3i t\u1ea7n ho\u1ea1t \u0111\u1ed9ng: : 60Hz- 22kHz<\/li>\n<li>C\u00f4ng su\u1ea5t loa: 100W RMS, 200W Max<\/li>\n<li>Tr\u1edf kh\u00e1ng: 4ohm<\/li>\n<li>\u0110\u1ed9 nh\u1ea1y: 90.8dB<\/li>\n<li>K\u00edch c\u1ee1: 6,5 inch<\/li>\n<\/ul>\n","protected":false},"featured_media":1046,"comment_status":"open","ping_status":"closed","template":"","meta":[],"product_brand":[120],"product_cat":[19,101],"product_tag":[],"class_list":{"0":"post-1043","1":"product","2":"type-product","3":"status-publish","4":"has-post-thumbnail","6":"product_brand-focal","7":"product_cat-am-thanh","8":"product_cat-loa-dong-truc","10":"first","11":"instock","12":"shipping-taxable","13":"purchasable","14":"product-type-simple"},"_links":{"self":[{"href":"https:\/\/autothaiduong.vn\/index.php?rest_route=\/wp\/v2\/product\/1043","targetHints":{"allow":["GET"]}}],"collection":[{"href":"https:\/\/autothaiduong.vn\/index.php?rest_route=\/wp\/v2\/product"}],"about":[{"href":"https:\/\/autothaiduong.vn\/index.php?rest_route=\/wp\/v2\/types\/product"}],"replies":[{"embeddable":true,"href":"https:\/\/autothaiduong.vn\/index.php?rest_route=%2Fwp%2Fv2%2Fcomments&post=1043"}],"wp:featuredmedia":[{"embeddable":true,"href":"https:\/\/autothaiduong.vn\/index.php?rest_route=\/wp\/v2\/media\/1046"}],"wp:attachment":[{"href":"https:\/\/autothaiduong.vn\/index.php?rest_route=%2Fwp%2Fv2%2Fmedia&parent=1043"}],"wp:term":[{"taxonomy":"product_brand","embeddable":true,"href":"https:\/\/autothaiduong.vn\/index.php?rest_route=%2Fwp%2Fv2%2Fproduct_brand&post=1043"},{"taxonomy":"product_cat","embeddable":true,"href":"https:\/\/autothaiduong.vn\/index.php?rest_route=%2Fwp%2Fv2%2Fproduct_cat&post=1043"},{"taxonomy":"product_tag","embeddable":true,"href":"https:\/\/autothaiduong.vn\/index.php?rest_route=%2Fwp%2Fv2%2Fproduct_tag&post=1043"}],"curies":[{"name":"wp","href":"https:\/\/api.w.org\/{rel}","templated":true}]}}