{"id":1192,"date":"2025-05-11T16:57:08","date_gmt":"2025-05-11T16:57:08","guid":{"rendered":"https:\/\/autothaiduong.vn\/?post_type=product&#038;p=1192"},"modified":"2025-05-11T16:57:32","modified_gmt":"2025-05-11T16:57:32","slug":"vietmap-hud-v200","status":"publish","type":"product","link":"https:\/\/autothaiduong.vn\/?product=vietmap-hud-v200","title":{"rendered":"VIETMAP HUD V200"},"content":{"rendered":"<p><img loading=\"lazy\" decoding=\"async\" class=\" wp-image-1044 aligncenter\" src=\"https:\/\/autothaiduong.vn\/wp-content\/uploads\/2025\/05\/z6584734442481_f208f5944548cb4b46353402ce2e64e0.jpg\" alt=\"\" width=\"271\" height=\"240\" \/><\/p>\n<p style=\"text-align: center;\"><span style=\"font-size: 150%;\"><strong><span style=\"color: #ff0000;\">273-275 Tr\u1ea7n Ph\u00fa Ph\u01b0\u1eddng L\u1ed9c S\u01a1n Th\u00e0nh Ph\u1ed1 B\u1ea3o L\u1ed9c T\u1ec9nh L\u00e2m \u0110\u1ed3ng<\/span><\/strong><\/span><\/p>\n<p style=\"text-align: center;\"><span style=\"font-size: 150%;\"><strong><span style=\"color: #ff0000;\"> Hotline: 0912197441<\/span><\/strong><\/span><\/p>\n<section class=\"product-especially\">\n<div class=\"container\">\n<div class=\"rte\">\n<h2>M\u00c0N H\u00ccNH NANO HI\u1ec2N TH\u1eca CHI TI\u1ebeT<\/h2>\n<p><img loading=\"lazy\" decoding=\"async\" class=\"alignnone size-full wp-image-1194\" src=\"https:\/\/autothaiduong.vn\/wp-content\/uploads\/2025\/05\/vietmap-hud-v200-2.jpg\" width=\"1280\" height=\"362\" srcset=\"https:\/\/autothaiduong.vn\/wp-content\/uploads\/2025\/05\/vietmap-hud-v200-2.jpg 1280w, https:\/\/autothaiduong.vn\/wp-content\/uploads\/2025\/05\/vietmap-hud-v200-2-600x170.jpg 600w, https:\/\/autothaiduong.vn\/wp-content\/uploads\/2025\/05\/vietmap-hud-v200-2-1024x290.jpg 1024w, https:\/\/autothaiduong.vn\/wp-content\/uploads\/2025\/05\/vietmap-hud-v200-2-768x217.jpg 768w\" sizes=\"auto, (max-width: 1280px) 100vw, 1280px\" \/><\/p>\n<p><strong><a href=\"https:\/\/vietmap.vn\/man-hinh-hud-vietmap\" target=\"_blank\" rel=\"noopener\">M\u00e0n h\u00ecnh HUD VIETMAP<\/a><\/strong>\u00a0HD 3.5&#8243; v\u1edbi nhi\u1ec1u m\u00e0u s\u1eafc, trang b\u1ecb c\u1ed9ng ngh\u1ec7 m\u00e0n h\u00ecnh Nano ch\u1ed1ng ch\u00f3i khi g\u1eb7p \u00e1nh n\u1eafng ho\u1eb7c \u0111\u00e8n.<img loading=\"lazy\" decoding=\"async\" class=\"alignnone size-full wp-image-1195\" src=\"https:\/\/autothaiduong.vn\/wp-content\/uploads\/2025\/05\/vietmap-hud-v200-3.jpg\" width=\"1280\" height=\"362\" srcset=\"https:\/\/autothaiduong.vn\/wp-content\/uploads\/2025\/05\/vietmap-hud-v200-3.jpg 1280w, https:\/\/autothaiduong.vn\/wp-content\/uploads\/2025\/05\/vietmap-hud-v200-3-600x170.jpg 600w, https:\/\/autothaiduong.vn\/wp-content\/uploads\/2025\/05\/vietmap-hud-v200-3-1024x290.jpg 1024w, https:\/\/autothaiduong.vn\/wp-content\/uploads\/2025\/05\/vietmap-hud-v200-3-768x217.jpg 768w\" sizes=\"auto, (max-width: 1280px) 100vw, 1280px\" \/><\/p>\n<h2>HUD V200 GI\u00daP T\u1eacP TRUNG L\u00c1I XE H\u01a0N<\/h2>\n<p>Thi\u1ebft k\u1ebf \u0111\u01a1n gi\u1ea3n, d\u1ec5 theo d\u00f5i, d\u1ec5 quan s\u00e1t gi\u00fap t\u1eadp trung l\u00e1i xe, v\u00e0 ki\u1ec3m so\u00e1t t\u1ed1c \u0111\u1ed9 t\u1ed1t\u00a0h\u01a1n.<\/p>\n<p><img loading=\"lazy\" decoding=\"async\" class=\"alignnone size-full wp-image-1196\" src=\"https:\/\/autothaiduong.vn\/wp-content\/uploads\/2025\/05\/vietmap-hud-v200-4.jpg\" width=\"1280\" height=\"362\" srcset=\"https:\/\/autothaiduong.vn\/wp-content\/uploads\/2025\/05\/vietmap-hud-v200-4.jpg 1280w, https:\/\/autothaiduong.vn\/wp-content\/uploads\/2025\/05\/vietmap-hud-v200-4-600x170.jpg 600w, https:\/\/autothaiduong.vn\/wp-content\/uploads\/2025\/05\/vietmap-hud-v200-4-1024x290.jpg 1024w, https:\/\/autothaiduong.vn\/wp-content\/uploads\/2025\/05\/vietmap-hud-v200-4-768x217.jpg 768w\" sizes=\"auto, (max-width: 1280px) 100vw, 1280px\" \/><\/p>\n<h2>L\u1eaeP \u0110\u1eb6T \u0110\u01a0N GI\u1ea2N D\u1ec4 D\u00c0NG THAO T\u00c1C<\/h2>\n<p>Vi\u1ec7c l\u1eafp \u0111\u1eb7t c\u1ef1c k\u00ec \u0111\u01a1n gi\u1ea3n v\u00e0 nhanh ch\u00f3ng, kh\u00f4ng can thi\u1ec7p s\u00e2u v\u00e0o h\u1ec7 th\u1ed1ng c\u1ee7a xe.<\/p>\n<p><img loading=\"lazy\" decoding=\"async\" class=\"alignnone size-full wp-image-1197\" src=\"https:\/\/autothaiduong.vn\/wp-content\/uploads\/2025\/05\/vietmap-hud-v200-5.jpg\" width=\"1280\" height=\"362\" srcset=\"https:\/\/autothaiduong.vn\/wp-content\/uploads\/2025\/05\/vietmap-hud-v200-5.jpg 1280w, https:\/\/autothaiduong.vn\/wp-content\/uploads\/2025\/05\/vietmap-hud-v200-5-600x170.jpg 600w, https:\/\/autothaiduong.vn\/wp-content\/uploads\/2025\/05\/vietmap-hud-v200-5-1024x290.jpg 1024w, https:\/\/autothaiduong.vn\/wp-content\/uploads\/2025\/05\/vietmap-hud-v200-5-768x217.jpg 768w\" sizes=\"auto, (max-width: 1280px) 100vw, 1280px\" \/><\/p>\n<h2>T\u1ef0 \u0110\u1ed2NG B\u1ed8 V\u1edaI H\u1ec6 TH\u1ed0NG XE<\/h2>\n<p>+ T\u1ef1 \u0111\u1ed9ng hi\u1ec3n th\u1ecb\u00a0khi m\u1edf m\u00e1y xe.<br \/>\n+ T\u1ef1 \u0111\u1ed9ng d\u1eebng hi\u1ec3n th\u1ecb khi t\u1eaft m\u00e1y xe.<br \/>\n+ T\u1ef1 \u0111\u1ed9ng \u0111o qu\u00e3ng \u0111\u01b0\u1eddng xe ch\u1ea1y.<br \/>\n+ T\u1ef1 \u0111\u1ed9ng t\u00ednh to\u00e1n m\u1ee9c \u0111\u1ed9 ti\u00eau th\u1ee5 nhi\u00ean li\u1ec7u.<\/p>\n<h2><\/h2>\n<\/div>\n<\/div>\n<\/section>\n<section class=\"product-especially\"><img loading=\"lazy\" decoding=\"async\" class=\"alignnone size-full wp-image-1198\" src=\"https:\/\/autothaiduong.vn\/wp-content\/uploads\/2025\/05\/banner-video-84d98eff-d717-406c-8c42-f34cc991e2be.jpg\" alt=\"Banner 3\" width=\"1280\" height=\"480\" srcset=\"https:\/\/autothaiduong.vn\/wp-content\/uploads\/2025\/05\/banner-video-84d98eff-d717-406c-8c42-f34cc991e2be.jpg 1280w, https:\/\/autothaiduong.vn\/wp-content\/uploads\/2025\/05\/banner-video-84d98eff-d717-406c-8c42-f34cc991e2be-600x225.jpg 600w, https:\/\/autothaiduong.vn\/wp-content\/uploads\/2025\/05\/banner-video-84d98eff-d717-406c-8c42-f34cc991e2be-1024x384.jpg 1024w, https:\/\/autothaiduong.vn\/wp-content\/uploads\/2025\/05\/banner-video-84d98eff-d717-406c-8c42-f34cc991e2be-768x288.jpg 768w\" sizes=\"auto, (max-width: 1280px) 100vw, 1280px\" \/><\/p>\n<div class=\"container\">\n<div class=\"rte\">\n<p>&nbsp;<\/p>\n<p>&nbsp;<\/p>\n<\/div>\n<\/div>\n<\/section>\n<section id=\"pro_specifications\" class=\"product-specifications\">\n<div class=\"container\">\n<h2>Th\u00f4ng s\u1ed1 k\u1ef9 thu\u1eadt<\/h2>\n<div class=\"row\">\n<div class=\"col-lg-6 col-md-12 col-sm-12 col-12\">\n<h3>K\u00edch th\u01b0\u1edbc s\u1ea3n ph\u1ea9m<\/h3>\n<p><img loading=\"lazy\" decoding=\"async\" class=\"alignnone size-full wp-image-1199\" src=\"https:\/\/autothaiduong.vn\/wp-content\/uploads\/2025\/05\/size-44415f20-3582-4162-a052-81253a417ab2.png\" alt=\"Th\u00f4ng s\u1ed1 k\u1ef9 thu\u1eadt\" width=\"590\" height=\"450\" \/><\/p>\n<\/div>\n<div class=\"col-lg-6 col-md-12 col-sm-12 col-12\">\n<div class=\"rte\">\n<p>&nbsp;<\/p>\n<table border=\"1\">\n<tbody>\n<tr>\n<td width=\"100\">Nhi\u1ec7t \u0111\u1ed9 ho\u1ea1t \u0111\u1ed9ng<\/td>\n<td width=\"270\">-40<sup>o<\/sup>C &#8211; 80<sup>o<\/sup>C<\/td>\n<\/tr>\n<tr>\n<td width=\"100\">\u00c1p su\u1ea5t<\/td>\n<td width=\"270\">86 &#8211; 106 KPA<\/td>\n<\/tr>\n<tr>\n<td width=\"100\">\u00c2m thanh c\u1ea3nh b\u00e1o<\/td>\n<td width=\"270\">30dB (A)<\/td>\n<\/tr>\n<tr>\n<td width=\"100\">Ngu\u1ed3n \u0111i\u1ec7n ho\u1ea1t \u0111\u1ed9ng<\/td>\n<td width=\"270\">9V ~ 16DC ( 12DC \/ 400mA)<\/td>\n<\/tr>\n<tr>\n<td width=\"100\">K\u00edch th\u01b0\u1edbc118<\/td>\n<td width=\"270\">118 x 45 x 43 (mm)<\/td>\n<\/tr>\n<tr>\n<td width=\"100\">Tr\u1ecdng l\u01b0\u1ee3ng<\/td>\n<td width=\"270\">110g<\/td>\n<\/tr>\n<\/tbody>\n<\/table>\n<\/div>\n<\/div>\n<\/div>\n<\/div>\n<\/section>\n","protected":false},"excerpt":{"rendered":"<p><strong><a href=\"https:\/\/vietmap.vn\/vietmap-hud-v200\" target=\"_blank\" rel=\"noopener\">VIETMAP\u00a0HUD V200<\/a><\/strong>\u00a0l\u00e0 thi\u1ebft b\u1ecb\u00a0hi\u1ec3n th\u1ecb th\u00f4ng tin c\u1ee7a xe tr\u00ean m\u00e0n h\u00ecnh Led s\u1eafc n\u00e9t,\u00a0cung c\u1ea5p \u0111\u1ea7y \u0111\u1ee7 c\u00e1c th\u00f4ng tin chi ti\u1ebft v\u1ec1 t\u00ecnh tr\u1ea1ng xe nh\u01b0: T\u1ed1c \u0111\u1ed9, M\u1ee9c ti\u00eau th\u1ee5 nhi\u00ean li\u1ec7u v\u00e0\u00a0Ch\u1ec9 s\u1ed1 V\u00f2ng tua m\u00e1y&#8230;m\u00e0\u00a0ng\u01b0\u1eddi ch\u1ec9 vi\u1ec7c nh\u00ecn th\u1eb3ng d\u1ec3 quan s\u00e1t, kh\u00f4ng ph\u1ea3i\u00a0thay \u0111\u1ed5i g\u00f3c nh\u00ecn xu\u1ed1ng \u0111\u1ed3ng h\u1ed3 xe.\u00a0Ch\u1ea5t l\u01b0\u1ee3ng hi\u1ec3n th\u1ecb c\u00e1c th\u00f4ng s\u1ed1 r\u00f5 r\u00e0ng v\u00e0 b\u1eaft m\u1eaft\u00a0trong m\u1ecdi \u0111i\u1ec1u ki\u1ec7n \u00e1nh s\u00e1ng kh\u00e1c nhau.<\/p>\n<p><strong><a href=\"https:\/\/vietmap.vn\/\" target=\"_blank\" rel=\"noopener\">VIETMAP<\/a><\/strong>\u00a0HUD V200\u00a0h\u1ed7 tr\u1ee3 t\u00e0i x\u1ebf nh\u1eadn bi\u1ebft, ki\u1ec3m so\u00e1t \u0111\u01b0\u1ee3c t\u1ed1c \u0111\u1ed9 di chuy\u1ec3n, d\u1ec5 quan s\u00e1t gi\u00fap t\u1eadp trung l\u00e1i xe \u0111\u1ea3m b\u1ea3o an to\u00e0n tr\u00ean m\u1ecdi h\u00e0nh tr\u00ecnh. B\u1ed9 hi\u1ec3n th\u1ecb th\u00f4ng tin l\u00e1i xe HUD,\u00a0ban \u0111\u1ea7u l\u00e0 c\u00f4ng ngh\u1ec7 s\u1eed d\u1ee5ng tr\u00ean c\u00e1c m\u00e1y bay chi\u1ebfn \u0111\u1ea5u,\u00a0nay c\u00f4ng ngh\u1ec7 n\u00e0y \u0111ang \u0111\u01b0\u1ee3c \u00e1p d\u1ee5ng r\u1ed9ng r\u00e3i v\u00e0 tr\u1edf th\u00e0nh m\u1ed9t trang b\u1ecb ti\u00eau chu\u1ea9n tr\u00ean m\u1ed9t s\u1ed1 m\u1eabu xe h\u1ea1ng sang.<\/p>\n","protected":false},"featured_media":1193,"comment_status":"open","ping_status":"closed","template":"","meta":[],"product_brand":[84],"product_cat":[125],"product_tag":[],"class_list":{"0":"post-1192","1":"product","2":"type-product","3":"status-publish","4":"has-post-thumbnail","6":"product_brand-vietmap","7":"product_cat-hud","9":"first","10":"instock","11":"shipping-taxable","12":"purchasable","13":"product-type-simple"},"_links":{"self":[{"href":"https:\/\/autothaiduong.vn\/index.php?rest_route=\/wp\/v2\/product\/1192","targetHints":{"allow":["GET"]}}],"collection":[{"href":"https:\/\/autothaiduong.vn\/index.php?rest_route=\/wp\/v2\/product"}],"about":[{"href":"https:\/\/autothaiduong.vn\/index.php?rest_route=\/wp\/v2\/types\/product"}],"replies":[{"embeddable":true,"href":"https:\/\/autothaiduong.vn\/index.php?rest_route=%2Fwp%2Fv2%2Fcomments&post=1192"}],"wp:featuredmedia":[{"embeddable":true,"href":"https:\/\/autothaiduong.vn\/index.php?rest_route=\/wp\/v2\/media\/1193"}],"wp:attachment":[{"href":"https:\/\/autothaiduong.vn\/index.php?rest_route=%2Fwp%2Fv2%2Fmedia&parent=1192"}],"wp:term":[{"taxonomy":"product_brand","embeddable":true,"href":"https:\/\/autothaiduong.vn\/index.php?rest_route=%2Fwp%2Fv2%2Fproduct_brand&post=1192"},{"taxonomy":"product_cat","embeddable":true,"href":"https:\/\/autothaiduong.vn\/index.php?rest_route=%2Fwp%2Fv2%2Fproduct_cat&post=1192"},{"taxonomy":"product_tag","embeddable":true,"href":"https:\/\/autothaiduong.vn\/index.php?rest_route=%2Fwp%2Fv2%2Fproduct_tag&post=1192"}],"curies":[{"name":"wp","href":"https:\/\/api.w.org\/{rel}","templated":true}]}}