{"id":1230,"date":"2025-05-11T17:13:38","date_gmt":"2025-05-11T17:13:38","guid":{"rendered":"https:\/\/autothaiduong.vn\/?post_type=product&#038;p=1230"},"modified":"2025-09-03T02:59:40","modified_gmt":"2025-09-03T02:59:40","slug":"camera-hanh-trinh-70mai-a510","status":"publish","type":"product","link":"https:\/\/autothaiduong.vn\/?product=camera-hanh-trinh-70mai-a510","title":{"rendered":"Camera h\u00e0nh tr\u00ecnh 70mai A510 ( Tr\u01b0\u1edbc ho\u1eb7c Tr\u01b0\u1edbc sau)"},"content":{"rendered":"<p><img loading=\"lazy\" decoding=\"async\" class=\" wp-image-1044 aligncenter\" src=\"https:\/\/autothaiduong.vn\/wp-content\/uploads\/2025\/05\/z6584734442481_f208f5944548cb4b46353402ce2e64e0.jpg\" alt=\"\" width=\"291\" height=\"258\" \/><\/p>\n<p style=\"text-align: center;\"><span style=\"font-size: 150%;\"><strong><span style=\"color: #ff0000;\">273-275 Tr\u1ea7n Ph\u00fa Ph\u01b0\u1eddng L\u1ed9c S\u01a1n Th\u00e0nh Ph\u1ed1 B\u1ea3o L\u1ed9c T\u1ec9nh L\u00e2m \u0110\u1ed3ng<\/span><\/strong><\/span><\/p>\n<p style=\"text-align: center;\"><span style=\"font-size: 150%;\"><strong><span style=\"color: #ff0000;\"> Hotline: 0912197441<\/span><\/strong><\/span><\/p>\n<div class=\"wp-block-image\">\n<figure class=\"aligncenter size-full\"><img loading=\"lazy\" decoding=\"async\" class=\"alignnone size-full wp-image-1233\" src=\"https:\/\/autothaiduong.vn\/wp-content\/uploads\/2025\/05\/A510-dich-tinh-nang-2.jpg\" alt=\"\" width=\"1280\" height=\"641\" srcset=\"https:\/\/autothaiduong.vn\/wp-content\/uploads\/2025\/05\/A510-dich-tinh-nang-2.jpg 1280w, https:\/\/autothaiduong.vn\/wp-content\/uploads\/2025\/05\/A510-dich-tinh-nang-2-600x300.jpg 600w, https:\/\/autothaiduong.vn\/wp-content\/uploads\/2025\/05\/A510-dich-tinh-nang-2-1024x513.jpg 1024w, https:\/\/autothaiduong.vn\/wp-content\/uploads\/2025\/05\/A510-dich-tinh-nang-2-768x385.jpg 768w\" sizes=\"auto, (max-width: 1280px) 100vw, 1280px\" \/><\/figure>\n<\/div>\n<p>\u0110\u01b0\u1ee3c t\u00edch h\u1ee3p c\u1ea3m bi\u1ebfn Sony STARVIS 2 IMX675 ti\u00ean ti\u1ebfn,\u00a0<a href=\"https:\/\/70maivietnam.store\/\" target=\"_blank\" rel=\"noreferrer noopener\"><mark class=\"has-inline-color has-vivid-red-color\">camera h\u00e0nh tr\u00ecnh<\/mark><\/a>\u00a0th\u1ebf h\u1ec7 m\u1edbi 70mai A510 m\u1edf ra kh\u1ea3 n\u0103ng ghi h\u00ecnh ban \u0111\u00eam v\u01b0\u1ee3t tr\u1ed9i v\u1edbi d\u1ea3i \u0111\u1ed9ng cao (HDR). Thi\u1ebft l\u1eadp HDR k\u00eanh \u0111\u00f4i n\u00e2ng ch\u1ea5t l\u01b0\u1ee3ng h\u00ecnh \u1ea3nh g\u1ed1c 1944P l\u00ean t\u1ea7m cao v\u01b0\u1ee3t tr\u1ed9i. Ngo\u00e0i ra, c\u00e1c thu\u1eadt to\u00e1n n\u00e2ng cao h\u00ecnh \u1ea3nh \u0111\u1ed9c quy\u1ec1n c\u1ee7a 70mai, bao g\u1ed3m MaiColor Vivid+ Solution\u2122 v\u00e0 70mai Night Owl Vision\u2122, k\u1ebft h\u1ee3p v\u1edbi 60FPS, \u0111\u1ea3m b\u1ea3o h\u00ecnh \u1ea3nh c\u1ef1c k\u1ef3 m\u01b0\u1ee3t m\u00e0<\/p>\n<div class=\"wp-block-image\">\n<figure class=\"aligncenter size-large\"><img loading=\"lazy\" decoding=\"async\" class=\"alignnone size-full wp-image-1234\" src=\"https:\/\/autothaiduong.vn\/wp-content\/uploads\/2025\/05\/camera-hanh-trinh-70mai-A510-1024x576-1.png\" alt=\"\" width=\"1024\" height=\"576\" srcset=\"https:\/\/autothaiduong.vn\/wp-content\/uploads\/2025\/05\/camera-hanh-trinh-70mai-A510-1024x576-1.png 1024w, https:\/\/autothaiduong.vn\/wp-content\/uploads\/2025\/05\/camera-hanh-trinh-70mai-A510-1024x576-1-600x338.png 600w, https:\/\/autothaiduong.vn\/wp-content\/uploads\/2025\/05\/camera-hanh-trinh-70mai-A510-1024x576-1-768x432.png 768w\" sizes=\"auto, (max-width: 1024px) 100vw, 1024px\" \/><\/figure>\n<\/div>\n<h2 class=\"wp-block-heading\">70mai A510 v\u1edbi ch\u1ea5t l\u01b0\u1ee3ng h\u00ecnh \u1ea3nh 1944P \u0111\u01b0\u1ee3c n\u00e2ng c\u1ea5p<\/h2>\n<div class=\"wp-block-media-text is-stacked-on-mobile\">\n<figure class=\"wp-block-media-text__media\"><img loading=\"lazy\" decoding=\"async\" class=\"alignnone size-full wp-image-1235\" src=\"https:\/\/autothaiduong.vn\/wp-content\/uploads\/2025\/05\/70mai-A510-chat-luong-hinh-anh-duoc-nang-cap-2-1024x984-1.jpg\" alt=\"\" width=\"1024\" height=\"984\" srcset=\"https:\/\/autothaiduong.vn\/wp-content\/uploads\/2025\/05\/70mai-A510-chat-luong-hinh-anh-duoc-nang-cap-2-1024x984-1.jpg 1024w, https:\/\/autothaiduong.vn\/wp-content\/uploads\/2025\/05\/70mai-A510-chat-luong-hinh-anh-duoc-nang-cap-2-1024x984-1-600x577.jpg 600w, https:\/\/autothaiduong.vn\/wp-content\/uploads\/2025\/05\/70mai-A510-chat-luong-hinh-anh-duoc-nang-cap-2-1024x984-1-768x738.jpg 768w\" sizes=\"auto, (max-width: 1024px) 100vw, 1024px\" \/><\/figure>\n<div class=\"wp-block-media-text__content\">\n<p>70mai A510 ph\u00e1t huy s\u1ee9c m\u1ea1nh c\u1ee7a HDR v\u00e0 \u200b\u200bkh\u1ea3 n\u0103ng ch\u1ee5p \u1ea3nh trong \u0111i\u1ec1u ki\u1ec7n \u00e1nh s\u00e1ng y\u1ebfu v\u01b0\u1ee3t tr\u1ed9i. V\u1edbi t\u1ed1c \u0111\u1ed9 khung h\u00ecnh cao 60FPS, \u0111\u1ed9 \u1ed5n \u0111\u1ecbnh \u0111\u01b0\u1ee3c c\u1ea3i thi\u1ec7n v\u00e0 \u0111\u1ea3m b\u1ea3o \u0111\u01b0\u1ee3c hi\u1ec7u su\u1ea5t li\u1ec1n m\u1ea1ch tr\u00ean \u0111\u01b0\u1eddng, mang l\u1ea1i h\u00ecnh \u1ea3nh ch\u1ea5t l\u01b0\u1ee3ng 3k s\u1eafc n\u00e9t v\u01b0\u1ee3t tr\u1ed9i \u0111\u1ebfn t\u1eebng chi ti\u1ebft.<\/p>\n<ul class=\"wp-block-list\">\n<li>STARVIS 2, \u0111\u01b0\u1ee3c ph\u00e1t tri\u1ec3n t\u1eeb STARVIS, l\u00e0 c\u00f4ng ngh\u1ec7 m\u1edbi nh\u1ea5t c\u00f3 d\u1ea3i \u0111\u1ed9ng r\u1ed9ng h\u01a1n. D\u1ea3i \u0111\u1ed9ng cao \u0111\u00e3 \u0111\u01b0\u1ee3c c\u1ea3i thi\u1ec7n 10%, trong khi kh\u1ea3 n\u0103ng ch\u1ee5p \u1ea3nh \u1edf \u0111i\u1ec1u ki\u1ec7n \u00e1nh s\u00e1ng y\u1ebfu \u0111\u00e3 \u0111\u01b0\u1ee3c c\u1ea3i thi\u1ec7n \u0111\u00e1ng k\u1ec3 90%*.<\/li>\n<li>60FPS cao h\u01a1n gi\u00fap t\u0103ng c\u01b0\u1eddng t\u00ednh m\u01b0\u1ee3t m\u00e0 c\u1ee7a chuy\u1ec3n \u0111\u1ed9ng trong video \u0111\u01b0\u1ee3c quay, mang l\u1ea1i tr\u1ea3i nghi\u1ec7m h\u00ecnh \u1ea3nh s\u1eafc n\u00e9t v\u00e0 s\u1ed1ng \u0111\u1ed9ng h\u01a1n.<\/li>\n<li>K\u1ebft h\u1ee3p v\u1edbi thu\u1eadt to\u00e1n 70mai Night Owl Vision\u2122 \u0111\u1ed9c quy\u1ec1n c\u1ee7a ch\u00fang t\u00f4i, c\u00f4ng ngh\u1ec7 c\u00f3 \u0111\u1ed9 nh\u1ea1y cao v\u00e0 \u0111\u1ed9 \u1ed3n th\u1ea5p cho ph\u00e9p nh\u1eadn d\u1ea1ng h\u00ecnh d\u1ea1ng v\u00e0 m\u00e0u s\u1eafc \u0111\u1ed1i t\u01b0\u1ee3ng ngay c\u1ea3 trong \u0111i\u1ec1u ki\u1ec7n t\u1ed1i v\u00e0 thu \u0111\u01b0\u1ee3c th\u00f4ng tin c\u1ea7n thi\u1ebft m\u1ed9t c\u00e1ch ch\u00ednh x\u00e1c.<\/li>\n<\/ul>\n<p>*D\u1ef1a tr\u00ean so s\u00e1nh gi\u1eefa STARVIS 2 IMX675 v\u00e0 STARVIS IMX335, c\u1ea3 hai \u0111\u1ec1u \u0111\u01b0\u1ee3c trang b\u1ecb 5 Megapixel.<\/p>\n<\/div>\n<\/div>\n<h2 class=\"wp-block-heading\">Ghi h\u00ecnh 2 k\u00eanh tr\u01b0\u1edbc sau*<\/h2>\n<p>Thi\u1ebft l\u1eadp HDR k\u00eanh \u0111\u00f4i ph\u00eda tr\u01b0\u1edbc v\u00e0 ph\u00eda sau, \u0111\u01b0\u1ee3c t\u0103ng c\u01b0\u1eddng b\u1eb1ng thu\u1eadt to\u00e1n MaiColor Vivid+ Solution\u2122 \u0111\u1ed9c quy\u1ec1n, v\u01b0\u1ee3t tr\u1ed9i trong vi\u1ec7c ghi l\u1ea1i c\u00e1c chi ti\u1ebft m\u1ed9t c\u00e1ch r\u00f5 r\u00e0ng, ngay c\u1ea3 trong \u0111i\u1ec1u ki\u1ec7n \u00e1nh s\u00e1ng kh\u00f3 kh\u0103n nh\u01b0 \u00e1nh \u0111\u00e8n ban \u0111\u00eam ph\u1ee9c t\u1ea1p ho\u1eb7c \u00e1nh s\u00e1ng \u0111\u1ed9t ng\u1ed9t b\u00f9ng ph\u00e1t khi \u0111i v\u00e0o ho\u1eb7c ra kh\u1ecfi \u0111\u01b0\u1eddng h\u1ea7m.<\/p>\n<p>*A510 cung c\u1ea5p h\u1ed7 tr\u1ee3 ghi h\u00ecnh m\u1edf r\u1ed9ng tr\u00ean k\u00eanh th\u1ee9 hai. B\u1ea1n c\u00f3 t\u00f9y ch\u1ecdn ch\u1ecdn RC11 \u0111\u1ec3 ghi ph\u00eda sau 1080P, RC12 \u0111\u1ec3 ghi 1080P HDR ho\u1eb7c camera b\u00ean trong \u0111\u1ec3 ghi to\u00e0n b\u1ed9 cabin.<\/p>\n<div class=\"wp-block-image\">\n<figure class=\"aligncenter size-large\"><img loading=\"lazy\" decoding=\"async\" class=\"alignnone size-full wp-image-1236\" src=\"https:\/\/autothaiduong.vn\/wp-content\/uploads\/2025\/05\/70mai-A510-dual-chanel-recording-1024x333-1.jpg\" alt=\"\" width=\"1024\" height=\"333\" srcset=\"https:\/\/autothaiduong.vn\/wp-content\/uploads\/2025\/05\/70mai-A510-dual-chanel-recording-1024x333-1.jpg 1024w, https:\/\/autothaiduong.vn\/wp-content\/uploads\/2025\/05\/70mai-A510-dual-chanel-recording-1024x333-1-600x195.jpg 600w, https:\/\/autothaiduong.vn\/wp-content\/uploads\/2025\/05\/70mai-A510-dual-chanel-recording-1024x333-1-768x250.jpg 768w\" sizes=\"auto, (max-width: 1024px) 100vw, 1024px\" \/><\/figure>\n<\/div>\n<h2 class=\"wp-block-heading\">S\u1ef1 kh\u00e1c bi\u1ec7t v\u1ec1 h\u00ecnh \u1ea3nh gi\u1eefa 70mai A510 v\u1edbi HDR v\u00e0 70mai A500S<\/h2>\n<div class=\"wp-block-columns is-layout-flex wp-container-core-columns-is-layout-9d6595d7 wp-block-columns-is-layout-flex\">\n<div class=\"wp-block-column is-layout-flow wp-block-column-is-layout-flow\">\n<div class=\"wp-block-image\">\n<figure class=\"aligncenter size-large\"><img loading=\"lazy\" decoding=\"async\" class=\"alignnone size-full wp-image-1237\" src=\"https:\/\/autothaiduong.vn\/wp-content\/uploads\/2025\/05\/70mai-A510-ghi-hinh-ban-ngay-1-1024x768-1.jpg\" alt=\"\" width=\"1024\" height=\"768\" srcset=\"https:\/\/autothaiduong.vn\/wp-content\/uploads\/2025\/05\/70mai-A510-ghi-hinh-ban-ngay-1-1024x768-1.jpg 1024w, https:\/\/autothaiduong.vn\/wp-content\/uploads\/2025\/05\/70mai-A510-ghi-hinh-ban-ngay-1-1024x768-1-600x450.jpg 600w, https:\/\/autothaiduong.vn\/wp-content\/uploads\/2025\/05\/70mai-A510-ghi-hinh-ban-ngay-1-1024x768-1-768x576.jpg 768w\" sizes=\"auto, (max-width: 1024px) 100vw, 1024px\" \/><\/figure>\n<\/div>\n<p class=\"has-text-align-center\"><strong>70mai A510 ghi h\u00ecnh ban ng\u00e0y v\u1edbi HDR<\/strong><\/p>\n<\/div>\n<div class=\"wp-block-column is-layout-flow wp-block-column-is-layout-flow\">\n<div class=\"wp-block-image\">\n<figure class=\"aligncenter size-large\"><img loading=\"lazy\" decoding=\"async\" class=\"alignnone size-full wp-image-1238\" src=\"https:\/\/autothaiduong.vn\/wp-content\/uploads\/2025\/05\/70mai-A500S-ghi-hinh-ban-ngay-1-1024x768-1.jpg\" alt=\"\" width=\"1024\" height=\"768\" srcset=\"https:\/\/autothaiduong.vn\/wp-content\/uploads\/2025\/05\/70mai-A500S-ghi-hinh-ban-ngay-1-1024x768-1.jpg 1024w, https:\/\/autothaiduong.vn\/wp-content\/uploads\/2025\/05\/70mai-A500S-ghi-hinh-ban-ngay-1-1024x768-1-600x450.jpg 600w, https:\/\/autothaiduong.vn\/wp-content\/uploads\/2025\/05\/70mai-A500S-ghi-hinh-ban-ngay-1-1024x768-1-768x576.jpg 768w\" sizes=\"auto, (max-width: 1024px) 100vw, 1024px\" \/><\/figure>\n<\/div>\n<p class=\"has-text-align-center\"><strong>70mai A500S ghi h\u00ecnh ban ng\u00e0y<\/strong><\/p>\n<\/div>\n<\/div>\n<div class=\"wp-block-columns is-layout-flex wp-container-core-columns-is-layout-9d6595d7 wp-block-columns-is-layout-flex\">\n<div class=\"wp-block-column is-layout-flow wp-block-column-is-layout-flow\">\n<div class=\"wp-block-image\">\n<figure class=\"aligncenter size-large\"><img loading=\"lazy\" decoding=\"async\" class=\"alignnone size-full wp-image-1239\" src=\"https:\/\/autothaiduong.vn\/wp-content\/uploads\/2025\/05\/70mai-A510-ghi-hinh-ban-dem-1024x768-1.jpg\" alt=\"\" width=\"1024\" height=\"768\" srcset=\"https:\/\/autothaiduong.vn\/wp-content\/uploads\/2025\/05\/70mai-A510-ghi-hinh-ban-dem-1024x768-1.jpg 1024w, https:\/\/autothaiduong.vn\/wp-content\/uploads\/2025\/05\/70mai-A510-ghi-hinh-ban-dem-1024x768-1-600x450.jpg 600w, https:\/\/autothaiduong.vn\/wp-content\/uploads\/2025\/05\/70mai-A510-ghi-hinh-ban-dem-1024x768-1-768x576.jpg 768w\" sizes=\"auto, (max-width: 1024px) 100vw, 1024px\" \/><\/figure>\n<\/div>\n<p class=\"has-text-align-center\"><strong>70mai A510 ghi h\u00ecnh ban \u0111\u00eam v\u1edbi HDR<\/strong><\/p>\n<\/div>\n<div class=\"wp-block-column is-layout-flow wp-block-column-is-layout-flow\">\n<div class=\"wp-block-image\">\n<figure class=\"aligncenter size-large\"><img loading=\"lazy\" decoding=\"async\" class=\"alignnone size-full wp-image-1240\" src=\"https:\/\/autothaiduong.vn\/wp-content\/uploads\/2025\/05\/70mai-A500S-ghi-hinh-ban-dem-1024x768-1.jpg\" alt=\"\" width=\"1024\" height=\"768\" srcset=\"https:\/\/autothaiduong.vn\/wp-content\/uploads\/2025\/05\/70mai-A500S-ghi-hinh-ban-dem-1024x768-1.jpg 1024w, https:\/\/autothaiduong.vn\/wp-content\/uploads\/2025\/05\/70mai-A500S-ghi-hinh-ban-dem-1024x768-1-600x450.jpg 600w, https:\/\/autothaiduong.vn\/wp-content\/uploads\/2025\/05\/70mai-A500S-ghi-hinh-ban-dem-1024x768-1-768x576.jpg 768w\" sizes=\"auto, (max-width: 1024px) 100vw, 1024px\" \/><\/figure>\n<\/div>\n<p class=\"has-text-align-center\"><strong>70mai A500S ghi h\u00ecnh ban \u0111\u00eam<\/strong><\/p>\n<\/div>\n<\/div>\n<h2 class=\"wp-block-heading\">T\u00f9y ch\u1ecdn m\u1edf r\u1ed9ng v\u1edbi k\u1ebft n\u1ed1i 4G*<\/h2>\n<div class=\"wp-block-image\">\n<figure class=\"aligncenter size-large\"><img loading=\"lazy\" decoding=\"async\" class=\"alignnone size-full wp-image-1241\" src=\"https:\/\/autothaiduong.vn\/wp-content\/uploads\/2025\/05\/70mai-A510-ket-noi-4G-1024x555-1.jpg\" alt=\"\" width=\"1024\" height=\"555\" srcset=\"https:\/\/autothaiduong.vn\/wp-content\/uploads\/2025\/05\/70mai-A510-ket-noi-4G-1024x555-1.jpg 1024w, https:\/\/autothaiduong.vn\/wp-content\/uploads\/2025\/05\/70mai-A510-ket-noi-4G-1024x555-1-600x325.jpg 600w, https:\/\/autothaiduong.vn\/wp-content\/uploads\/2025\/05\/70mai-A510-ket-noi-4G-1024x555-1-768x416.jpg 768w\" sizes=\"auto, (max-width: 1024px) 100vw, 1024px\" \/><\/figure>\n<\/div>\n<p><strong>Tham kh\u1ea3o th\u00eam m\u1ed9t s\u1ed1 d\u00f2ng s\u1ea3n ph\u1ea9m c\u00f3 k\u1ebft n\u1ed1i 4G<\/strong><\/p>\n<p>&gt;&gt;\u00a0<a href=\"https:\/\/70maivietnam.store\/camera-hanh-trinh\/camera-hanh-trinh-70mai-omni-x800\/\" target=\"_blank\" rel=\"noreferrer noopener\"><mark class=\"has-inline-color has-vivid-red-color\">Camera h\u00e0nh tr\u00ecnh 70mai 4K Omni xoay 360 \u0111\u1ed9<\/mark><\/a><mark class=\"has-inline-color has-vivid-red-color\">\u00a0k\u1ebft n\u1ed1i 4G gi\u00e1m s\u00e1t xe to\u00e0n di\u1ec7n<\/mark><\/p>\n<p>&gt;&gt;\u00a0<a href=\"https:\/\/70maivietnam.store\/camera-hanh-trinh\/camera-hanh-trinh-70mai-a810\/\" target=\"_blank\" rel=\"noreferrer noopener\"><mark class=\"has-inline-color has-vivid-red-color\">Camera h\u00e0nh tr\u00ecnh 70mai A810 ghi h\u00ecnh 4K<\/mark>\u00a0<\/a><mark class=\"has-inline-color has-vivid-red-color\">k\u1ebft n\u1ed1i 4G gi\u00e1m s\u00e1t xe t\u1eeb xa<\/mark><\/p>\n<p>Hi\u1ec7n nay camera h\u00e0nh tr\u00ecnh 70mai A510 c\u00f3 th\u1ec3 t\u01b0\u01a1ng th\u00edch \u0111\u01b0\u1ee3c v\u1edbi c\u00e1c d\u00f2ng s\u1ea3n ph\u1ea9m Hardwwire Kit l\u00e0 UP03, UP04 v\u00e0 b\u1ed9 c\u1eafm c\u1ed5ng OBD.<\/p>\n<div class=\"wp-block-image\">\n<figure class=\"aligncenter size-large\"><img loading=\"lazy\" decoding=\"async\" class=\"alignnone size-full wp-image-1242\" src=\"https:\/\/autothaiduong.vn\/wp-content\/uploads\/2025\/05\/70mai-A510-1-1024x443-1.jpg\" alt=\"\" width=\"1024\" height=\"443\" srcset=\"https:\/\/autothaiduong.vn\/wp-content\/uploads\/2025\/05\/70mai-A510-1-1024x443-1.jpg 1024w, https:\/\/autothaiduong.vn\/wp-content\/uploads\/2025\/05\/70mai-A510-1-1024x443-1-600x260.jpg 600w, https:\/\/autothaiduong.vn\/wp-content\/uploads\/2025\/05\/70mai-A510-1-1024x443-1-768x332.jpg 768w\" sizes=\"auto, (max-width: 1024px) 100vw, 1024px\" \/><\/figure>\n<\/div>\n<h2 class=\"wp-block-heading\">H\u1ec7 th\u1ed1ng h\u1ed7 tr\u1ee3 l\u00e1i xe an to\u00e0n (ADAS)<\/h2>\n<div class=\"wp-block-image\">\n<figure class=\"aligncenter size-large\"><img loading=\"lazy\" decoding=\"async\" class=\"alignnone size-full wp-image-1243\" src=\"https:\/\/autothaiduong.vn\/wp-content\/uploads\/2025\/05\/70mai-A510-canh-bao-ADAS-1024x446-1.jpg\" alt=\"\" width=\"1024\" height=\"446\" srcset=\"https:\/\/autothaiduong.vn\/wp-content\/uploads\/2025\/05\/70mai-A510-canh-bao-ADAS-1024x446-1.jpg 1024w, https:\/\/autothaiduong.vn\/wp-content\/uploads\/2025\/05\/70mai-A510-canh-bao-ADAS-1024x446-1-600x261.jpg 600w, https:\/\/autothaiduong.vn\/wp-content\/uploads\/2025\/05\/70mai-A510-canh-bao-ADAS-1024x446-1-768x335.jpg 768w\" sizes=\"auto, (max-width: 1024px) 100vw, 1024px\" \/><\/figure>\n<\/div>\n<h2 class=\"wp-block-heading\">T\u00edch h\u1ee3p GPS<\/h2>\n<div class=\"wp-block-image\">\n<figure class=\"aligncenter size-large\"><img loading=\"lazy\" decoding=\"async\" class=\"alignnone size-full wp-image-1244\" src=\"https:\/\/autothaiduong.vn\/wp-content\/uploads\/2025\/05\/70mai-A510-tich-hop-GPS-1024x438-1.jpg\" alt=\"\" width=\"1024\" height=\"438\" srcset=\"https:\/\/autothaiduong.vn\/wp-content\/uploads\/2025\/05\/70mai-A510-tich-hop-GPS-1024x438-1.jpg 1024w, https:\/\/autothaiduong.vn\/wp-content\/uploads\/2025\/05\/70mai-A510-tich-hop-GPS-1024x438-1-600x257.jpg 600w, https:\/\/autothaiduong.vn\/wp-content\/uploads\/2025\/05\/70mai-A510-tich-hop-GPS-1024x438-1-768x329.jpg 768w\" sizes=\"auto, (max-width: 1024px) 100vw, 1024px\" \/><\/figure>\n<\/div>\n<h2 class=\"wp-block-heading\">Ghi h\u00ecnh kh\u1ea9n c\u1ea5p<\/h2>\n<p>Khi x\u1ea3y ra va ch\u1ea1m trong khi l\u00e1i xe, camera h\u00e0nh tr\u00ecnh s\u1ebd b\u1eaft \u0111\u1ea7u ghi h\u00ecnh tr\u01b0\u1edbc 5 gi\u00e2y v\u00e0 ti\u1ebfp t\u1ee5c ghi trong 25 gi\u00e2y. C\u00e1c video kh\u1ea9n c\u1ea5p s\u1ebd \u0111\u01b0\u1ee3c l\u01b0u ri\u00eang v\u00e0o th\u01b0 m\u1ee5c \u2018s\u1ef1 ki\u1ec7n\u2019 v\u00e0 s\u1ebd kh\u00f4ng b\u1ecb ghi \u0111\u00e8 b\u1edfi c\u00e1c b\u1ea3n ghi th\u00f4ng th\u01b0\u1eddng, cung c\u1ea5p b\u1ea3n t\u00e1i t\u1ea1o ho\u00e0n ch\u1ec9nh v\u1ec1 v\u1ee5 tai n\u1ea1n.<\/p>\n<div class=\"wp-block-image\">\n<figure class=\"aligncenter size-large\"><img loading=\"lazy\" decoding=\"async\" class=\"alignnone size-full wp-image-1245\" src=\"https:\/\/autothaiduong.vn\/wp-content\/uploads\/2025\/05\/70mai-A510-ghi-hinh-khan-cap-1024x298-1.jpg\" alt=\"\" width=\"1024\" height=\"298\" srcset=\"https:\/\/autothaiduong.vn\/wp-content\/uploads\/2025\/05\/70mai-A510-ghi-hinh-khan-cap-1024x298-1.jpg 1024w, https:\/\/autothaiduong.vn\/wp-content\/uploads\/2025\/05\/70mai-A510-ghi-hinh-khan-cap-1024x298-1-600x175.jpg 600w, https:\/\/autothaiduong.vn\/wp-content\/uploads\/2025\/05\/70mai-A510-ghi-hinh-khan-cap-1024x298-1-768x224.jpg 768w\" sizes=\"auto, (max-width: 1024px) 100vw, 1024px\" \/><\/figure>\n<\/div>\n<h2 class=\"wp-block-heading\">Gi\u00e1m s\u00e1t \u0111\u1ed7 xe 24h<\/h2>\n<div class=\"wp-block-image\">\n<figure class=\"aligncenter size-large\"><img loading=\"lazy\" decoding=\"async\" class=\"alignnone size-full wp-image-1246\" src=\"https:\/\/autothaiduong.vn\/wp-content\/uploads\/2025\/05\/70mai-A510-giam-sat-do-xe-24h-1024x576-1.jpg\" alt=\"\" width=\"1024\" height=\"576\" srcset=\"https:\/\/autothaiduong.vn\/wp-content\/uploads\/2025\/05\/70mai-A510-giam-sat-do-xe-24h-1024x576-1.jpg 1024w, https:\/\/autothaiduong.vn\/wp-content\/uploads\/2025\/05\/70mai-A510-giam-sat-do-xe-24h-1024x576-1-600x338.jpg 600w, https:\/\/autothaiduong.vn\/wp-content\/uploads\/2025\/05\/70mai-A510-giam-sat-do-xe-24h-1024x576-1-768x432.jpg 768w\" sizes=\"auto, (max-width: 1024px) 100vw, 1024px\" \/><\/figure>\n<\/div>\n<h2 class=\"wp-block-heading\">Ghi h\u00ecnh v\u00f2ng l\u1eb7p<\/h2>\n<div class=\"wp-block-image\">\n<figure class=\"aligncenter size-large\"><img loading=\"lazy\" decoding=\"async\" class=\"alignnone size-full wp-image-1247\" src=\"https:\/\/autothaiduong.vn\/wp-content\/uploads\/2025\/05\/70MAI-a510-ghi-hinh-vong-lap-1024x370-1.jpg\" alt=\"\" width=\"1024\" height=\"370\" srcset=\"https:\/\/autothaiduong.vn\/wp-content\/uploads\/2025\/05\/70MAI-a510-ghi-hinh-vong-lap-1024x370-1.jpg 1024w, https:\/\/autothaiduong.vn\/wp-content\/uploads\/2025\/05\/70MAI-a510-ghi-hinh-vong-lap-1024x370-1-600x217.jpg 600w, https:\/\/autothaiduong.vn\/wp-content\/uploads\/2025\/05\/70MAI-a510-ghi-hinh-vong-lap-1024x370-1-768x278.jpg 768w\" sizes=\"auto, (max-width: 1024px) 100vw, 1024px\" \/><\/figure>\n<\/div>\n<h2 class=\"wp-block-heading\">K\u1ebft n\u1ed1i APP 70mai \u0111\u01a1n gi\u1ea3n<\/h2>\n<div class=\"wp-block-image\">\n<figure class=\"aligncenter size-large\"><img loading=\"lazy\" decoding=\"async\" class=\"alignnone size-full wp-image-1248\" src=\"https:\/\/autothaiduong.vn\/wp-content\/uploads\/2025\/05\/70mai-A510-kiem-soat-ung-dung-1024x604-1.jpg\" alt=\"\" width=\"1024\" height=\"604\" srcset=\"https:\/\/autothaiduong.vn\/wp-content\/uploads\/2025\/05\/70mai-A510-kiem-soat-ung-dung-1024x604-1.jpg 1024w, https:\/\/autothaiduong.vn\/wp-content\/uploads\/2025\/05\/70mai-A510-kiem-soat-ung-dung-1024x604-1-600x354.jpg 600w, https:\/\/autothaiduong.vn\/wp-content\/uploads\/2025\/05\/70mai-A510-kiem-soat-ung-dung-1024x604-1-768x453.jpg 768w\" sizes=\"auto, (max-width: 1024px) 100vw, 1024px\" \/><\/figure>\n<\/div>\n<h2 class=\"wp-block-heading\">Th\u00f4ng s\u1ed1 k\u1ef9 thu\u1eadt 70mai A510<\/h2>\n<div class=\"wp-block-image\">\n<figure class=\"aligncenter size-full\"><img loading=\"lazy\" decoding=\"async\" class=\"alignnone size-full wp-image-1249\" src=\"https:\/\/autothaiduong.vn\/wp-content\/uploads\/2025\/05\/70mai-A510-thong-so-ky-thuat.jpg\" alt=\"\" width=\"1280\" height=\"720\" srcset=\"https:\/\/autothaiduong.vn\/wp-content\/uploads\/2025\/05\/70mai-A510-thong-so-ky-thuat.jpg 1280w, https:\/\/autothaiduong.vn\/wp-content\/uploads\/2025\/05\/70mai-A510-thong-so-ky-thuat-600x338.jpg 600w, https:\/\/autothaiduong.vn\/wp-content\/uploads\/2025\/05\/70mai-A510-thong-so-ky-thuat-1024x576.jpg 1024w, https:\/\/autothaiduong.vn\/wp-content\/uploads\/2025\/05\/70mai-A510-thong-so-ky-thuat-768x432.jpg 768w\" sizes=\"auto, (max-width: 1280px) 100vw, 1280px\" \/><\/figure>\n<\/div>\n","protected":false},"excerpt":{"rendered":"<p><em><strong><span style=\"color: #ff0000;\">Ch\u1ec9 Camera Tr\u01b0\u1edbc: 2Tr690<\/span><\/strong><\/em><\/p>\n<p><em><strong><span style=\"color: #ff0000;\">Camera Tr\u01b0\u1edbc v\u00e0 Sau: 2Tr990<\/span><\/strong><\/em><\/p>\n<ul>\n<li>C\u1ea3m bi\u1ebfn h\u00ecnh \u1ea3nh Sony Starvis 2 IMX675<\/li>\n<li>Ghi h\u00ecnh 2 k\u00eanh tr\u01b0\u1edbc sau v\u1edbi HDR<\/li>\n<li>Camera tr\u01b0\u1edbc 1944P, camera sau 1080P<\/li>\n<li>Qu\u1ea3n l\u00fd v\u00e0 gi\u00e1m s\u00e1t \u0111\u1ed7 xe t\u1eeb xa v\u1edbi 4G<\/li>\n<li>ADAS, GPS, ghi h\u00ecnh kh\u1ea9n c\u1ea5p<\/li>\n<li>Ghi h\u00ecnh v\u00f2ng l\u1eb7p, h\u1ed7 tr\u1ee3 th\u1ebb nh\u1edb l\u00ean \u0111\u1ebfn 256GB<\/li>\n<\/ul>\n<div id=\"eJOY__extension_root\" class=\"eJOY__extension_root_class\"><\/div>\n","protected":false},"featured_media":1231,"comment_status":"open","ping_status":"closed","template":"","meta":[],"product_brand":[126],"product_cat":[76],"product_tag":[],"class_list":{"0":"post-1230","1":"product","2":"type-product","3":"status-publish","4":"has-post-thumbnail","6":"product_brand-70mai","7":"product_cat-camera-hanh-trinh","9":"first","10":"instock","11":"shipping-taxable","12":"purchasable","13":"product-type-simple"},"_links":{"self":[{"href":"https:\/\/autothaiduong.vn\/index.php?rest_route=\/wp\/v2\/product\/1230","targetHints":{"allow":["GET"]}}],"collection":[{"href":"https:\/\/autothaiduong.vn\/index.php?rest_route=\/wp\/v2\/product"}],"about":[{"href":"https:\/\/autothaiduong.vn\/index.php?rest_route=\/wp\/v2\/types\/product"}],"replies":[{"embeddable":true,"href":"https:\/\/autothaiduong.vn\/index.php?rest_route=%2Fwp%2Fv2%2Fcomments&post=1230"}],"wp:featuredmedia":[{"embeddable":true,"href":"https:\/\/autothaiduong.vn\/index.php?rest_route=\/wp\/v2\/media\/1231"}],"wp:attachment":[{"href":"https:\/\/autothaiduong.vn\/index.php?rest_route=%2Fwp%2Fv2%2Fmedia&parent=1230"}],"wp:term":[{"taxonomy":"product_brand","embeddable":true,"href":"https:\/\/autothaiduong.vn\/index.php?rest_route=%2Fwp%2Fv2%2Fproduct_brand&post=1230"},{"taxonomy":"product_cat","embeddable":true,"href":"https:\/\/autothaiduong.vn\/index.php?rest_route=%2Fwp%2Fv2%2Fproduct_cat&post=1230"},{"taxonomy":"product_tag","embeddable":true,"href":"https:\/\/autothaiduong.vn\/index.php?rest_route=%2Fwp%2Fv2%2Fproduct_tag&post=1230"}],"curies":[{"name":"wp","href":"https:\/\/api.w.org\/{rel}","templated":true}]}}