{"id":1301,"date":"2025-05-12T07:19:47","date_gmt":"2025-05-12T07:19:47","guid":{"rendered":"https:\/\/autothaiduong.vn\/?post_type=product&#038;p=1301"},"modified":"2025-05-12T07:20:11","modified_gmt":"2025-05-12T07:20:11","slug":"camera-3-mat-o-to-gotech-gcam-3way","status":"publish","type":"product","link":"https:\/\/autothaiduong.vn\/?product=camera-3-mat-o-to-gotech-gcam-3way","title":{"rendered":"Camera 3 m\u1eaft \u00f4 t\u00f4 Gotech GCam &#8211; 3Way"},"content":{"rendered":"<p><img loading=\"lazy\" decoding=\"async\" class=\" wp-image-1044 aligncenter\" src=\"https:\/\/autothaiduong.vn\/wp-content\/uploads\/2025\/05\/z6584734442481_f208f5944548cb4b46353402ce2e64e0.jpg\" alt=\"\" width=\"324\" height=\"287\" \/><\/p>\n<p style=\"text-align: center;\"><strong><span style=\"color: #ff0000; font-size: 150%;\">273-275 Tr\u1ea7n Ph\u00fa Ph\u01b0\u1eddng L\u1ed9c S\u01a1n Th\u00e0nh Ph\u1ed1 B\u1ea3o L\u1ed9c T\u1ec9nh L\u00e2m \u0110\u1ed3ng <\/span><\/strong><\/p>\n<p style=\"text-align: center;\"><strong><span style=\"color: #ff0000; font-size: 150%;\">Hotline: 0912197441<\/span><\/strong><\/p>\n<div class=\"description-content showfull\">\n<p><b>Camera 3 m\u1eaft \u00f4 t\u00f4\u00a0<a href=\"https:\/\/gotech.vn\/san-pham\/camera-360-o-to\/\" target=\"_blank\" rel=\"noopener\">GOTECH GCam \u2013 3Way<\/a>\u00a0l\u00e0 m\u1ed9t d\u00f2ng s\u1ea3n ph\u1ea9m camera ho\u00e0n to\u00e0n m\u1edbi, \u0111\u01b0\u1ee3c GOTECH ph\u00e1t tri\u1ec3n d\u00e0nh ri\u00eang cho c\u00e1c d\u00f2ng xe ph\u1ed5 d\u1ee5ng t\u1ea1i Vi\u1ec7t Nam, h\u1ed7 tr\u1ee3 t\u00e0i x\u1ebf quan s\u00e1t to\u00e0n c\u1ea3nh \u0111\u1ed3ng th\u1eddi t\u1ed1i \u01b0u chi ph\u00ed v\u00e0 th\u1eddi gian l\u1eafp \u0111\u1eb7t cho kh\u00e1ch h\u00e0ng m\u00e0 v\u1eabn \u0111\u1ea3m b\u1ea3o \u0111\u01b0\u1ee3c ch\u1ea5t l\u01b0\u1ee3ng hi\u1ec3n th\u1ecb t\u1ed1t nh\u1ea5t. B\u1ea1n s\u1ebd kh\u00f4ng c\u00f2n lo l\u1eafng qu\u00e1 tr\u00ecnh quan s\u00e1t kh\u00f3 kh\u0103n khi \u0111\u01b0\u1ee3c trang b\u1ecb chi\u1ebfc camera \u201cx\u1ecbn s\u00f2\u201d n\u00e0y.<\/b><\/p>\n<div class=\"embed-responsive embed-responsive-16by9\"><iframe class=\"embed-responsive-item\" src=\"https:\/\/www.youtube.com\/embed\/Dk7FhwEiJks\" allowfullscreen=\"allowfullscreen\" data-mce-fragment=\"1\"><\/iframe><\/div>\n<h2><b>Camera Gotech GCam \u2013 3Way c\u00f3 c\u1ea5u t\u1ea1o nh\u01b0 th\u1ebf n\u00e0o?<\/b><\/h2>\n<p><em>Camera 3 m\u1eaft \u00f4 t\u00f4 Gotech GCam \u2013 3Wa<\/em>y c\u00f3 c\u1ea5u t\u1ea1o g\u1ed3m 3 m\u1eaft camera \u0111\u01b0\u1ee3c l\u1eafp \u0111\u1eb7t t\u1ea1i 3 v\u1ecb tr\u00ed ph\u00eda tr\u01b0\u1edbc v\u00e0 2 b\u00ean g\u01b0\u01a1ng xe, gi\u1eef nguy\u00ean l\u1ea1i camera l\u00f9i nguy\u00ean b\u1ea3n, h\u1ed7 tr\u1ee3 quan s\u00e1t to\u00e0n c\u1ea3nh cho t\u00e0i x\u1ebf, \u0111\u1ea3m b\u1ea3o qu\u00e1 tr\u00ecnh tham gia giao th\u00f4ng \u0111\u01b0\u1ee3c an to\u00e0n h\u01a1n.<\/p>\n<p>\u0110i k\u00e8m b\u1ed9 camera l\u00e0 cable k\u1ebft n\u1ed1i d\u1ea1ng Plug&amp;Play, t\u00edch h\u1ee3p \u0111\u01b0\u1ee3c v\u1edbi \u0111a s\u1ed1 c\u00e1c d\u00f2ng xe ph\u1ed5 d\u1ee5ng t\u1ea1i Vi\u1ec7t Nam, gi\u00fap vi\u1ec7c l\u1eafp \u0111\u1eb7t \u0111\u01b0\u1ee3c nhanh ch\u00f3ng v\u00e0 thu\u1eadn ti\u1ec7n nh\u1ea5t.<\/p>\n<figure id=\"attachment_18027\" class=\"wp-caption aligncenter\" aria-describedby=\"caption-attachment-18027\"><img loading=\"lazy\" decoding=\"async\" class=\"alignnone size-full wp-image-1303\" src=\"https:\/\/autothaiduong.vn\/wp-content\/uploads\/2025\/05\/camera-3-mat-gotech-gcam-3way-phu-kien-di-kem-1.jpg\" alt=\"B\u1ed9 ph\u1ee5 ki\u1ec7n \u0111i k\u00e8m camera 3 m\u1eaft Gotech GCAM 3WAY\" width=\"1280\" height=\"720\" srcset=\"https:\/\/autothaiduong.vn\/wp-content\/uploads\/2025\/05\/camera-3-mat-gotech-gcam-3way-phu-kien-di-kem-1.jpg 1280w, https:\/\/autothaiduong.vn\/wp-content\/uploads\/2025\/05\/camera-3-mat-gotech-gcam-3way-phu-kien-di-kem-1-600x338.jpg 600w, https:\/\/autothaiduong.vn\/wp-content\/uploads\/2025\/05\/camera-3-mat-gotech-gcam-3way-phu-kien-di-kem-1-1024x576.jpg 1024w, https:\/\/autothaiduong.vn\/wp-content\/uploads\/2025\/05\/camera-3-mat-gotech-gcam-3way-phu-kien-di-kem-1-768x432.jpg 768w\" sizes=\"auto, (max-width: 1280px) 100vw, 1280px\" \/><figcaption id=\"caption-attachment-18027\" class=\"wp-caption-text\">B\u1ed9 ph\u1ee5 ki\u1ec7n \u0111i k\u00e8m camera 3 m\u1eaft Gotech GCAM 3WAY<\/figcaption><\/figure>\n<h2><b>Th\u00f4ng s\u1ed1 k\u1ef9 thu\u1eadt v\u00e0 nguy\u00ean l\u00fd ho\u1ea1t \u0111\u1ed9ng c\u1ee7a Camera Gotech GCam \u2013 3Way<\/b><\/h2>\n<h3><b>Th\u00f4ng s\u1ed1 k\u1ef9 thu\u1eadt<\/b><\/h3>\n<ul>\n<li aria-level=\"1\">\u0110i\u1ec7n \u00e1p: 9-16V<\/li>\n<li aria-level=\"1\">Camera ch\u1ed1ng n\u01b0\u1edbc: IP67<\/li>\n<li aria-level=\"1\">\u0110\u1ecbnh d\u1ea1ng: CVBS-N<\/li>\n<li aria-level=\"1\">\u0110\u1ed9 r\u1ed9ng: 120 \u2013 150 \u0111\u1ed9<\/li>\n<li aria-level=\"1\">Kh\u1ea3 n\u0103ng t\u01b0\u01a1ng th\u00edch: Plug&amp;Play<\/li>\n<\/ul>\n<h3><b>Nguy\u00ean l\u00fd ho\u1ea1t \u0111\u1ed9ng<\/b><\/h3>\n<p><em>Camera Gotech GCam \u2013 3Way<\/em>\u00a0c\u00f3 c\u01a1 ch\u1ebf ho\u1ea1t \u0111\u1ed9ng t\u1ef1 \u0111\u1ed9ng, \u0111\u01b0\u1ee3c k\u00edch ho\u1ea1t b\u1eb1ng c\u00e1c t\u00edn hi\u1ec7u xi nhan, l\u00f9i xe v\u00e0 v\u00e0o s\u1ed1 D. C\u00e1c h\u00ecnh \u1ea3nh ghi \u0111\u01b0\u1ee3c t\u1eeb camera Gotech GCam \u2013 3Way hi\u1ec3n th\u1ecb theo t\u00edn hi\u1ec7u c\u1ee7a xe v\u00e0 \u0111\u01b0\u1ee3c g\u1eedi th\u1eb3ng v\u00e0o m\u00e0n h\u00ecnh zin c\u1ee7a xe \u0111\u1ec3 ti\u1ec7n quan s\u00e1t v\u00e0 di chuy\u1ec3n.<\/p>\n<p>\u0110\u1eb7c bi\u1ec7t, camera Gotech GCam \u2013 3Way s\u1ebd ch\u1ec9 ho\u1ea1t \u0111\u1ed9ng khi ph\u01b0\u01a1ng ti\u1ec7n di chuy\u1ec3n \u1edf t\u1ed1c \u0111\u1ed9 t\u1eeb 0 \u0111\u1ebfn d\u01b0\u1edbi 30km\/h. Khi xe v\u01b0\u1ee3t qu\u00e1 t\u1ed1c \u0111\u1ed9 30km\/h, h\u1ec7 th\u1ed1ng camera s\u1ebd t\u1ef1 \u0111\u1ed9ng t\u1eaft nh\u1eb1m \u0111\u1ea3m b\u1ea3o s\u1ea3n ph\u1ea9m lu\u00f4n trong ch\u1ebf \u0111\u1ed9 ngh\u1ec9, gi\u1ea3m hao t\u1ed5n v\u00e0 t\u0103ng tu\u1ed5i th\u1ecd cho s\u1ea3n ph\u1ea9m.<\/p>\n<figure id=\"attachment_18006\" class=\"wp-caption aligncenter\" aria-describedby=\"caption-attachment-18006\"><img loading=\"lazy\" decoding=\"async\" class=\"alignnone size-full wp-image-1304\" src=\"https:\/\/autothaiduong.vn\/wp-content\/uploads\/2025\/05\/camera-3-mat-gotech-gcam-3way.jpg\" alt=\"camera 3 m\u1eaft Gotech GCAM 3WAY\" width=\"1280\" height=\"720\" srcset=\"https:\/\/autothaiduong.vn\/wp-content\/uploads\/2025\/05\/camera-3-mat-gotech-gcam-3way.jpg 1280w, https:\/\/autothaiduong.vn\/wp-content\/uploads\/2025\/05\/camera-3-mat-gotech-gcam-3way-600x338.jpg 600w, https:\/\/autothaiduong.vn\/wp-content\/uploads\/2025\/05\/camera-3-mat-gotech-gcam-3way-1024x576.jpg 1024w, https:\/\/autothaiduong.vn\/wp-content\/uploads\/2025\/05\/camera-3-mat-gotech-gcam-3way-768x432.jpg 768w\" sizes=\"auto, (max-width: 1280px) 100vw, 1280px\" \/><figcaption id=\"caption-attachment-18006\" class=\"wp-caption-text\">camera 3 m\u1eaft Gotech GCAM 3WAY<\/figcaption><\/figure>\n<h2><b>Nh\u1eefng \u0111i\u1ec3m n\u1ed5i b\u1eadt tr\u00ean Camera Gotech GCam \u2013 3Way<\/b><\/h2>\n<h3><b>Hi\u1ec3n th\u1ecb h\u00ecnh \u1ea3nh g\u00f3c r\u1ed9ng, quan s\u00e1t d\u1ec5 d\u00e0ng<\/b><\/h3>\n<p><em>GCam \u2013 3Way<\/em>\u00a0cho h\u00ecnh \u1ea3nh hi\u1ec3n th\u1ecb l\u00ean t\u1edbi 150 \u0111\u1ed9, t\u0103ng kh\u1ea3 n\u0103ng quan s\u00e1t xung quanh xe, \u0111\u1ea3m b\u1ea3o \u0111\u1ed9 an to\u00e0n. \u0110\u1eb7c bi\u1ec7t, Gotech GCam \u2013 3Way c\u00f3 \u0111\u1ed9 ph\u00e2n gi\u1ea3i full HD cho h\u00ecnh \u1ea3nh hi\u1ec3n th\u1ecb s\u1eafc n\u00e9t, chi ti\u1ebft \u0111\u1ebfn t\u1eebng \u0111i\u1ec3m \u1ea3nh. V\u1edbi nh\u1eefng ng\u01b0\u1eddi m\u1edbi l\u00e1i xe th\u00ec vi\u1ec7c c\u00f3 th\u00eam m\u1ed9t thi\u1ebft b\u1ecb h\u1ed7 tr\u1ee3 quan s\u00e1t nh\u01b0 camera Gotech GCam \u2013 3Way l\u00e0 v\u00f4 c\u00f9ng h\u1eefu \u00edch.<\/p>\n<figure id=\"attachment_18240\" class=\"wp-caption aligncenter\" aria-describedby=\"caption-attachment-18240\"><img loading=\"lazy\" decoding=\"async\" class=\"alignnone size-full wp-image-1305\" src=\"https:\/\/autothaiduong.vn\/wp-content\/uploads\/2025\/05\/Cam-goc-rong-1.jpg\" alt=\"Camera 3 m\u1eaft m\u1edf r\u1ed9ng g\u00f3c nh\u00ecn \" width=\"1280\" height=\"720\" srcset=\"https:\/\/autothaiduong.vn\/wp-content\/uploads\/2025\/05\/Cam-goc-rong-1.jpg 1280w, https:\/\/autothaiduong.vn\/wp-content\/uploads\/2025\/05\/Cam-goc-rong-1-600x338.jpg 600w, https:\/\/autothaiduong.vn\/wp-content\/uploads\/2025\/05\/Cam-goc-rong-1-1024x576.jpg 1024w, https:\/\/autothaiduong.vn\/wp-content\/uploads\/2025\/05\/Cam-goc-rong-1-768x432.jpg 768w\" sizes=\"auto, (max-width: 1280px) 100vw, 1280px\" \/><figcaption id=\"caption-attachment-18240\" class=\"wp-caption-text\">Camera 3 m\u1eaft m\u1edf r\u1ed9ng g\u00f3c nh\u00ecn<\/figcaption><\/figure>\n<h3><b>Gotech GCam \u2013 3Way ch\u1ed1ng n\u01b0\u1edbc, ch\u1ed1ng b\u1ee5i hi\u1ec7u qu\u1ea3<\/b><\/h3>\n<p>Trang b\u1ecb camera ch\u1ed1ng n\u01b0\u1edbc IP67, Gotech GCam \u2013 3Way \u0111\u1ea3m b\u1ea3o ho\u1ea1t \u0111\u1ed9ng \u1ed5n \u0111\u1ecbnh d\u01b0\u1edbi m\u1ecdi \u0111i\u1ec1u ki\u1ec7n th\u1eddi ti\u1ebft d\u00f9 b\u1ee5i b\u1ea9n, s\u01b0\u01a1ng m\u00f9 hay m\u01b0a b\u00e3o.<\/p>\n<figure id=\"attachment_18008\" class=\"wp-caption aligncenter\" aria-describedby=\"caption-attachment-18008\"><img loading=\"lazy\" decoding=\"async\" class=\"alignnone size-full wp-image-1306\" src=\"https:\/\/autothaiduong.vn\/wp-content\/uploads\/2025\/05\/camera-3-mat-gotech-gcam-3way-chong-bam-bui.jpg\" alt=\"H\u1ed7 tr\u1ee3 ch\u1ed1ng n\u01b0\u1edbc ch\u1ed1ng b\u00e1m b\u1ee5i camera 3 m\u1eaft Gotech GCAM 3WAY\" width=\"1280\" height=\"720\" srcset=\"https:\/\/autothaiduong.vn\/wp-content\/uploads\/2025\/05\/camera-3-mat-gotech-gcam-3way-chong-bam-bui.jpg 1280w, https:\/\/autothaiduong.vn\/wp-content\/uploads\/2025\/05\/camera-3-mat-gotech-gcam-3way-chong-bam-bui-600x338.jpg 600w, https:\/\/autothaiduong.vn\/wp-content\/uploads\/2025\/05\/camera-3-mat-gotech-gcam-3way-chong-bam-bui-1024x576.jpg 1024w, https:\/\/autothaiduong.vn\/wp-content\/uploads\/2025\/05\/camera-3-mat-gotech-gcam-3way-chong-bam-bui-768x432.jpg 768w\" sizes=\"auto, (max-width: 1280px) 100vw, 1280px\" \/><figcaption id=\"caption-attachment-18008\" class=\"wp-caption-text\">H\u1ed7 tr\u1ee3 ch\u1ed1ng n\u01b0\u1edbc ch\u1ed1ng b\u00e1m b\u1ee5i camera 3 m\u1eaft Gotech GCAM 3WAY<\/figcaption><\/figure>\n<h3><b>T\u1ef1 \u0111\u1ed9ng hi\u1ec3n th\u1ecb theo t\u00edn hi\u1ec7u c\u1ee7a xe<\/b><\/h3>\n<p>Camera Gotech GCam \u2013 3Way trang b\u1ecb c\u00f4ng ngh\u1ec7 hi\u1ec3n th\u1ecb h\u00ecnh \u1ea3nh th\u00f4ng minh, t\u1ef1 \u0111\u1ed9ng hi\u1ec3n th\u1ecb h\u00ecnh \u1ea3nh ph\u00f9 h\u1ee3p theo t\u00edn hi\u1ec7u c\u1ee7a xe. C\u1ee5 th\u1ec3:<\/p>\n<ul>\n<li aria-level=\"1\">Camera ph\u00eda tr\u01b0\u1edbc s\u1ebd \u0111\u01b0\u1ee3c hi\u1ec3n th\u1ecb khi xe n\u1ed5 m\u00e1y, v\u00e0o s\u1ed1 D, nh\u00e1y \u0111\u00e8n pha<\/li>\n<li aria-level=\"1\">Camera b\u00ean g\u01b0\u01a1ng s\u1ebd hi\u1ec3n th\u1ecb theo t\u00edn hi\u1ec7u xi nhan c\u1ee7a xe. Khi xe xi nhan tr\u00e1i camera s\u1ebd hi\u1ec3n th\u1ecb h\u00ecnh \u1ea3nh b\u00ean tr\u00e1i, khi xi nhan b\u00ean ph\u1ea3i s\u1ebd hi\u1ec3n th\u1ecb camera ph\u1ea3i.<\/li>\n<li aria-level=\"1\">Camera l\u00f9i hi\u1ec3n th\u1ecb khi xe v\u00e0o s\u1ed1 l\u00f9i<\/li>\n<\/ul>\n<p>Vi\u1ec7c t\u1ef1 \u0111\u1ed9ng hi\u1ec3n th\u1ecb h\u00ecnh \u1ea3nh theo t\u00edn hi\u1ec7u c\u1ee7a xe gi\u00fap t\u00e0i x\u1ebf ch\u1ee7 \u0111\u1ed9ng h\u01a1n trong vi\u1ec7c quan s\u00e1t khi chuy\u1ec3n h\u01b0\u1edbng, l\u00f9i \u0111\u1ed7 ho\u1eb7c x\u00e1c \u0111\u1ecbnh v\u1eadt c\u1ea3n tr\u00ean \u0111\u01b0\u1eddng.<\/p>\n<figure id=\"attachment_18242\" class=\"wp-caption aligncenter\" aria-describedby=\"caption-attachment-18242\"><img loading=\"lazy\" decoding=\"async\" class=\"alignnone size-full wp-image-1307\" src=\"https:\/\/autothaiduong.vn\/wp-content\/uploads\/2025\/05\/Cam-3-mat-4goc-1.jpg\" alt=\"Camera 3 m\u1eaft hi\u1ec3n th\u1ecb c\u00e1c g\u00f3c xe \u00f4 t\u00f4\" width=\"1280\" height=\"720\" srcset=\"https:\/\/autothaiduong.vn\/wp-content\/uploads\/2025\/05\/Cam-3-mat-4goc-1.jpg 1280w, https:\/\/autothaiduong.vn\/wp-content\/uploads\/2025\/05\/Cam-3-mat-4goc-1-600x338.jpg 600w, https:\/\/autothaiduong.vn\/wp-content\/uploads\/2025\/05\/Cam-3-mat-4goc-1-1024x576.jpg 1024w, https:\/\/autothaiduong.vn\/wp-content\/uploads\/2025\/05\/Cam-3-mat-4goc-1-768x432.jpg 768w\" sizes=\"auto, (max-width: 1280px) 100vw, 1280px\" \/><figcaption id=\"caption-attachment-18242\" class=\"wp-caption-text\">Camera 3 m\u1eaft hi\u1ec3n th\u1ecb c\u00e1c g\u00f3c xe \u00f4 t\u00f4<\/figcaption><\/figure>\n<h3><b>L\u1eafp \u0111\u1eb7t nhanh ch\u00f3ng nh\u1edd k\u1ebft n\u1ed1i Plug&amp;Play<\/b><\/h3>\n<p>S\u1ea3n ph\u1ea9m\u00a0<a href=\"https:\/\/gotech.vn\/san-pham\/camera-360-o-to\/\" target=\"_blank\" rel=\"noopener\"><strong>Gotech GCam \u2013 3Way<\/strong><\/a>\u00a0\u0111\u01b0\u1ee3c l\u1eafp \u0111\u1eb7t ho\u00e0n to\u00e0n b\u1eb1ng c\u00e1c cable k\u1ebft n\u1ed1i d\u1ea1ng Plug&amp;Play, gi\u00fap vi\u1ec7c l\u1eafp \u0111\u1eb7t, k\u1ebft n\u1ed1i tr\u1edf n\u00ean nhanh ch\u00f3ng v\u00e0 d\u1ec5 d\u00e0ng h\u01a1n.<\/p>\n<p>Vi\u1ec7c l\u1eafp \u0111\u1eb7t th\u00f4ng qua 100% jack c\u1eafm cho ph\u00e9p \u0111\u1ea3m b\u1ea3o t\u00ednh nguy\u00ean b\u1ea3n d\u00e0nh cho xe, kh\u00f4ng c\u1eaft ch\u1ebf \u0111\u1ea5u n\u1ed1i g\u00e2y \u1ea3nh h\u01b0\u1edfng \u0111\u1ebfn h\u1ec7 th\u1ed1ng \u0111i\u1ec7n c\u1ee7a xe.<\/p>\n<p>Ngo\u00e0i ra, v\u1edbi b\u1ed9 camera 3 m\u1eaft \u00f4 t\u00f4 GCam \u2013 3Way, qu\u00e1 tr\u00ecnh c\u0103n ch\u1ec9nh s\u1ebd ho\u00e0n to\u00e0n t\u1ef1 \u0111\u1ed9ng, kh\u00f4ng c\u1ea7n d\u00f9ng b\u1ea1t c\u0103n cam nh\u01b0 c\u00e1c s\u1ea3n ph\u1ea9m camera 360 \u0111\u1ed9 tr\u01b0\u1edbc \u0111\u00e2y.<\/p>\n<figure id=\"attachment_18010\" class=\"wp-caption aligncenter\" aria-describedby=\"caption-attachment-18010\"><img loading=\"lazy\" decoding=\"async\" class=\"alignnone size-full wp-image-1308\" src=\"https:\/\/autothaiduong.vn\/wp-content\/uploads\/2025\/05\/camera-3-mat-gotech-gcam-3way-day-ket-noi.jpg\" alt=\"D\u00e2y k\u1ebft n\u1ed1i c\u1ee7a camera 3 m\u1eaft Gotech GCAM 3WAY\" width=\"1280\" height=\"720\" srcset=\"https:\/\/autothaiduong.vn\/wp-content\/uploads\/2025\/05\/camera-3-mat-gotech-gcam-3way-day-ket-noi.jpg 1280w, https:\/\/autothaiduong.vn\/wp-content\/uploads\/2025\/05\/camera-3-mat-gotech-gcam-3way-day-ket-noi-600x338.jpg 600w, https:\/\/autothaiduong.vn\/wp-content\/uploads\/2025\/05\/camera-3-mat-gotech-gcam-3way-day-ket-noi-1024x576.jpg 1024w, https:\/\/autothaiduong.vn\/wp-content\/uploads\/2025\/05\/camera-3-mat-gotech-gcam-3way-day-ket-noi-768x432.jpg 768w\" sizes=\"auto, (max-width: 1280px) 100vw, 1280px\" \/><figcaption id=\"caption-attachment-18010\" class=\"wp-caption-text\">D\u00e2y k\u1ebft n\u1ed1i c\u1ee7a camera 3 m\u1eaft Gotech GCAM 3WAY<\/figcaption><\/figure>\n<h3><b>T\u01b0\u01a1ng th\u00edch v\u1edbi \u0111a s\u1ed1 c\u00e1c d\u00f2ng xe ph\u1ed5 d\u1ee5ng t\u1ea1i Vi\u1ec7t Nam<\/b><\/h3>\n<p><em>Camera Gotech GCam \u2013 3Way<\/em>\u00a0t\u01b0\u01a1ng th\u00edch v\u1edbi \u0111a s\u1ed1 c\u00e1c d\u00f2ng xe ph\u1ed5 d\u1ee5ng t\u1ea1i Vi\u1ec7t Nam nh\u01b0: Toyota, Ford, Honda, Mazda, Nissan, Hyundai, Kia,\u2026.M\u1ed7i d\u00f2ng xe s\u1ebd \u0111\u01b0\u1ee3c thi\u1ebft k\u1ebf m\u1ed9t b\u1ed9 camera ri\u00eang t\u00f9y theo \u0111\u1eb7c th\u00f9 c\u1ee7a m\u00e0n h\u00ecnh zin tr\u00ean xe, t\u1ea1o \u0111\u1ed9 t\u01b0\u01a1ng th\u00edch cao v\u1edbi camera l\u00f9i nguy\u00ean b\u1ea3n v\u00e0 \u0111\u1ea3m b\u1ea3o qu\u00e1 tr\u00ecnh ho\u1ea1t \u0111\u1ed9ng \u0111\u01b0\u1ee3c \u1ed5n \u0111\u1ecbnh nh\u1ea5t.<\/p>\n<h2><b>Ch\u00ednh s\u00e1ch b\u1ea3o h\u00e0nh Camera Gotech GCam \u2013 3Way<\/b><\/h2>\n<p>N\u1eb1m trong d\u1ea3i s\u1ea3n ph\u1ea9m do Gotech nghi\u00ean c\u1ee9u v\u00e0 ph\u00e1t tri\u1ec3n, camera 3 m\u1eaft \u00f4 t\u00f4 Gotech GCam \u2013 3Way c\u0169ng \u0111\u01b0\u1ee3c \u00e1p d\u1ee5ng ch\u00ednh s\u00e1ch b\u1ea3o h\u00e0nh 1 \u0111\u1ed5i 1 trong v\u00f2ng 2 n\u0103m v\u1edbi c\u00e1c l\u1ed7i \u0111\u1ebfn t\u1eeb nh\u00e0 s\u1ea3n xu\u1ea5t.<\/p>\n<figure id=\"attachment_18009\" class=\"wp-caption aligncenter\" aria-describedby=\"caption-attachment-18009\"><img loading=\"lazy\" decoding=\"async\" class=\"alignnone size-full wp-image-1309\" src=\"https:\/\/autothaiduong.vn\/wp-content\/uploads\/2025\/05\/camera-3-mat-gotech-gcam-3way-chinh-sach-bao-hanh.jpg\" alt=\"Ch\u00ednh s\u00e1ch b\u1ea3o h\u00e0nh c\u1ee7a camera 3 m\u1eaft Gotech GCAM 3WAY\" width=\"1280\" height=\"720\" srcset=\"https:\/\/autothaiduong.vn\/wp-content\/uploads\/2025\/05\/camera-3-mat-gotech-gcam-3way-chinh-sach-bao-hanh.jpg 1280w, https:\/\/autothaiduong.vn\/wp-content\/uploads\/2025\/05\/camera-3-mat-gotech-gcam-3way-chinh-sach-bao-hanh-600x338.jpg 600w, https:\/\/autothaiduong.vn\/wp-content\/uploads\/2025\/05\/camera-3-mat-gotech-gcam-3way-chinh-sach-bao-hanh-1024x576.jpg 1024w, https:\/\/autothaiduong.vn\/wp-content\/uploads\/2025\/05\/camera-3-mat-gotech-gcam-3way-chinh-sach-bao-hanh-768x432.jpg 768w\" sizes=\"auto, (max-width: 1280px) 100vw, 1280px\" \/><figcaption id=\"caption-attachment-18009\" class=\"wp-caption-text\">Ch\u00ednh s\u00e1ch b\u1ea3o h\u00e0nh c\u1ee7a camera 3 m\u1eaft Gotech GCAM 3WAY<\/figcaption><\/figure>\n<p>N\u1ebfu b\u1ea1n \u0111ang quan t\u00e2m v\u00e0 mong mu\u1ed1n l\u1eafp \u0111\u1eb7t s\u1ea3n ph\u1ea9m Camera 3 m\u1eaft \u00f4 t\u00f4 Gotech GCam \u2013 3Way cho x\u1ebf c\u01b0ng c\u1ee7a m\u00ecnh c\u00f3 th\u1ec3 li\u00ean h\u1ec7 t\u1edbi <strong>Auto Th\u00e1i D\u01b0\u01a1ng \u0111\u1ea1i l\u00ed ch\u00ednh h\u00e3ng Gotech t\u1ea1i TP.B\u1ea3o L\u1ed9c<\/strong><\/p>\n<\/div>\n","protected":false},"excerpt":{"rendered":"<ul>\n<li>Ho\u1ea1t \u0111\u1ed9ng t\u1ef1 \u0111\u1ed9ng khi t\u1ed1c \u0111\u1ed9 xe nh\u1eadn di\u1ec7n d\u01b0\u1edbi 30km\/h<\/li>\n<li>T\u1ef1 \u0111\u1ed9ng hi\u1ec3n th\u1ecb Camera ph\u00eda tr\u01b0\u1edbc khi c\u1ea7n s\u1ed1 chuy\u1ec3n sang D<\/li>\n<li>T\u1ef1 \u0111\u1ed9ng hi\u1ec3n th\u1ecb Camera b\u00ean tr\u00e1i\/ph\u1ea3i khi b\u1eadt xi nhan t\u01b0\u01a1ng \u1ee9ng<\/li>\n<li>T\u1ef1 \u0111\u1ed9ng hi\u1ec3n th\u1ecb Camera ph\u00eda tr\u01b0\u1edbc khi nh\u00e1y \u0111\u00e8n pha<\/li>\n<li>T\u1ef1 \u0111\u1ed9ng t\u1eaft h\u1ec7 th\u1ed1ng Camera khi di chuy\u1ec3n t\u1ed1c \u0111\u1ed9 tr\u00ean 30km\/h<\/li>\n<li>T\u01b0\u01a1ng th\u00edch v\u1edbi h\u1ea7u h\u1ebft c\u00e1c d\u00f2ng xe v\u1edbi th\u01b0 vi\u1ec7n d\u1eef li\u1ec7u CAN-Bus \u0111a d\u1ea1ng v\u00e0 b\u1ed9 d\u00e2y c\u00e1p k\u1ebft n\u1ed1i chu\u1ea9n cho h\u1ea7u h\u1ebft c\u00e1c d\u00f2ng xe hi\u1ec7n nay<\/li>\n<\/ul>\n","protected":false},"featured_media":1302,"comment_status":"open","ping_status":"closed","template":"","meta":[],"product_brand":[71],"product_cat":[82,22],"product_tag":[],"class_list":{"0":"post-1301","1":"product","2":"type-product","3":"status-publish","4":"has-post-thumbnail","6":"product_brand-gotech","7":"product_cat-camera-3-mat","8":"product_cat-do-choi-xe","10":"first","11":"instock","12":"shipping-taxable","13":"purchasable","14":"product-type-simple"},"_links":{"self":[{"href":"https:\/\/autothaiduong.vn\/index.php?rest_route=\/wp\/v2\/product\/1301","targetHints":{"allow":["GET"]}}],"collection":[{"href":"https:\/\/autothaiduong.vn\/index.php?rest_route=\/wp\/v2\/product"}],"about":[{"href":"https:\/\/autothaiduong.vn\/index.php?rest_route=\/wp\/v2\/types\/product"}],"replies":[{"embeddable":true,"href":"https:\/\/autothaiduong.vn\/index.php?rest_route=%2Fwp%2Fv2%2Fcomments&post=1301"}],"wp:featuredmedia":[{"embeddable":true,"href":"https:\/\/autothaiduong.vn\/index.php?rest_route=\/wp\/v2\/media\/1302"}],"wp:attachment":[{"href":"https:\/\/autothaiduong.vn\/index.php?rest_route=%2Fwp%2Fv2%2Fmedia&parent=1301"}],"wp:term":[{"taxonomy":"product_brand","embeddable":true,"href":"https:\/\/autothaiduong.vn\/index.php?rest_route=%2Fwp%2Fv2%2Fproduct_brand&post=1301"},{"taxonomy":"product_cat","embeddable":true,"href":"https:\/\/autothaiduong.vn\/index.php?rest_route=%2Fwp%2Fv2%2Fproduct_cat&post=1301"},{"taxonomy":"product_tag","embeddable":true,"href":"https:\/\/autothaiduong.vn\/index.php?rest_route=%2Fwp%2Fv2%2Fproduct_tag&post=1301"}],"curies":[{"name":"wp","href":"https:\/\/api.w.org\/{rel}","templated":true}]}}