{"id":1485,"date":"2025-05-13T15:37:35","date_gmt":"2025-05-13T15:37:35","guid":{"rendered":"https:\/\/autothaiduong.vn\/?post_type=product&#038;p=1485"},"modified":"2026-01-27T12:41:41","modified_gmt":"2026-01-27T12:41:41","slug":"den-bi-gam-laser-a9-pro-3-che-do-mau","status":"publish","type":"product","link":"https:\/\/autothaiduong.vn\/?product=den-bi-gam-laser-a9-pro-3-che-do-mau","title":{"rendered":"\u0110\u00c8N BI G\u1ea6M LASER A9 PRO 3.0 3Ch\u1ebf \u0110\u1ed9 M\u00e0u"},"content":{"rendered":"<p><img loading=\"lazy\" decoding=\"async\" class=\" wp-image-1044 aligncenter\" src=\"https:\/\/autothaiduong.vn\/wp-content\/uploads\/2025\/05\/z6584734442481_f208f5944548cb4b46353402ce2e64e0.jpg\" alt=\"\" width=\"321\" height=\"284\" \/><\/p>\n<p style=\"text-align: center;\"><span style=\"font-size: 150%; color: #ff0000;\"><strong>273-275 Tr\u1ea7n Ph\u00fa Ph\u01b0\u1eddng L\u1ed9c S\u01a1n Th\u00e0nh Ph\u1ed1 B\u1ea3o L\u1ed9c T\u1ec9nh L\u00e2m \u0110\u1ed3ng<\/strong><\/span><\/p>\n<p style=\"text-align: center;\"><span style=\"font-size: 150%; color: #ff0000;\"><strong> Hotline: 0912197441<\/strong><\/span><\/p>\n<p><strong>Bi G\u1ea7m Laser A9 PRO\u00a0<\/strong>l\u00e0 m\u1ed9t trong nh\u1eefng \u0111\u00e8n bi g\u1ea7m \u0111\u1ec9nh cao trong ph\u00e2n kh\u00fac gi\u00e1, s\u1edf h\u1eefu nh\u1eefng \u01b0u \u0111i\u1ec3m v\u01b0\u1ee3t tr\u1ed9i v\u00e0 \u0111\u01b0\u1ee3c nhi\u1ec1u kh\u00e1ch h\u00e0ng y\u00eau th\u00edch v\u00ec ch\u1ea5t l\u01b0\u1ee3ng t\u1ed1t.<\/p>\n<p>V\u1edbi k\u00edch th\u01b0\u1edbc nh\u1ecf g\u1ecdn ch\u1ec9 3 inch, t\u01b0\u01a1ng th\u00edch v\u1edbi \u0111a s\u1ed1 c\u00e1c d\u00f2ng xe, d\u1ec5 d\u00e0ng l\u1eafp \u0111\u1eb7t m\u00e0 v\u1eabn gi\u1eef \u0111\u01b0\u1ee3c nguy\u00ean v\u1ebb tinh t\u1ebf v\u00e0 th\u1ea9m m\u1ef9 cho xe.<\/p>\n<p>Trang b\u1ecb chip\/LED 6+1 OSRAM, \u0111em l\u1ea1i hi\u1ec7u su\u1ea5t v\u01b0\u1ee3t tr\u1ed9i v\u1edbi c\u00f4ng su\u1ea5t Cos\/Pha 40W\/50W.<\/p>\n<p>V\u1edbi c\u01b0\u1eddng \u0111\u1ed9 s\u00e1ng l\u00ean \u0111\u1ebfn 10.000LM v\u00e0 t\u00edch h\u1ee3p 3 nhi\u1ec7t m\u00e0u 3000K &#8211; 4300K &#8211; 5500K, \u0111\u00e8n Bi G\u1ea7m Laser A9PRO cho ph\u00e9p b\u1ea1n linh ho\u1ea1t t\u00f9y ch\u1ec9nh m\u00e0u t\u00f9y thu\u1ed9c v\u00e0o t\u00ecnh h\u00ecnh di chuy\u1ec3n th\u1ef1c t\u1ebf, \u0111\u1ea3m b\u1ea3o l\u00fac n\u00e0o c\u0169ng trong tr\u1ea1ng th\u00e1i quan s\u00e1t t\u1ed1t nh\u1ea5t, an to\u00e0n nh\u1ea5t.<\/p>\n<p><span style=\"font-family: Times New Roman, Times, serif;\">\u0110\u1ea1t chu\u1ea9n IP68 &#8211; c\u00f4ng ngh\u1ec7 ch\u1ed1ng n\u01b0\u1edbc v\u00e0 b\u1ee5i b\u1ea9n x\u00e2m nh\u1eadp.<\/span><\/p>\n<p>Cam k\u1ebft b\u1ea3o h\u00e0nh trong 2 n\u0103m, gi\u00fap b\u1ea1n y\u00ean t\u00e2m s\u1eed d\u1ee5ng m\u00e0 kh\u00f4ng lo l\u1eafng v\u1ec1 b\u1ea5t k\u1ef3 v\u1ea5n \u0111\u1ec1 n\u00e0o.<\/p>\n<p>\u0110\u1eebng \u0111\u1ec3 b\u1ea5t k\u1ef3 th\u1eed th\u00e1ch n\u00e0o l\u00e0m ch\u01b0\u1edbng ng\u1ea1i \u0111\u01b0\u1eddng \u0111i c\u1ee7a b\u1ea1n. H\u00e3y s\u1eb5n s\u00e0ng v\u01b0\u1ee3t qua m\u1ecdi tr\u1edf ng\u1ea1i v\u1edbi \u0111\u00e8n Bi G\u1ea7m Laser A9 PRO<\/p>\n","protected":false},"excerpt":{"rendered":"<p><strong>\u0110\u00c8N BI G\u1ea6M LASER A9 PRO<\/strong><\/p>\n<p>SIZE: 3 INCH<\/p>\n<p>CHIP\/LED: 6+1 OSRAM<\/p>\n<p>COS\/PHA: 40W\/50W<\/p>\n<p>C\u01af\u1edcNG \u0110\u1ed8 S\u00c1NG: 10.000LM<\/p>\n<p>NHI\u1ec6T M\u00c0U: 5500K<\/p>\n<p>NHI\u1ec6T M\u00c0U: 3000K &#8211; 4300K &#8211; 5500K<\/p>\n<p>B\u1ea2O H\u00c0NH 2\u00a0N\u0102M<\/p>\n","protected":false},"featured_media":1486,"comment_status":"open","ping_status":"closed","template":"","meta":[],"product_brand":[145],"product_cat":[16,143],"product_tag":[],"class_list":{"0":"post-1485","1":"product","2":"type-product","3":"status-publish","4":"has-post-thumbnail","6":"product_brand-ledpro","7":"product_cat-anh-sang","8":"product_cat-den-bi-gam","10":"first","11":"outofstock","12":"sale","13":"shipping-taxable","14":"purchasable","15":"product-type-simple"},"_links":{"self":[{"href":"https:\/\/autothaiduong.vn\/index.php?rest_route=\/wp\/v2\/product\/1485","targetHints":{"allow":["GET"]}}],"collection":[{"href":"https:\/\/autothaiduong.vn\/index.php?rest_route=\/wp\/v2\/product"}],"about":[{"href":"https:\/\/autothaiduong.vn\/index.php?rest_route=\/wp\/v2\/types\/product"}],"replies":[{"embeddable":true,"href":"https:\/\/autothaiduong.vn\/index.php?rest_route=%2Fwp%2Fv2%2Fcomments&post=1485"}],"wp:featuredmedia":[{"embeddable":true,"href":"https:\/\/autothaiduong.vn\/index.php?rest_route=\/wp\/v2\/media\/1486"}],"wp:attachment":[{"href":"https:\/\/autothaiduong.vn\/index.php?rest_route=%2Fwp%2Fv2%2Fmedia&parent=1485"}],"wp:term":[{"taxonomy":"product_brand","embeddable":true,"href":"https:\/\/autothaiduong.vn\/index.php?rest_route=%2Fwp%2Fv2%2Fproduct_brand&post=1485"},{"taxonomy":"product_cat","embeddable":true,"href":"https:\/\/autothaiduong.vn\/index.php?rest_route=%2Fwp%2Fv2%2Fproduct_cat&post=1485"},{"taxonomy":"product_tag","embeddable":true,"href":"https:\/\/autothaiduong.vn\/index.php?rest_route=%2Fwp%2Fv2%2Fproduct_tag&post=1485"}],"curies":[{"name":"wp","href":"https:\/\/api.w.org\/{rel}","templated":true}]}}