{"id":1506,"date":"2025-05-13T15:55:17","date_gmt":"2025-05-13T15:55:17","guid":{"rendered":"https:\/\/autothaiduong.vn\/?post_type=product&#038;p=1506"},"modified":"2025-12-15T12:37:11","modified_gmt":"2025-12-15T12:37:11","slug":"bi-gam-kenzo-f35","status":"publish","type":"product","link":"https:\/\/autothaiduong.vn\/?product=bi-gam-kenzo-f35","title":{"rendered":"BI G\u1ea6M KENZO F35 3.0"},"content":{"rendered":"<p><img loading=\"lazy\" decoding=\"async\" class=\" wp-image-1044 aligncenter\" src=\"https:\/\/autothaiduong.vn\/wp-content\/uploads\/2025\/05\/z6584734442481_f208f5944548cb4b46353402ce2e64e0.jpg\" alt=\"\" width=\"269\" height=\"238\" \/><\/p>\n<p style=\"text-align: center;\"><strong><span style=\"font-size: 150%; color: #ff0000;\">273-275 Tr\u1ea7n Ph\u00fa Ph\u01b0\u1eddng L\u1ed9c S\u01a1n Th\u00e0nh Ph\u1ed1 B\u1ea3o L\u1ed9c T\u1ec9nh L\u00e2m \u0110\u1ed3ng <\/span><\/strong><\/p>\n<p style=\"text-align: center;\"><strong><span style=\"font-size: 150%; color: #ff0000;\">Hotline: 0912197441<\/span><\/strong><\/p>\n<p><strong>Kenzo Light<\/strong>\u00a0tr\u00e2n tr\u1ecdng gi\u1edbi thi\u1ec7u ra m\u1eaft d\u00f2ng s\u1ea3n ph\u1ea9m Bi Led g\u1ea7m Kenzo F35 th\u1ebf h\u1ec7 m\u1edbi v\u1edbi hi\u1ec7u su\u1ea5t v\u00e0 \u0111\u1ed9 s\u00e1ng v\u00f4 c\u00f9ng \u1ea5n t\u01b0\u1ee3ng<\/p>\n<ul>\n<li>\u00c1nh s\u00e1ng t\u1eadp trung d\u00e0y \u0111\u1eb7c v\u1edbi \u0111\u1ed9 b\u00e1m \u0111\u01b0\u1eddng \u1ea5n t\u01b0\u1ee3ng, gi\u00fap b\u1ea1n y\u00ean t\u00e2m l\u00e1i xe tr\u00ean m\u1ecdi cung \u0111\u01b0\u1eddng<\/li>\n<li>T\u00edch h\u1ee3p 2 ch\u1ebf \u0111\u1ed9 pha\/cos<\/li>\n<li>2 t\u00f9y ch\u1ecdn nhi\u1ec7t m\u00e0u, nhi\u1ec7t m\u00e0u 3000K ph\u00f9 h\u1ee3p cho \u0111i\u1ec1u ki\u1ec7n th\u1eddi ti\u1ebft x\u1ea5u, m\u01b0a, s\u01b0\u01a1ng m\u00f9 \u2026 nhi\u1ec7t m\u00e0u 5500K mang l\u1ea1i \u00e1nh s\u00e1ng tr\u1eafng th\u1eddi trang<\/li>\n<li>Ch\u1ed1ng n\u01b0\u1edbc v\u00e0 b\u1ee5i theo ti\u00eau chu\u1ea9n IP67<\/li>\n<li>K\u00edch th\u01b0\u1edbc nh\u1ecf g\u1ecdn, d\u1ec5 d\u00e0ng l\u1eafp \u0111\u1eb7t tr\u00ean m\u1ecdi d\u00f2ng xe<\/li>\n<li>Th\u1eddi gian chi\u1ebfu s\u00e1ng 30,000h, l\u00ean t\u1edbi 15 n\u0103m s\u1eed d\u1ee5ng, b\u1ea3o h\u00e0nh ch\u00ednh h\u00e3ng 2 n\u0103m.<\/li>\n<\/ul>\n<p><img loading=\"lazy\" decoding=\"async\" class=\"alignnone size-full wp-image-1507\" src=\"https:\/\/autothaiduong.vn\/wp-content\/uploads\/2025\/05\/bi-led-gam-f35-bao-hanh-2-nam.jpeg\" alt=\"bi led gam f35 bao hanh 2 nam\" width=\"1280\" height=\"1280\" srcset=\"https:\/\/autothaiduong.vn\/wp-content\/uploads\/2025\/05\/bi-led-gam-f35-bao-hanh-2-nam.jpeg 1280w, https:\/\/autothaiduong.vn\/wp-content\/uploads\/2025\/05\/bi-led-gam-f35-bao-hanh-2-nam-600x600.jpeg 600w, https:\/\/autothaiduong.vn\/wp-content\/uploads\/2025\/05\/bi-led-gam-f35-bao-hanh-2-nam-1024x1024.jpeg 1024w, https:\/\/autothaiduong.vn\/wp-content\/uploads\/2025\/05\/bi-led-gam-f35-bao-hanh-2-nam-300x300.jpeg 300w, https:\/\/autothaiduong.vn\/wp-content\/uploads\/2025\/05\/bi-led-gam-f35-bao-hanh-2-nam-768x768.jpeg 768w, https:\/\/autothaiduong.vn\/wp-content\/uploads\/2025\/05\/bi-led-gam-f35-bao-hanh-2-nam-100x100.jpeg 100w\" sizes=\"auto, (max-width: 1280px) 100vw, 1280px\" \/><\/p>\n<h3>TH\u00d4NG S\u1ed0 K\u1ef8 THU\u1eacT BI LED G\u1ea6M KENZO F35<\/h3>\n<table border=\"1\">\n<tbody>\n<tr>\n<td width=\"100\">MODEL<\/td>\n<td width=\"270\" data-wpmeteor-mouseout=\"true\" data-wpmeteor-mouseover=\"true\"><strong>F35 (Ra m\u1eaft n\u0103m 2022)<\/strong><\/td>\n<\/tr>\n<tr>\n<td width=\"100\" data-wpmeteor-mouseover=\"true\">\u0110i\u1ec7n \u00e1p<\/td>\n<td width=\"270\" data-wpmeteor-mouseout=\"true\" data-wpmeteor-mouseover=\"true\">12-16V<\/td>\n<\/tr>\n<tr>\n<td width=\"100\" data-wpmeteor-mouseout=\"true\" data-wpmeteor-mouseover=\"true\">C\u00f4ng su\u1ea5t:<\/td>\n<td width=\"270\" data-wpmeteor-mouseout=\"true\" data-wpmeteor-mouseover=\"true\">35W(Cos) 40W (Pha)<\/td>\n<\/tr>\n<tr>\n<td width=\"100\" data-wpmeteor-mouseout=\"true\" data-wpmeteor-mouseover=\"true\">K\u00edch th\u01b0\u1edbc<\/td>\n<td width=\"270\" data-wpmeteor-mouseout=\"true\" data-wpmeteor-mouseover=\"true\">3.0\u2033<\/td>\n<\/tr>\n<tr>\n<td width=\"100\" data-wpmeteor-mouseout=\"true\" data-wpmeteor-mouseover=\"true\">Nhi\u1ec7t m\u00e0u<\/td>\n<td width=\"270\" data-wpmeteor-mouseout=\"true\" data-wpmeteor-mouseover=\"true\">3000 v\u00e0 5500K<\/td>\n<\/tr>\n<tr>\n<td width=\"100\" data-wpmeteor-mouseout=\"true\" data-wpmeteor-mouseover=\"true\">Main Body<\/td>\n<td width=\"270\" data-wpmeteor-mouseout=\"true\" data-wpmeteor-mouseover=\"true\">Nh\u00f4m<\/td>\n<\/tr>\n<tr>\n<td width=\"100\">B\u1ea3o h\u00e0nh<\/td>\n<td width=\"270\" data-wpmeteor-mouseout=\"true\" data-wpmeteor-mouseover=\"true\">2 n\u0103m 1 \u0111\u1ed5i 1<\/td>\n<\/tr>\n<\/tbody>\n<\/table>\n<p><img loading=\"lazy\" decoding=\"async\" class=\"alignnone size-full wp-image-1508\" src=\"https:\/\/autothaiduong.vn\/wp-content\/uploads\/2025\/05\/bi-led-gam-kenzo-f35-2.jpeg\" alt=\"bi led gam kenzo f35 hieu suat cao\" width=\"1280\" height=\"1280\" srcset=\"https:\/\/autothaiduong.vn\/wp-content\/uploads\/2025\/05\/bi-led-gam-kenzo-f35-2.jpeg 1280w, https:\/\/autothaiduong.vn\/wp-content\/uploads\/2025\/05\/bi-led-gam-kenzo-f35-2-600x600.jpeg 600w, https:\/\/autothaiduong.vn\/wp-content\/uploads\/2025\/05\/bi-led-gam-kenzo-f35-2-1024x1024.jpeg 1024w, https:\/\/autothaiduong.vn\/wp-content\/uploads\/2025\/05\/bi-led-gam-kenzo-f35-2-300x300.jpeg 300w, https:\/\/autothaiduong.vn\/wp-content\/uploads\/2025\/05\/bi-led-gam-kenzo-f35-2-768x768.jpeg 768w, https:\/\/autothaiduong.vn\/wp-content\/uploads\/2025\/05\/bi-led-gam-kenzo-f35-2-100x100.jpeg 100w\" sizes=\"auto, (max-width: 1280px) 100vw, 1280px\" \/><\/p>\n<p><img loading=\"lazy\" decoding=\"async\" class=\"alignnone size-full wp-image-1509\" src=\"https:\/\/autothaiduong.vn\/wp-content\/uploads\/2025\/05\/bi-led-gam-kenzo-f35-35W-cos.jpeg\" alt=\"bi led gam kenzo chong nuoc ip67\" width=\"1280\" height=\"1280\" srcset=\"https:\/\/autothaiduong.vn\/wp-content\/uploads\/2025\/05\/bi-led-gam-kenzo-f35-35W-cos.jpeg 1280w, https:\/\/autothaiduong.vn\/wp-content\/uploads\/2025\/05\/bi-led-gam-kenzo-f35-35W-cos-600x600.jpeg 600w, https:\/\/autothaiduong.vn\/wp-content\/uploads\/2025\/05\/bi-led-gam-kenzo-f35-35W-cos-1024x1024.jpeg 1024w, https:\/\/autothaiduong.vn\/wp-content\/uploads\/2025\/05\/bi-led-gam-kenzo-f35-35W-cos-300x300.jpeg 300w, https:\/\/autothaiduong.vn\/wp-content\/uploads\/2025\/05\/bi-led-gam-kenzo-f35-35W-cos-768x768.jpeg 768w, https:\/\/autothaiduong.vn\/wp-content\/uploads\/2025\/05\/bi-led-gam-kenzo-f35-35W-cos-100x100.jpeg 100w\" sizes=\"auto, (max-width: 1280px) 100vw, 1280px\" \/><\/p>\n<p>Ch\u1ed1ng n\u01b0\u1edbc \u0111\u1ea1t chu\u1ea9n IP67<\/p>\n<p><img loading=\"lazy\" decoding=\"async\" class=\"alignnone size-full wp-image-1510\" src=\"https:\/\/autothaiduong.vn\/wp-content\/uploads\/2025\/05\/nang-cap-bi-gam-kenzo-f35-binh-duong.jpeg\" alt=\"bi led gam kenzo nhiet mau 3000k va 5500k\" width=\"1280\" height=\"1280\" srcset=\"https:\/\/autothaiduong.vn\/wp-content\/uploads\/2025\/05\/nang-cap-bi-gam-kenzo-f35-binh-duong.jpeg 1280w, https:\/\/autothaiduong.vn\/wp-content\/uploads\/2025\/05\/nang-cap-bi-gam-kenzo-f35-binh-duong-600x600.jpeg 600w, https:\/\/autothaiduong.vn\/wp-content\/uploads\/2025\/05\/nang-cap-bi-gam-kenzo-f35-binh-duong-1024x1024.jpeg 1024w, https:\/\/autothaiduong.vn\/wp-content\/uploads\/2025\/05\/nang-cap-bi-gam-kenzo-f35-binh-duong-300x300.jpeg 300w, https:\/\/autothaiduong.vn\/wp-content\/uploads\/2025\/05\/nang-cap-bi-gam-kenzo-f35-binh-duong-768x768.jpeg 768w, https:\/\/autothaiduong.vn\/wp-content\/uploads\/2025\/05\/nang-cap-bi-gam-kenzo-f35-binh-duong-100x100.jpeg 100w\" sizes=\"auto, (max-width: 1280px) 100vw, 1280px\" \/><\/p>\n<p>T\u00f9y ch\u1ecdn 2 nhi\u1ec7t m\u00e0u 3000K v\u00e0 5500K<\/p>\n<p><img loading=\"lazy\" decoding=\"async\" class=\"alignnone size-full wp-image-1511\" src=\"https:\/\/autothaiduong.vn\/wp-content\/uploads\/2025\/05\/bi-gam-kenzo-f35-5.jpeg\" alt=\"bi gam kenzo f35 35w\" width=\"1280\" height=\"1280\" srcset=\"https:\/\/autothaiduong.vn\/wp-content\/uploads\/2025\/05\/bi-gam-kenzo-f35-5.jpeg 1280w, https:\/\/autothaiduong.vn\/wp-content\/uploads\/2025\/05\/bi-gam-kenzo-f35-5-600x600.jpeg 600w, https:\/\/autothaiduong.vn\/wp-content\/uploads\/2025\/05\/bi-gam-kenzo-f35-5-1024x1024.jpeg 1024w, https:\/\/autothaiduong.vn\/wp-content\/uploads\/2025\/05\/bi-gam-kenzo-f35-5-300x300.jpeg 300w, https:\/\/autothaiduong.vn\/wp-content\/uploads\/2025\/05\/bi-gam-kenzo-f35-5-768x768.jpeg 768w, https:\/\/autothaiduong.vn\/wp-content\/uploads\/2025\/05\/bi-gam-kenzo-f35-5-100x100.jpeg 100w\" sizes=\"auto, (max-width: 1280px) 100vw, 1280px\" \/><\/p>\n<p>Test \u00e1nh s\u00e1ng Bi g\u1ea7m Kenzo F35 l\u1eafp \u0111\u1eb7t ch\u00ednh h\u00e3ng t\u1ea1i Malen Auto D\u0129 An, B\u00ecnh D\u01b0\u01a1ng<\/p>\n<p><img loading=\"lazy\" decoding=\"async\" class=\"alignnone size-full wp-image-1512\" src=\"https:\/\/autothaiduong.vn\/wp-content\/uploads\/2025\/05\/anh-sang-kenzo-f35-3000k-cos.jpg\" alt=\"anh sang kenzo f35 35W cos\" width=\"1280\" height=\"857\" srcset=\"https:\/\/autothaiduong.vn\/wp-content\/uploads\/2025\/05\/anh-sang-kenzo-f35-3000k-cos.jpg 1280w, https:\/\/autothaiduong.vn\/wp-content\/uploads\/2025\/05\/anh-sang-kenzo-f35-3000k-cos-600x402.jpg 600w, https:\/\/autothaiduong.vn\/wp-content\/uploads\/2025\/05\/anh-sang-kenzo-f35-3000k-cos-1024x686.jpg 1024w, https:\/\/autothaiduong.vn\/wp-content\/uploads\/2025\/05\/anh-sang-kenzo-f35-3000k-cos-768x514.jpg 768w\" sizes=\"auto, (max-width: 1280px) 100vw, 1280px\" \/><\/p>\n<p>\u00c1nh s\u00e1ng cos nhi\u1ec7t \u0111\u1ed9 3000K<\/p>\n<p><img loading=\"lazy\" decoding=\"async\" class=\"alignnone size-full wp-image-1513\" src=\"https:\/\/autothaiduong.vn\/wp-content\/uploads\/2025\/05\/anh-sang-kenzo-f35-3000k-pha.jpg\" alt=\"anh sang pha tren bi gam kenzo f35\" width=\"1280\" height=\"857\" srcset=\"https:\/\/autothaiduong.vn\/wp-content\/uploads\/2025\/05\/anh-sang-kenzo-f35-3000k-pha.jpg 1280w, https:\/\/autothaiduong.vn\/wp-content\/uploads\/2025\/05\/anh-sang-kenzo-f35-3000k-pha-600x402.jpg 600w, https:\/\/autothaiduong.vn\/wp-content\/uploads\/2025\/05\/anh-sang-kenzo-f35-3000k-pha-1024x686.jpg 1024w, https:\/\/autothaiduong.vn\/wp-content\/uploads\/2025\/05\/anh-sang-kenzo-f35-3000k-pha-768x514.jpg 768w\" sizes=\"auto, (max-width: 1280px) 100vw, 1280px\" \/><\/p>\n<p>\u00c1nh s\u00e1ng pha nhi\u1ec7t \u0111\u1ed9 3000K<\/p>\n<p><img loading=\"lazy\" decoding=\"async\" class=\"alignnone size-full wp-image-1514\" src=\"https:\/\/autothaiduong.vn\/wp-content\/uploads\/2025\/05\/anh-sang-kenzo-f35.jpg\" alt=\"anh sang bi gam kenzo f35 nhiet mau 5500k\" width=\"1280\" height=\"857\" srcset=\"https:\/\/autothaiduong.vn\/wp-content\/uploads\/2025\/05\/anh-sang-kenzo-f35.jpg 1280w, https:\/\/autothaiduong.vn\/wp-content\/uploads\/2025\/05\/anh-sang-kenzo-f35-600x402.jpg 600w, https:\/\/autothaiduong.vn\/wp-content\/uploads\/2025\/05\/anh-sang-kenzo-f35-1024x686.jpg 1024w, https:\/\/autothaiduong.vn\/wp-content\/uploads\/2025\/05\/anh-sang-kenzo-f35-768x514.jpg 768w\" sizes=\"auto, (max-width: 1280px) 100vw, 1280px\" \/><\/p>\n<p>\u00c1nh s\u00e1ng bi g\u1ea7m Kenzo nhi\u1ec7t m\u00e0u 5600K<\/p>\n","protected":false},"excerpt":{"rendered":"<p><em><span style=\"color: #ff0000;\">C\u00f2n: nhi\u1ec7t m\u00e0u 3000k<\/span><\/em><\/p>\n<h3>TH\u00d4NG S\u1ed0 K\u1ef8 THU\u1eacT BI LED G\u1ea6M KENZO F35<\/h3>\n<table border=\"1\">\n<tbody>\n<tr>\n<td width=\"100\">MODEL<\/td>\n<td width=\"270\" data-wpmeteor-mouseout=\"true\" data-wpmeteor-mouseover=\"true\"><strong>F35 (Ra m\u1eaft n\u0103m 2022)<\/strong><\/td>\n<\/tr>\n<tr>\n<td width=\"100\" data-wpmeteor-mouseover=\"true\">\u0110i\u1ec7n \u00e1p<\/td>\n<td width=\"270\" data-wpmeteor-mouseout=\"true\" data-wpmeteor-mouseover=\"true\">12-16V<\/td>\n<\/tr>\n<tr>\n<td width=\"100\" data-wpmeteor-mouseout=\"true\" data-wpmeteor-mouseover=\"true\">C\u00f4ng su\u1ea5t:<\/td>\n<td width=\"270\" data-wpmeteor-mouseout=\"true\" data-wpmeteor-mouseover=\"true\">35W(Cos) 40W (Pha)<\/td>\n<\/tr>\n<tr>\n<td width=\"100\" data-wpmeteor-mouseout=\"true\" data-wpmeteor-mouseover=\"true\">K\u00edch th\u01b0\u1edbc<\/td>\n<td width=\"270\" data-wpmeteor-mouseout=\"true\" data-wpmeteor-mouseover=\"true\">3.0\u2033<\/td>\n<\/tr>\n<tr>\n<td width=\"100\" data-wpmeteor-mouseout=\"true\" data-wpmeteor-mouseover=\"true\">Nhi\u1ec7t m\u00e0u<\/td>\n<td width=\"270\" data-wpmeteor-mouseout=\"true\" data-wpmeteor-mouseover=\"true\">3000 v\u00e0 5500K<\/td>\n<\/tr>\n<tr>\n<td width=\"100\" data-wpmeteor-mouseout=\"true\" data-wpmeteor-mouseover=\"true\">Main Body<\/td>\n<td width=\"270\" data-wpmeteor-mouseout=\"true\" data-wpmeteor-mouseover=\"true\">Nh\u00f4m<\/td>\n<\/tr>\n<tr>\n<td width=\"100\">B\u1ea3o h\u00e0nh<\/td>\n<td width=\"270\" data-wpmeteor-mouseout=\"true\" data-wpmeteor-mouseover=\"true\">2 n\u0103m 1 \u0111\u1ed5i 1<\/td>\n<\/tr>\n<\/tbody>\n<\/table>\n","protected":false},"featured_media":1507,"comment_status":"open","ping_status":"closed","template":"","meta":[],"product_brand":[141],"product_cat":[15,16,143],"product_tag":[],"class_list":{"0":"post-1506","1":"product","2":"type-product","3":"status-publish","4":"has-post-thumbnail","6":"product_brand-kenzo","7":"product_cat-uncategorized","8":"product_cat-anh-sang","9":"product_cat-den-bi-gam","11":"first","12":"instock","13":"sale","14":"shipping-taxable","15":"purchasable","16":"product-type-simple"},"_links":{"self":[{"href":"https:\/\/autothaiduong.vn\/index.php?rest_route=\/wp\/v2\/product\/1506","targetHints":{"allow":["GET"]}}],"collection":[{"href":"https:\/\/autothaiduong.vn\/index.php?rest_route=\/wp\/v2\/product"}],"about":[{"href":"https:\/\/autothaiduong.vn\/index.php?rest_route=\/wp\/v2\/types\/product"}],"replies":[{"embeddable":true,"href":"https:\/\/autothaiduong.vn\/index.php?rest_route=%2Fwp%2Fv2%2Fcomments&post=1506"}],"wp:featuredmedia":[{"embeddable":true,"href":"https:\/\/autothaiduong.vn\/index.php?rest_route=\/wp\/v2\/media\/1507"}],"wp:attachment":[{"href":"https:\/\/autothaiduong.vn\/index.php?rest_route=%2Fwp%2Fv2%2Fmedia&parent=1506"}],"wp:term":[{"taxonomy":"product_brand","embeddable":true,"href":"https:\/\/autothaiduong.vn\/index.php?rest_route=%2Fwp%2Fv2%2Fproduct_brand&post=1506"},{"taxonomy":"product_cat","embeddable":true,"href":"https:\/\/autothaiduong.vn\/index.php?rest_route=%2Fwp%2Fv2%2Fproduct_cat&post=1506"},{"taxonomy":"product_tag","embeddable":true,"href":"https:\/\/autothaiduong.vn\/index.php?rest_route=%2Fwp%2Fv2%2Fproduct_tag&post=1506"}],"curies":[{"name":"wp","href":"https:\/\/api.w.org\/{rel}","templated":true}]}}