{"id":1519,"date":"2025-05-13T16:03:49","date_gmt":"2025-05-13T16:03:49","guid":{"rendered":"https:\/\/autothaiduong.vn\/?post_type=product&#038;p=1519"},"modified":"2026-01-27T12:41:27","modified_gmt":"2026-01-27T12:41:27","slug":"bi-gam-aozoom-eagle-f-light-anh-mat-chim-ung","status":"publish","type":"product","link":"https:\/\/autothaiduong.vn\/?product=bi-gam-aozoom-eagle-f-light-anh-mat-chim-ung","title":{"rendered":"Bi g\u1ea7m Aozoom Eagle F-Light  3.0\u2013 \u00c1nh m\u1eaft chim \u01b0ng"},"content":{"rendered":"<p><img loading=\"lazy\" decoding=\"async\" class=\" wp-image-1044 aligncenter\" src=\"https:\/\/autothaiduong.vn\/wp-content\/uploads\/2025\/05\/z6584734442481_f208f5944548cb4b46353402ce2e64e0.jpg\" alt=\"\" width=\"293\" height=\"259\" \/><\/p>\n<p style=\"text-align: center;\"><span style=\"color: #ff0000;\"><strong><span style=\"font-size: 150%;\">273-275 Tr\u1ea7n Ph\u00fa Ph\u01b0\u1eddng L\u1ed9c S\u01a1n Th\u00e0nh Ph\u1ed1 B\u1ea3o L\u1ed9c T\u1ec9nh L\u00e2m \u0110\u1ed3ng <\/span><\/strong><\/span><\/p>\n<p style=\"text-align: center;\"><span style=\"color: #ff0000;\"><strong><span style=\"font-size: 150%;\">Hotline: 0912197441<\/span><\/strong><\/span><\/p>\n<p>N\u1eb1m trong d\u00e3y s\u1ea3n ph\u1ea9m bi LED l\u1ea5y c\u1ea3m h\u1ee9ng t\u1eeb \u00e1nh m\u1eaft m\u00e3nh th\u00fa. Bi g\u1ea7m LED Aozoom Eagle Fog Light l\u00e0 d\u00f2ng bi g\u1ea7m LED c\u00f3 m\u1ee9c gi\u00e1 t\u1ed1t nh\u1ea5t hi\u1ec7n nay. Eagle F Light l\u1ea5y c\u1ea3m h\u1ee9ng t\u1eeb \u00e1nh m\u1eaft chim \u01b0ng cho kh\u1ea3 n\u0103ng t\u0103ng s\u00e1ng m\u1ea1nh m\u1ebd, kh\u1ea3 n\u0103ng h\u1ed7 tr\u1ee3 chi\u1ebfu g\u1ea7n \u2013 xa \u0111a d\u1ea1ng d\u1ec5 s\u1eed d\u1ee5ng.<\/p>\n<p><strong>T\u1ea0I SAO N\u00caN CH\u1eccN BI G\u1ea6M AOZOOM EAGLE F LIGHT?<\/strong><\/p>\n<ul>\n<li><strong>V\u00f9ng \u00e1nh s\u00e1ng trung t\u00e2m d\u00e0y v\u00e0 \u0111\u1eadm<\/strong>, \u0111\u00e1p \u1ee9ng t\u1ed1t nhu c\u1ea7u khi di chuy\u1ec3n v\u00e0o ban \u0111\u00eam, trong \u0111i\u1ec1u ki\u1ec7n th\u1eddi ti\u1ebft x\u1ea5u hay nh\u1eefng cung \u0111\u01b0\u1eddng kh\u00f3.<\/li>\n<li><strong>Kh\u1ea3 n\u0103ng ch\u1ed1ng n\u01b0\u1edbc n\u1ed5i b\u1eadt\u00a0<\/strong>v\u1edbi ch\u1ec9 s\u1ed1 IP68, bi g\u1ea7m LED Eagle F-Light c\u00f3 th\u1ec3 ho\u1ea1t \u0111\u1ed9ng t\u1ed1t trong nh\u1eefng \u0111i\u1ec1u ki\u1ec7n kh\u1eafc nghi\u1ec7t nh\u1ea5t.<\/li>\n<li><strong>H\u1ec7 th\u1ed1ng t\u1ea3n nhi\u1ec7t m\u1ea1nh m\u1ebd\u00a0<\/strong>v\u1edbi khung m\u00e1y \u0111\u01b0\u1ee3c thi\u1ebft k\u1ebf theo d\u1ea1ng r\u00e3nh x\u1ebb d\u1ecdc b\u1eb1ng nh\u00f4m nguy\u00ean kh\u1ed1i, gi\u00fap t\u1ed1i \u0111a kh\u1ea3 n\u0103ng t\u1ea3n nhi\u1ec7t, n\u00e2ng cao tu\u1ed5i th\u1ecd c\u1ee7a \u0111\u00e8n.<\/li>\n<\/ul>\n<p><iframe loading=\"lazy\" title=\"GI\u1edaI THI\u1ec6U S\u1ea2N PH\u1ea8M - BI LED G\u1ea6M EAGLE LIGHT | AOZOOM\" src=\"https:\/\/www.youtube.com\/embed\/Y7FMaiUmrWs?feature=oembed\" width=\"1020\" height=\"574\" frameborder=\"0\" allowfullscreen=\"allowfullscreen\" data-mce-fragment=\"1\"><\/iframe><\/p>\n<p>Bi g\u1ea7m Eagle F Light cho ngu\u1ed3n \u00e1nh s\u00e1ng v\u00e0ng \u0111\u1eadm ho\u1eb7c v\u00e0ng tr\u1eafng gi\u00fap ph\u00e1 s\u01b0\u01a1ng v\u00e0 b\u00e1m \u0111\u01b0\u1eddng t\u1ed1t, ph\u00f9 h\u1ee3p di chuy\u1ec3n trong th\u1eddi ti\u1ebft x\u1ea5u nh\u01b0 s\u01b0\u01a1ng m\u00f9, m\u01b0a l\u1edbn, \u0111\u01b0\u1eddng n\u00fai.\u00a0LED Eagle Fog Light c\u00f3 \u00e1nh s\u00e1ng tr\u1ea3i \u0111\u1ec1u t\u1eeb t\u00e2m ra hai b\u00ean, \u0111\u1ed9 ph\u1ee7 t\u1eeb ch\u00e2n s\u00e1ng \u0111\u1ebfn v\u1ecb tr\u00ed \u0111\u01b0\u1eddng c\u1eaft r\u1ed9ng, gia t\u0103ng t\u1ea7m nh\u00ecn cho ng\u01b0\u1eddi c\u1ea7m l\u00e1i.<\/p>\n<p>H\u1ec7 th\u1ed1ng t\u1ea3n nhi\u1ec7t tr\u00ean bi g\u1ea7m Eagle F Light nhanh ch\u00f3ng v\u00e0 hi\u1ec7u qu\u1ea3, \u0111\u1ea3m b\u1ea3o \u0111\u00e8n g ho\u1ea1t \u0111\u1ed9ng \u1edf \u0111\u1ed9 s\u00e1ng t\u1ed1i \u01b0u v\u00e0 li\u00ean t\u1ee5c trong su\u1ed1t h\u00e0nh tr\u00ecnh.<\/p>\n<p><strong>\u0110\u00c1NH GI\u00c1 BI G\u1ea6M AOZOOM EAGLE F LIGHT:<\/strong><\/p>\n<p><iframe loading=\"lazy\" title=\"TR\u1ea2I NGHI\u1ec6M \u00c1NH S\u00c1NG CH\u00c2N TH\u1ef0C C\u1ee6A BI LED G\u1ea6M EAGLE - TEST \u00c1NH S\u00c1NG BI \u0110\u00c8N | AOZOOM\" src=\"https:\/\/www.youtube.com\/embed\/guhJR705W0s?feature=oembed\" width=\"1020\" height=\"574\" frameborder=\"0\" allowfullscreen=\"allowfullscreen\" data-mce-fragment=\"1\"><\/iframe><\/p>\n","protected":false},"excerpt":{"rendered":"<p>C\u00f4ng su\u1ea5t: 32W (cos) \u2013 38W (pha)<br \/>\n\u00c1nh s\u00e1ng: 3000\/5000K<br \/>\nCh\u1ec9 s\u1ed1 ch\u1ecbu nhi\u1ec7t: -40 \u0111\u1ed9 C \u0111\u1ebfn +105 \u0111\u1ed9 C<br \/>\nCh\u1ed1ng th\u1ea5m n\u01b0\u1edbc: IP68<br \/>\nSize: 3.0 inch<br \/>\nKho\u1ea3ng c\u00e1ch chi\u1ebfu xa: 400 \u2013 550m<\/p>\n","protected":false},"featured_media":1520,"comment_status":"open","ping_status":"closed","template":"","meta":[],"product_brand":[140],"product_cat":[16,143],"product_tag":[],"class_list":{"0":"post-1519","1":"product","2":"type-product","3":"status-publish","4":"has-post-thumbnail","6":"product_brand-aozoom","7":"product_cat-anh-sang","8":"product_cat-den-bi-gam","10":"first","11":"outofstock","12":"virtual","13":"purchasable","14":"product-type-simple"},"_links":{"self":[{"href":"https:\/\/autothaiduong.vn\/index.php?rest_route=\/wp\/v2\/product\/1519","targetHints":{"allow":["GET"]}}],"collection":[{"href":"https:\/\/autothaiduong.vn\/index.php?rest_route=\/wp\/v2\/product"}],"about":[{"href":"https:\/\/autothaiduong.vn\/index.php?rest_route=\/wp\/v2\/types\/product"}],"replies":[{"embeddable":true,"href":"https:\/\/autothaiduong.vn\/index.php?rest_route=%2Fwp%2Fv2%2Fcomments&post=1519"}],"wp:featuredmedia":[{"embeddable":true,"href":"https:\/\/autothaiduong.vn\/index.php?rest_route=\/wp\/v2\/media\/1520"}],"wp:attachment":[{"href":"https:\/\/autothaiduong.vn\/index.php?rest_route=%2Fwp%2Fv2%2Fmedia&parent=1519"}],"wp:term":[{"taxonomy":"product_brand","embeddable":true,"href":"https:\/\/autothaiduong.vn\/index.php?rest_route=%2Fwp%2Fv2%2Fproduct_brand&post=1519"},{"taxonomy":"product_cat","embeddable":true,"href":"https:\/\/autothaiduong.vn\/index.php?rest_route=%2Fwp%2Fv2%2Fproduct_cat&post=1519"},{"taxonomy":"product_tag","embeddable":true,"href":"https:\/\/autothaiduong.vn\/index.php?rest_route=%2Fwp%2Fv2%2Fproduct_tag&post=1519"}],"curies":[{"name":"wp","href":"https:\/\/api.w.org\/{rel}","templated":true}]}}