{"id":1608,"date":"2025-05-13T16:47:18","date_gmt":"2025-05-13T16:47:18","guid":{"rendered":"https:\/\/autothaiduong.vn\/?post_type=product&#038;p=1608"},"modified":"2025-05-13T16:47:28","modified_gmt":"2025-05-13T16:47:28","slug":"bi-led-gtr-limited-3-0","status":"publish","type":"product","link":"https:\/\/autothaiduong.vn\/?product=bi-led-gtr-limited-3-0","title":{"rendered":"BI LED GTR LIMITED 3.0"},"content":{"rendered":"<p><img loading=\"lazy\" decoding=\"async\" class=\" wp-image-1537 aligncenter\" src=\"https:\/\/autothaiduong.vn\/wp-content\/uploads\/2025\/05\/z6584734442481_f208f5944548cb4b46353402ce2e64e0-1.jpg\" alt=\"\" width=\"291\" height=\"258\" \/><\/p>\n<p style=\"text-align: center;\"><span style=\"color: #ff0000;\"><strong><span style=\"font-size: 150%;\">273-275 Tr\u1ea7n Ph\u00fa Ph\u01b0\u1eddng L\u1ed9c S\u01a1n Th\u00e0nh Ph\u1ed1 B\u1ea3o L\u1ed9c T\u1ec9nh L\u00e2m \u0110\u1ed3ng<\/span><\/strong><\/span><\/p>\n<p style=\"text-align: center;\"><span style=\"color: #ff0000;\"><strong><span style=\"font-size: 150%;\"> Hotline: 0912197441<\/span><\/strong><\/span><\/p>\n<p><img loading=\"lazy\" decoding=\"async\" class=\"alignnone size-full wp-image-1610\" src=\"https:\/\/autothaiduong.vn\/wp-content\/uploads\/2025\/05\/18-10-2023-1697595243-gtr-limited-3-0-1-1.jpg\" width=\"800\" height=\"800\" alt=\"BI LED GTR LIMITED 3.0\" srcset=\"https:\/\/autothaiduong.vn\/wp-content\/uploads\/2025\/05\/18-10-2023-1697595243-gtr-limited-3-0-1-1.jpg 800w, https:\/\/autothaiduong.vn\/wp-content\/uploads\/2025\/05\/18-10-2023-1697595243-gtr-limited-3-0-1-1-600x600.jpg 600w, https:\/\/autothaiduong.vn\/wp-content\/uploads\/2025\/05\/18-10-2023-1697595243-gtr-limited-3-0-1-1-300x300.jpg 300w, https:\/\/autothaiduong.vn\/wp-content\/uploads\/2025\/05\/18-10-2023-1697595243-gtr-limited-3-0-1-1-768x768.jpg 768w, https:\/\/autothaiduong.vn\/wp-content\/uploads\/2025\/05\/18-10-2023-1697595243-gtr-limited-3-0-1-1-100x100.jpg 100w\" sizes=\"auto, (max-width: 800px) 100vw, 800px\" \/><\/p>\n<p>Th\u00eam m\u1ed9t s\u1ef1 l\u1ef1a ch\u1ecdn t\u0103ng s\u00e1ng ho\u00e0n h\u1ea3o cho kh\u00e1ch h\u00e0ng t\u1eeb th\u01b0\u01a1ng hi\u1ec7u GTR. Th\u1ea5u hi\u1ec3u \u0111\u01b0\u1ee3c n\u1ed7i l\u00f2ng c\u1ee7a nh\u1eefng ch\u1ee7 xe khi di chuy\u1ec3n d\u01b0\u1edbi nh\u1eefng cung \u0111\u01b0\u1eddng \u0111\u00eam t\u1ed1i g\u00e2y ra nh\u1eefng c\u1ea3n tr\u1edf, kh\u00f3 kh\u0103n v\u00e0 \u0111\u1eb7c bi\u1ec7t s\u1ebd g\u00e2y m\u1ea5t an to\u00e0n. GTR Limited 3.0 ra \u0111\u1eddi ch\u00ednh l\u00e0 m\u1ed9t gi\u1ea3i ph\u00e1p t\u0103ng s\u00e1ng, gi\u1ea3i ph\u00e1p an to\u00e0n \u0111\u1ec3 gi\u1ea3i quy\u1ebft nh\u1eefng n\u1ed7i lo v\u1ec1 b\u00f3ng \u0111\u00eam.<\/p>\n<p>&nbsp;<\/p>\n<p><img loading=\"lazy\" decoding=\"async\" class=\"alignnone size-full wp-image-1610\" src=\"https:\/\/autothaiduong.vn\/wp-content\/uploads\/2025\/05\/18-10-2023-1697595243-gtr-limited-3-0-1-1.jpg\" width=\"800\" height=\"800\" alt=\"BI LED GTR LIMITED 3.0\" srcset=\"https:\/\/autothaiduong.vn\/wp-content\/uploads\/2025\/05\/18-10-2023-1697595243-gtr-limited-3-0-1-1.jpg 800w, https:\/\/autothaiduong.vn\/wp-content\/uploads\/2025\/05\/18-10-2023-1697595243-gtr-limited-3-0-1-1-600x600.jpg 600w, https:\/\/autothaiduong.vn\/wp-content\/uploads\/2025\/05\/18-10-2023-1697595243-gtr-limited-3-0-1-1-300x300.jpg 300w, https:\/\/autothaiduong.vn\/wp-content\/uploads\/2025\/05\/18-10-2023-1697595243-gtr-limited-3-0-1-1-768x768.jpg 768w, https:\/\/autothaiduong.vn\/wp-content\/uploads\/2025\/05\/18-10-2023-1697595243-gtr-limited-3-0-1-1-100x100.jpg 100w\" sizes=\"auto, (max-width: 800px) 100vw, 800px\" \/><\/p>\n<p>Bi Led GTR Limited 3.0<\/p>\n<h2 id=\"1\"><strong><a id=\"thi--t-k--s--n-ph--m\" class=\"toc-a-tag\"><\/a>Thi\u1ebft k\u1ebf s\u1ea3n ph\u1ea9m<\/strong><\/h2>\n<p>&nbsp;<\/p>\n<p><img loading=\"lazy\" decoding=\"async\" class=\"alignnone size-full wp-image-1612\" src=\"https:\/\/autothaiduong.vn\/wp-content\/uploads\/2025\/05\/gtr-limited-3-0-9.jpg\" width=\"1280\" height=\"1280\" srcset=\"https:\/\/autothaiduong.vn\/wp-content\/uploads\/2025\/05\/gtr-limited-3-0-9.jpg 1280w, https:\/\/autothaiduong.vn\/wp-content\/uploads\/2025\/05\/gtr-limited-3-0-9-600x600.jpg 600w, https:\/\/autothaiduong.vn\/wp-content\/uploads\/2025\/05\/gtr-limited-3-0-9-1024x1024.jpg 1024w, https:\/\/autothaiduong.vn\/wp-content\/uploads\/2025\/05\/gtr-limited-3-0-9-300x300.jpg 300w, https:\/\/autothaiduong.vn\/wp-content\/uploads\/2025\/05\/gtr-limited-3-0-9-768x768.jpg 768w, https:\/\/autothaiduong.vn\/wp-content\/uploads\/2025\/05\/gtr-limited-3-0-9-100x100.jpg 100w\" sizes=\"auto, (max-width: 1280px) 100vw, 1280px\" \/><\/p>\n<p>&nbsp;<\/p>\n<p>T\u1ed5ng k\u00edch th\u01b0\u1edbc s\u1ea3n ph\u1ea9m Bi Led GTR Limited 3.0<\/p>\n<p>Bi Led GTR Limited 3.0 v\u1edbi k\u00edch th\u01b0\u1edbc 3 Inch, n\u1ed5i b\u1eadt v\u1edbi 2 m\u00e0u v\u00e0ng \u0111\u1ed3ng c\u1ee7a ch\u00f3a ph\u1ea3n x\u1ea1 v\u00e0 m\u00e0u \u0111en \u1edf ph\u1ea7n ch\u1ee5p Lens v\u00e0 \u0111u\u00f4i.<\/p>\n<p><img loading=\"lazy\" decoding=\"async\" class=\"alignnone size-full wp-image-1613\" src=\"https:\/\/autothaiduong.vn\/wp-content\/uploads\/2025\/05\/gtr-limited-3-0-7.jpg\" width=\"1280\" height=\"1280\" srcset=\"https:\/\/autothaiduong.vn\/wp-content\/uploads\/2025\/05\/gtr-limited-3-0-7.jpg 1280w, https:\/\/autothaiduong.vn\/wp-content\/uploads\/2025\/05\/gtr-limited-3-0-7-600x600.jpg 600w, https:\/\/autothaiduong.vn\/wp-content\/uploads\/2025\/05\/gtr-limited-3-0-7-1024x1024.jpg 1024w, https:\/\/autothaiduong.vn\/wp-content\/uploads\/2025\/05\/gtr-limited-3-0-7-300x300.jpg 300w, https:\/\/autothaiduong.vn\/wp-content\/uploads\/2025\/05\/gtr-limited-3-0-7-768x768.jpg 768w, https:\/\/autothaiduong.vn\/wp-content\/uploads\/2025\/05\/gtr-limited-3-0-7-100x100.jpg 100w\" sizes=\"auto, (max-width: 1280px) 100vw, 1280px\" \/><\/p>\n<p>Bi Led GTR Limited 3.0 \u0111\u01b0\u1ee3c trang b\u1ecb th\u00eam \u0111u\u00f4i v\u1eb7n<\/p>\n<p>\u1ede phi\u00ean b\u1ea3n n\u00e0y GTR \u0111\u01b0\u1ee3c thi\u1ebft k\u1ebf t\u00edch h\u1ee3p th\u00eam ph\u1ea7n \u0111u\u00f4i v\u1eb7n v\u1edbi m\u1ee5c \u0111\u00edch ph\u00f9 h\u1ee3p cho nhi\u1ec1u lo\u1ea1i ch\u00e2n \u0111\u00e8n, thu\u1eadn ti\u1ec7n trong vi\u1ec7c l\u1eafp \u0111\u1eb7t h\u01a1n.<\/p>\n<h2 id=\"2\"><strong><a id=\"c--u-h-nh--nh-s-ng\" class=\"toc-a-tag\"><\/a>C\u1ea5u h\u00ecnh \u00e1nh s\u00e1ng<\/strong><\/h2>\n<p>\u0110\u01b0\u1ee3c trang b\u1ecb 9 Chip Led \u1edf ch\u00f3a ph\u1ea3n x\u1ea1 ch\u00ednh, c\u1ed9ng h\u01b0\u1edfng v\u1edbi 1 Chip Led Osram \u1edf ch\u00f3a ph\u1ea3n x\u1ea1 ph\u1ee5 \u0111\u1ec3 cho ra c\u00f4ng su\u1ea5t \u00e1nh s\u00e1ng kh\u1ee7ng top \u0111\u1ea7u ph\u00e2n kh\u00fac. \u00c1nh s\u00e1ng v\u00f4 c\u00f9ng r\u00f5 n\u00e9t, \u0111\u01b0\u1eddng c\u1eaft r\u00f5 r\u00e0ng, ch\u1ea5t l\u01b0\u1ee3ng s\u00e1ng kh\u1ecfi ph\u1ea3i b\u00e0n c\u00e3i.<\/p>\n<p>V\u1edbi phi\u00ean b\u1ea3n nhi\u1ec7t m\u00e0u 5200K, \u00e1nh s\u00e1ng v\u00e0ng v\u00e0 r\u1ef1c t\u1ea1i t\u00e2m. V\u1edbi t\u00e2m v\u00e0ng \u0111\u1eb7c tr\u01b0ng s\u1ebd gi\u00fap c\u1ea3i thi\u1ec7n t\u1ea7m quan s\u00e1t \u0111\u01b0\u1ee3c t\u1ed1t h\u01a1n ngay c\u1ea3 nh\u1eefng l\u00fac tr\u1eddi m\u01b0a hay s\u01b0\u01a1ng m\u00f9 nh\u1eb9.<\/p>\n<p>\u1ede ch\u1ebf \u0111\u1ed9 Cos, Bi Led GTR Limited 3.0 \u0111\u1ea1t ng\u01b0\u1ee1ng c\u00f4ng su\u1ea5t kho\u1ea3ng 55W \u00e1nh s\u00e1ng r\u1ef1c v\u00e0 cung s\u00e1ng v\u00f4 c\u00f9ng r\u1ed9ng r\u00e3i. Ph\u1ea3i c\u00f4ng nh\u1eadn r\u1eb1ng, trong c\u00f9ng ph\u00e2n kh\u00fac gi\u00e1 r\u1ea5t kh\u00f3 \u0111\u1ec3 t\u00ecm ki\u1ebfm \u0111\u01b0\u1ee3c m\u1ed9t s\u1ea3n ph\u1ea9m c\u00f3 ch\u1ea5t l\u01b0\u1ee3ng \u00e1nh s\u00e1ng \u0111\u1eb9p nh\u01b0 v\u1eady. Th\u1eadm ch\u00ed c\u00f3 th\u1ec3 mang ra \u0111\u1ec3 so s\u00e1nh v\u1edbi nh\u1eefng s\u1ea3n ph\u1ea9m c\u00f3 ph\u00e2n kh\u00fac gi\u00e1 cao h\u01a1n.<\/p>\n<p><img loading=\"lazy\" decoding=\"async\" class=\"alignnone size-full wp-image-1614\" src=\"https:\/\/autothaiduong.vn\/wp-content\/uploads\/2025\/05\/cos-4.jpg\" width=\"1280\" height=\"1280\" srcset=\"https:\/\/autothaiduong.vn\/wp-content\/uploads\/2025\/05\/cos-4.jpg 1280w, https:\/\/autothaiduong.vn\/wp-content\/uploads\/2025\/05\/cos-4-600x600.jpg 600w, https:\/\/autothaiduong.vn\/wp-content\/uploads\/2025\/05\/cos-4-1024x1024.jpg 1024w, https:\/\/autothaiduong.vn\/wp-content\/uploads\/2025\/05\/cos-4-300x300.jpg 300w, https:\/\/autothaiduong.vn\/wp-content\/uploads\/2025\/05\/cos-4-768x768.jpg 768w, https:\/\/autothaiduong.vn\/wp-content\/uploads\/2025\/05\/cos-4-100x100.jpg 100w\" sizes=\"auto, (max-width: 1280px) 100vw, 1280px\" \/><\/p>\n<p>\u00c1nh s\u00e1ng Cos Bi Led GTR Limited 3.0<\/p>\n<p>\u1ede ch\u1ebf \u0111\u1ed9 Pha, Bi Led GTR Limited 3.0 \u0111\u1ea1t ng\u01b0\u1ee1ng c\u00f4ng su\u1ea5t kho\u1ea3ng 65W, Pha r\u1ea5t cao v\u00e0 r\u1ed9ng, h\u1ed7 tr\u1ee3 t\u1ea7m nh\u00ecn bao qu\u00e1t t\u1ed1i \u0111a nh\u1ea5t. Khi b\u1eadt Pha, t\u00e2m v\u00e0ng v\u1eabn kh\u00f4ng thay \u0111\u1ed5i, cho t\u1ea7m nh\u00ecn t\u1ed1i \u0111a l\u00ean t\u1edbi 800m.<\/p>\n<p><img loading=\"lazy\" decoding=\"async\" class=\"alignnone size-full wp-image-1615\" src=\"https:\/\/autothaiduong.vn\/wp-content\/uploads\/2025\/05\/pha-4.jpg\" width=\"1280\" height=\"1280\" srcset=\"https:\/\/autothaiduong.vn\/wp-content\/uploads\/2025\/05\/pha-4.jpg 1280w, https:\/\/autothaiduong.vn\/wp-content\/uploads\/2025\/05\/pha-4-600x600.jpg 600w, https:\/\/autothaiduong.vn\/wp-content\/uploads\/2025\/05\/pha-4-1024x1024.jpg 1024w, https:\/\/autothaiduong.vn\/wp-content\/uploads\/2025\/05\/pha-4-300x300.jpg 300w, https:\/\/autothaiduong.vn\/wp-content\/uploads\/2025\/05\/pha-4-768x768.jpg 768w, https:\/\/autothaiduong.vn\/wp-content\/uploads\/2025\/05\/pha-4-100x100.jpg 100w\" sizes=\"auto, (max-width: 1280px) 100vw, 1280px\" \/><\/p>\n<p>\u00c1nh s\u00e1ng Pha Bi Led GTR Limited 3.0<\/p>\n<h2 id=\"3\"><a id=\"h--th--ng-t--n-nhi--t\" class=\"toc-a-tag\"><\/a>H\u1ec7 th\u1ed1ng t\u1ea3n nhi\u1ec7t<\/h2>\n<p><img loading=\"lazy\" decoding=\"async\" class=\"alignnone size-full wp-image-1616\" src=\"https:\/\/autothaiduong.vn\/wp-content\/uploads\/2025\/05\/gtr-limited-3-0-6.jpg\" width=\"1280\" height=\"1280\" srcset=\"https:\/\/autothaiduong.vn\/wp-content\/uploads\/2025\/05\/gtr-limited-3-0-6.jpg 1280w, https:\/\/autothaiduong.vn\/wp-content\/uploads\/2025\/05\/gtr-limited-3-0-6-600x600.jpg 600w, https:\/\/autothaiduong.vn\/wp-content\/uploads\/2025\/05\/gtr-limited-3-0-6-1024x1024.jpg 1024w, https:\/\/autothaiduong.vn\/wp-content\/uploads\/2025\/05\/gtr-limited-3-0-6-300x300.jpg 300w, https:\/\/autothaiduong.vn\/wp-content\/uploads\/2025\/05\/gtr-limited-3-0-6-768x768.jpg 768w, https:\/\/autothaiduong.vn\/wp-content\/uploads\/2025\/05\/gtr-limited-3-0-6-100x100.jpg 100w\" sizes=\"auto, (max-width: 1280px) 100vw, 1280px\" \/><\/p>\n<p><a id=\"h--th--ng-t--n-nhi--t\" class=\"toc-a-tag\"><\/a>H\u1ec7 th\u1ed1ng t\u1ea3n nhi\u1ec7t \u0111\u01b0\u1ee3c trang b\u1ecb ph\u1ea7n \u0111u\u00f4i \u0111\u00e8n<\/p>\n<p>Bi Led GTR Limited 3.0 \u0111\u01b0\u1ee3c trang b\u1ecb ph\u1ea7n qu\u1ea1t t\u1ea3n nhi\u1ec7t \u1edf \u0111u\u00f4i \u0111\u00e8n, qu\u1ea1t s\u1ebd th\u1ed5i xuy\u00ean su\u1ed1t qu\u00e1 tr\u00ecnh \u0111\u00e8n ho\u1ea1t \u0111\u1ed9ng \u0111\u1ec3 mang l\u1ea1i \u0111\u1ed9 \u1ed5n \u0111\u1ecbnh t\u1ed1i \u0111a.<\/p>\n<h2 id=\"4\"><a id=\"l--p---t-v--b--o-h-nh\" class=\"toc-a-tag\"><\/a>L\u1eafp \u0111\u1eb7t v\u00e0 b\u1ea3o h\u00e0nh<\/h2>\n<p>S\u1ea3n ph\u1ea9m Bi Led GTR Limited 3.0 \u0111\u00e3 \u0111\u01b0\u1ee3c m\u1edf b\u00e1n ch\u00ednh th\u1ee9c tr\u00ean to\u00e0n h\u1ec7 th\u1ed1ng GTR Vi\u1ec7t Nam v\u1edbi gi\u00e1 ni\u00eam y\u1ebft 6.000.000 \u0111\u1ed3ng\/c\u1eb7p v\u00e0 \u0111\u01b0\u1ee3c b\u1ea3o h\u00e0nh 24 th\u00e1ng(\u0111\u1ed5i m\u1edbi) + 12 th\u00e1ng thay m\u1edbi linh ki\u1ec7n tr\u00ean to\u00e0n qu\u1ed1c. Qu\u00fd kh\u00e1ch h\u00e0ng c\u00f3 th\u1ec3 gh\u00e9 nh\u1eefng \u0111i\u1ec3m n\u00e2ng c\u1ea5p xe g\u1ea7n nh\u1ea5t \u0111\u1ec3 c\u00f3 \u0111\u01b0\u1ee3c nh\u1eefng tr\u1ea3i nghi\u1ec7m ch\u00e2n th\u1eadt nh\u1ea5t.<\/p>\n<p><iframe loading=\"lazy\" src=\"https:\/\/www.youtube.com\/embed\/mJUIKRluXsQ\" width=\"100%\" height=\"560\" frameborder=\"0\" scrolling=\"yes\" data-mce-fragment=\"1\"><\/iframe><\/p>\n","protected":false},"excerpt":{"rendered":"<p>273-275 Tr\u1ea7n Ph\u00fa Ph\u01b0\u1eddng L\u1ed9c S\u01a1n Th\u00e0nh Ph\u1ed1 B\u1ea3o L\u1ed9c T\u1ec9nh L\u00e2m \u0110\u1ed3ng Hotline: 0912197441 Th\u00eam m\u1ed9t s\u1ef1 l\u1ef1a ch\u1ecdn t\u0103ng s\u00e1ng ho\u00e0n h\u1ea3o cho kh\u00e1ch h\u00e0ng t\u1eeb th\u01b0\u01a1ng hi\u1ec7u GTR. Th\u1ea5u hi\u1ec3u \u0111\u01b0\u1ee3c n\u1ed7i l\u00f2ng c\u1ee7a nh\u1eefng ch\u1ee7 xe khi di chuy\u1ec3n d\u01b0\u1edbi nh\u1eefng cung \u0111\u01b0\u1eddng \u0111\u00eam t\u1ed1i g\u00e2y ra nh\u1eefng c\u1ea3n tr\u1edf, kh\u00f3 [&#8230;]\n","protected":false},"featured_media":1610,"comment_status":"open","ping_status":"closed","template":"","meta":[],"product_brand":[139],"product_cat":[16,26],"product_tag":[],"class_list":{"0":"post-1608","1":"product","2":"type-product","3":"status-publish","4":"has-post-thumbnail","6":"product_brand-gtr","7":"product_cat-anh-sang","8":"product_cat-bi-led","10":"first","11":"instock","12":"sale","13":"shipping-taxable","14":"purchasable","15":"product-type-simple"},"_links":{"self":[{"href":"https:\/\/autothaiduong.vn\/index.php?rest_route=\/wp\/v2\/product\/1608","targetHints":{"allow":["GET"]}}],"collection":[{"href":"https:\/\/autothaiduong.vn\/index.php?rest_route=\/wp\/v2\/product"}],"about":[{"href":"https:\/\/autothaiduong.vn\/index.php?rest_route=\/wp\/v2\/types\/product"}],"replies":[{"embeddable":true,"href":"https:\/\/autothaiduong.vn\/index.php?rest_route=%2Fwp%2Fv2%2Fcomments&post=1608"}],"wp:featuredmedia":[{"embeddable":true,"href":"https:\/\/autothaiduong.vn\/index.php?rest_route=\/wp\/v2\/media\/1610"}],"wp:attachment":[{"href":"https:\/\/autothaiduong.vn\/index.php?rest_route=%2Fwp%2Fv2%2Fmedia&parent=1608"}],"wp:term":[{"taxonomy":"product_brand","embeddable":true,"href":"https:\/\/autothaiduong.vn\/index.php?rest_route=%2Fwp%2Fv2%2Fproduct_brand&post=1608"},{"taxonomy":"product_cat","embeddable":true,"href":"https:\/\/autothaiduong.vn\/index.php?rest_route=%2Fwp%2Fv2%2Fproduct_cat&post=1608"},{"taxonomy":"product_tag","embeddable":true,"href":"https:\/\/autothaiduong.vn\/index.php?rest_route=%2Fwp%2Fv2%2Fproduct_tag&post=1608"}],"curies":[{"name":"wp","href":"https:\/\/api.w.org\/{rel}","templated":true}]}}