{"id":1783,"date":"2025-05-15T16:20:48","date_gmt":"2025-05-15T16:20:48","guid":{"rendered":"https:\/\/autothaiduong.vn\/?post_type=product&#038;p=1783"},"modified":"2025-05-15T16:21:14","modified_gmt":"2025-05-15T16:21:14","slug":"bi-led-henvvei-l83-pro","status":"publish","type":"product","link":"https:\/\/autothaiduong.vn\/?product=bi-led-henvvei-l83-pro","title":{"rendered":"BI LED HENVVEI L83 PRO"},"content":{"rendered":"<p><img loading=\"lazy\" decoding=\"async\" class=\" wp-image-1537 aligncenter\" src=\"https:\/\/autothaiduong.vn\/wp-content\/uploads\/2025\/05\/z6584734442481_f208f5944548cb4b46353402ce2e64e0-1.jpg\" alt=\"\" width=\"271\" height=\"240\" \/><\/p>\n<p style=\"text-align: center;\"><span style=\"font-size: 150%;\"><strong><span style=\"color: #ff0000;\">273-275 Tr\u1ea7n Ph\u00fa Ph\u01b0\u1eddng L\u1ed9c S\u01a1n Th\u00e0nh Ph\u1ed1 B\u1ea3o L\u1ed9c T\u1ec9nh L\u00e2m \u0110\u1ed3ng <\/span><\/strong><\/span><\/p>\n<p style=\"text-align: center;\"><span style=\"font-size: 150%;\"><strong><span style=\"color: #ff0000;\">Hotline: 0912197441<\/span><\/strong><\/span><\/p>\n<p><img loading=\"lazy\" decoding=\"async\" class=\"alignnone size-full wp-image-1785\" src=\"https:\/\/autothaiduong.vn\/wp-content\/uploads\/2025\/05\/14-06-2024-0-1718360636-DSC02993-Enhanced-NR.jpg\" alt=\"BI LED HENVVEI L83 PRO\" width=\"800\" height=\"800\" srcset=\"https:\/\/autothaiduong.vn\/wp-content\/uploads\/2025\/05\/14-06-2024-0-1718360636-DSC02993-Enhanced-NR.jpg 800w, https:\/\/autothaiduong.vn\/wp-content\/uploads\/2025\/05\/14-06-2024-0-1718360636-DSC02993-Enhanced-NR-600x600.jpg 600w, https:\/\/autothaiduong.vn\/wp-content\/uploads\/2025\/05\/14-06-2024-0-1718360636-DSC02993-Enhanced-NR-300x300.jpg 300w, https:\/\/autothaiduong.vn\/wp-content\/uploads\/2025\/05\/14-06-2024-0-1718360636-DSC02993-Enhanced-NR-768x768.jpg 768w, https:\/\/autothaiduong.vn\/wp-content\/uploads\/2025\/05\/14-06-2024-0-1718360636-DSC02993-Enhanced-NR-100x100.jpg 100w\" sizes=\"auto, (max-width: 800px) 100vw, 800px\" \/><\/p>\n<h2><a id=\"1-h-nh--nh--nh-s-ng-th--c-t--c--a-bi-led-henvvei-l83-pro\" class=\"toc-a-tag\"><\/a>1. H\u00ecnh \u1ea3nh \u00e1nh s\u00e1ng th\u1ef1c t\u1ebf c\u1ee7a Bi LED Henvvei L83 Pro<\/h2>\n<h3><a id=\"1-1-h-nh--nh--nh-s-ng-th--c-t--cos-c--a-bi-led-henvvei-l83-pro\" class=\"toc-a-tag\"><\/a>1.1 H\u00ecnh \u1ea3nh \u00e1nh s\u00e1ng th\u1ef1c t\u1ebf Cos c\u1ee7a Bi LED Henvvei L83 Pro<\/h3>\n<ul>\n<li aria-level=\"1\">Test b\u1ea3ng canh \u0111\u00e8n: \u0111ang c\u1eadp nh\u1eadt<\/li>\n<li aria-level=\"1\">Test th\u1ef1c t\u1ebf: \u0111ang c\u1eadp nh\u1eadt<\/li>\n<\/ul>\n<p>\u00c1nh s\u00e1ng Cos c\u1ee7a bi LED Henvvei L83 Pro cho ra \u00e1nh s\u00e1ng m\u1ea1nh m\u1ebd v\u1edbi cung t\u1ecfa r\u1ed9ng ra hai b\u00ean, \u00e1nh s\u00e1ng \u0111\u01b0\u1ee3c t\u1eadp trung \u1edf b\u1ee5ng s\u00e1ng v\u1edbi \u00e1nh s\u00e1ng m\u1ecbn m\u00e0ng v\u00e0 b\u00e1m \u0111\u01b0\u1eddng gi\u00fap cho t\u00e0i x\u1ebf d\u1ec5 d\u00e0ng quan s\u00e1t khi di chuy\u1ec3n \u1edf nh\u1eefng khu v\u1ef1c thi\u1ebfu \u00e1nh s\u00e1ng ho\u1eb7c nh\u1eefng cung \u0111\u01b0\u1eddng c\u00f3 ch\u01b0\u1edbng ng\u1ea1i v\u1eadt, t\u1eeb \u0111\u00f3 \u0111\u1ea3m b\u1ea3o h\u00e0nh tr\u00ecnh di chuy\u1ec3n tr\u1edf n\u00ean an to\u00e0n h\u01a1n v\u00e0 mang \u0111\u1ebfn tr\u1ea3i nghi\u1ec7m l\u00e1i xe m\u1ed9t c\u00e1ch t\u1ed1t nh\u1ea5t.<\/p>\n<p><img loading=\"lazy\" decoding=\"async\" class=\"alignnone size-full wp-image-1786\" src=\"https:\/\/autothaiduong.vn\/wp-content\/uploads\/2025\/05\/1-COS.jpg\" alt=\"\" width=\"1280\" height=\"858\" srcset=\"https:\/\/autothaiduong.vn\/wp-content\/uploads\/2025\/05\/1-COS.jpg 1280w, https:\/\/autothaiduong.vn\/wp-content\/uploads\/2025\/05\/1-COS-600x402.jpg 600w, https:\/\/autothaiduong.vn\/wp-content\/uploads\/2025\/05\/1-COS-1024x686.jpg 1024w, https:\/\/autothaiduong.vn\/wp-content\/uploads\/2025\/05\/1-COS-768x515.jpg 768w\" sizes=\"auto, (max-width: 1280px) 100vw, 1280px\" \/><\/p>\n<ul>\n<li aria-level=\"1\">H\u00ecnh \u1ea3nh l\u01b0u th\u00f4ng tr\u00ean \u0111\u01b0\u1eddng: \u0111ang c\u1eadp nh\u1eadt<\/li>\n<\/ul>\n<h3><a id=\"1-2-h-nh--nh-th--c-t--pha-c--a-bi-led-henvvei-l83-pro\" class=\"toc-a-tag\"><\/a>1.2 H\u00ecnh \u1ea3nh th\u1ef1c t\u1ebf Pha c\u1ee7a Bi LED Henvvei L83 Pro<\/h3>\n<ul>\n<li aria-level=\"1\">Test b\u1ea3ng canh \u0111\u00e8n: \u0111ang c\u1eadp nh\u1eadt<\/li>\n<li aria-level=\"1\">Test th\u1ef1c t\u1ebf: \u0111ang c\u1eadp nh\u1eadt<\/li>\n<\/ul>\n<p>Nh\u1eafc \u0111\u1ebfn th\u01b0\u01a1ng hi\u1ec7u Henvvei l\u00e0 nh\u1eafc \u0111\u1ebfn Pha kh\u1ee7ng, m\u1eb7c d\u00f9 L83 Pro l\u00e0 d\u00f2ng \u0111\u00e8n bi LED nh\u01b0ng h\u00e3ng v\u1eabn t\u1ef1 tin r\u1eb1ng \u0111\u00e2y l\u00e0 d\u00f2ng \u0111\u00e8n c\u00f3 \u00e1nh s\u00e1ng Pha \u201ckh\u1ee7ng\u201d v\u00e0 \u201cm\u1ea1nh\u201d nh\u1ea5t trong ph\u00e2n kh\u00fac gi\u00e1.<\/p>\n<p>\u0110\u1eb7c bi\u1ec7t, bi LED Henvvei L83 Pro trang b\u1ecb cho m\u00ecnh m\u1ed9t m\u1eaft tr\u1ee3 Pha l\u1edbn gi\u00fap \u00e1nh s\u00e1ng c\u1ee7a Pha \u201cgi\u1ea3 l\u1eadp Laser\u201d\u00a0 ho\u1ea1t \u0111\u1ed9ng \u1edf c\u00f4ng su\u1ea5t \u0111\u1ea1t 80W cho ra \u00e1nh s\u00e1ng v\u01b0\u1ee3t tr\u1ed9i v\u1edbi t\u1ea7m chi\u1ebfu xa r\u1ed9ng v\u00e0 cao l\u00ean \u0111\u1ebfn 800m th\u00ec Henvvei L83 Pro c\u00f3 th\u1ec3 \u0111\u00e1p \u1ee9ng \u0111\u01b0\u1ee3c nhu c\u1ea7u di chuy\u1ec3n Pha cho nh\u1eefng kh\u00e1ch h\u00e0ng kh\u00f3 t\u00ednh nh\u1ea5t.<\/p>\n<p><img loading=\"lazy\" decoding=\"async\" class=\"alignnone size-full wp-image-1787\" src=\"https:\/\/autothaiduong.vn\/wp-content\/uploads\/2025\/05\/2-PHA.jpg\" alt=\"\" width=\"1280\" height=\"858\" srcset=\"https:\/\/autothaiduong.vn\/wp-content\/uploads\/2025\/05\/2-PHA.jpg 1280w, https:\/\/autothaiduong.vn\/wp-content\/uploads\/2025\/05\/2-PHA-600x402.jpg 600w, https:\/\/autothaiduong.vn\/wp-content\/uploads\/2025\/05\/2-PHA-1024x686.jpg 1024w, https:\/\/autothaiduong.vn\/wp-content\/uploads\/2025\/05\/2-PHA-768x515.jpg 768w\" sizes=\"auto, (max-width: 1280px) 100vw, 1280px\" \/><\/p>\n<ul>\n<li aria-level=\"1\">H\u00ecnh \u1ea3nh l\u01b0u th\u00f4ng tr\u00ean \u0111\u01b0\u1eddng: \u0111ang c\u1eadp nh\u1eadt<\/li>\n<\/ul>\n<h3><a id=\"1-3-h-nh--nh--nh-s-ng-th--c-t--cos-pha-c--a-bi-led-henvvei-l83-pro\" class=\"toc-a-tag\"><\/a>1.3 H\u00ecnh \u1ea3nh \u00e1nh s\u00e1ng th\u1ef1c t\u1ebf Cos\/Pha c\u1ee7a Bi LED Henvvei L83 Pro<\/h3>\n<p>&nbsp;<\/p>\n<h2><a id=\"2-video-th--c-t---nh-s-ng-bi-led-henvvei-l83-pro\" class=\"toc-a-tag\"><\/a>2. Video th\u1ef1c t\u1ebf \u00e1nh s\u00e1ng Bi LED Henvvei L83 Pro<\/h2>\n<h3><a id=\"2-1-video-test-b--ng-canh---n-bi-led-henvvei-l83-pro\" class=\"toc-a-tag\"><\/a>2.1 Video test b\u1ea3ng canh \u0111\u00e8n Bi LED Henvvei L83 Pro<\/h3>\n<h3><a id=\"2-2-video-flycam-th--c-t---nh-s-ng-bi-led-henvvei-l83-pro\" class=\"toc-a-tag\"><\/a>2.2 Video Flycam th\u1ef1c t\u1ebf \u00e1nh s\u00e1ng bi LED Henvvei L83 Pro<\/h3>\n<ul>\n<li aria-level=\"1\">Flycam test t\u1eeb g\u00f3c tr\u00ean cao: \u0111ang c\u1eadp nh\u1eadt<\/li>\n<li aria-level=\"1\">Flycam test t\u1eeb g\u00f3c th\u1eb3ng \u0111\u1ee9ng: \u0111ang c\u1eadp nh\u1eadt<\/li>\n<li aria-level=\"1\">Flycam test t\u1eeb g\u00f3c b\u00ean h\u00f4ng: \u0111ang c\u1eadp nh\u1eadt<\/li>\n<li aria-level=\"1\">Flycam test t\u1eeb g\u00f3c tr\u01b0\u1edbc \u0111\u1ea7u xe: \u0111ang c\u1eadp nh\u1eadt<\/li>\n<\/ul>\n<h3><a id=\"2-3-video-th--c-t---nh-s-ng-bi-led-henvvei-l83-pro\" class=\"toc-a-tag\"><\/a>2.3 Video th\u1ef1c t\u1ebf \u00e1nh s\u00e1ng Bi LED Henvvei L83 Pro<\/h3>\n<p>&nbsp;<\/p>\n<h2><a id=\"3-c-ng-ngh--bi-led-henvvei-l83-pro\" class=\"toc-a-tag\"><\/a>3. C\u00f4ng ngh\u1ec7 Bi LED Henvvei L83 Pro<\/h2>\n<h3><a id=\"3-1-thi--t-k--body-c--a-bi-led-henvvei-l83-pro\" class=\"toc-a-tag\"><\/a>3.1 Thi\u1ebft k\u1ebf body c\u1ee7a Bi LED Henvvei L83 Pro<\/h3>\n<p>Kh\u00e1c v\u1edbi c\u00e1c s\u1ea3n ph\u1ea9m tr\u01b0\u1edbc c\u1ee7a Henvvei, Bi LED Henvvei L83 Pro \u0111\u01b0\u1ee3c thi\u1ebft k\u1ebf nh\u1ecf g\u1ecdn v\u00e0 ngo\u1ea1i h\u00ecnh ng\u1eafn h\u01a1n v\u1edbi t\u1ed5ng chi\u1ec1u d\u00e0i kho\u1ea3ng 141mm, gi\u00fap qu\u00e1 tr\u00ecnh l\u1eafp \u0111\u1eb7t tr\u00ean c\u00e1c d\u00f2ng xe tr\u1edf n\u00ean d\u1ec5 d\u00e0ng h\u01a1n. Ngo\u00e0i ra, s\u1ea3n ph\u1ea9m \u0111\u01b0\u1ee3c ho\u00e0n thi\u1ec7n b\u1edfi v\u1eadt li\u1ec7u Aluminum cao c\u1ea5p gi\u00fap \u0111em \u0111\u1ebfn s\u1ef1 c\u1ee9ng c\u00e1p v\u00e0 t\u0103ng \u0111\u1ed9 b\u1ec1n cho s\u1ea3n ph\u1ea9m.<\/p>\n<p><img loading=\"lazy\" decoding=\"async\" class=\"alignnone size-full wp-image-1788\" src=\"https:\/\/autothaiduong.vn\/wp-content\/uploads\/2025\/05\/henvvei-l83-pro-7.jpg\" alt=\"\" width=\"1280\" height=\"1280\" srcset=\"https:\/\/autothaiduong.vn\/wp-content\/uploads\/2025\/05\/henvvei-l83-pro-7.jpg 1280w, https:\/\/autothaiduong.vn\/wp-content\/uploads\/2025\/05\/henvvei-l83-pro-7-600x600.jpg 600w, https:\/\/autothaiduong.vn\/wp-content\/uploads\/2025\/05\/henvvei-l83-pro-7-1024x1024.jpg 1024w, https:\/\/autothaiduong.vn\/wp-content\/uploads\/2025\/05\/henvvei-l83-pro-7-300x300.jpg 300w, https:\/\/autothaiduong.vn\/wp-content\/uploads\/2025\/05\/henvvei-l83-pro-7-768x768.jpg 768w, https:\/\/autothaiduong.vn\/wp-content\/uploads\/2025\/05\/henvvei-l83-pro-7-100x100.jpg 100w\" sizes=\"auto, (max-width: 1280px) 100vw, 1280px\" \/><\/p>\n<p>\u0110i\u1ec3m \u0111\u1eb7c bi\u1ec7t c\u1ee7a Henvvei L83 Pro l\u00e0 b\u1ed5 sung th\u00eam 1 tr\u1ee3 Pha l\u1edbn theo xu h\u01b0\u1edbng c\u00f4ng ngh\u1ec7 m\u1edbi, gi\u00fap s\u1ea3n ph\u1ea9m mang m\u1ed9t v\u1ebb \u0111\u1eb9p hi\u1ec7n \u0111\u1ea1i v\u00e0 \u1ea5n t\u01b0\u1ee3ng. \u00c1nh s\u00e1ng c\u1ee7a \u0111\u00e8n \u0111\u01b0\u1ee3c t\u1eadp trung ch\u1ee7 y\u1ebfu t\u1ea1i m\u1eaft tr\u1ee3 Pha n\u00e0y n\u00ean cho ra \u00e1nh s\u00e1ng Pha v\u00f4 c\u00f9ng m\u1ea1nh m\u1ebd.<\/p>\n<p><img loading=\"lazy\" decoding=\"async\" class=\"alignnone size-full wp-image-1789\" src=\"https:\/\/autothaiduong.vn\/wp-content\/uploads\/2025\/05\/henvvei-l83-pro-11.jpg\" alt=\"\" width=\"1280\" height=\"1280\" srcset=\"https:\/\/autothaiduong.vn\/wp-content\/uploads\/2025\/05\/henvvei-l83-pro-11.jpg 1280w, https:\/\/autothaiduong.vn\/wp-content\/uploads\/2025\/05\/henvvei-l83-pro-11-600x600.jpg 600w, https:\/\/autothaiduong.vn\/wp-content\/uploads\/2025\/05\/henvvei-l83-pro-11-1024x1024.jpg 1024w, https:\/\/autothaiduong.vn\/wp-content\/uploads\/2025\/05\/henvvei-l83-pro-11-300x300.jpg 300w, https:\/\/autothaiduong.vn\/wp-content\/uploads\/2025\/05\/henvvei-l83-pro-11-768x768.jpg 768w, https:\/\/autothaiduong.vn\/wp-content\/uploads\/2025\/05\/henvvei-l83-pro-11-100x100.jpg 100w\" sizes=\"auto, (max-width: 1280px) 100vw, 1280px\" \/><\/p>\n<p>M\u1eaft tr\u1ee3 Pha th\u1ebf h\u1ec7 m\u1edbi<\/p>\n<h3><a id=\"3-2-h--th--ng-t--n-nhi--t-c--a-bi-led-henvvei-l83-pro\" class=\"toc-a-tag\"><\/a>3.2 H\u1ec7 th\u1ed1ng t\u1ea3n nhi\u1ec7t c\u1ee7a Bi LED Henvvei L83 Pro<\/h3>\n<p>Bi LED Henvvei L83 Pro trang b\u1ecb h\u1ec7 th\u1ed1ng t\u1ea3n nhi\u1ec7t cao c\u1ea5p \u0111\u01b0\u1ee3c ho\u00e0n thi\u1ec7n t\u1eeb v\u1eadt li\u1ec7u Aluminum v\u00f4 c\u00f9ng t\u1ed1t, nh\u1edd \u0111\u00f3 qu\u00e1 tr\u00ecnh t\u1ea3n nhi\u1ec7t di\u1ec5n ra m\u1ed9t c\u00e1ch nhanh ch\u00f3ng v\u00e0 hi\u1ec7u qu\u1ea3 h\u01a1n, gi\u00fap cho \u0111\u00e8n lu\u00f4n \u1edf tr\u1ea1ng th\u00e1i m\u00e1t m\u1ebb, gia t\u0103ng \u0111\u1ed9 b\u1ec1n cho s\u1ea3n ph\u1ea9m.<\/p>\n<p><img loading=\"lazy\" decoding=\"async\" class=\"alignnone size-full wp-image-1790\" src=\"https:\/\/autothaiduong.vn\/wp-content\/uploads\/2025\/05\/henvvei-l83-pro-12.jpg\" alt=\"\" width=\"1280\" height=\"1280\" srcset=\"https:\/\/autothaiduong.vn\/wp-content\/uploads\/2025\/05\/henvvei-l83-pro-12.jpg 1280w, https:\/\/autothaiduong.vn\/wp-content\/uploads\/2025\/05\/henvvei-l83-pro-12-600x600.jpg 600w, https:\/\/autothaiduong.vn\/wp-content\/uploads\/2025\/05\/henvvei-l83-pro-12-1024x1024.jpg 1024w, https:\/\/autothaiduong.vn\/wp-content\/uploads\/2025\/05\/henvvei-l83-pro-12-300x300.jpg 300w, https:\/\/autothaiduong.vn\/wp-content\/uploads\/2025\/05\/henvvei-l83-pro-12-768x768.jpg 768w, https:\/\/autothaiduong.vn\/wp-content\/uploads\/2025\/05\/henvvei-l83-pro-12-100x100.jpg 100w\" sizes=\"auto, (max-width: 1280px) 100vw, 1280px\" \/><\/p>\n<p>B\u00ean c\u1ea1nh \u0111\u00f3, Henvvei L83 Pro trang b\u1ecb Driver r\u1eddi n\u1eb1m \u0111\u1ed9c l\u1eadp b\u00ean ngo\u00e0i v\u1edbi ph\u1ea7n \u0111\u00e1y r\u1ed9ng, nh\u1edd \u0111\u00f3 m\u00e0 nhi\u1ec7t c\u1ee7a Driver s\u1ebd ho\u1ea1t \u0111\u1ed9ng b\u00ean ngo\u00e0i, t\u1eeb \u0111\u00f3 m\u00e0 nhi\u1ec7t \u1edf b\u00ean trong \u0111\u00e8n \u0111\u01b0\u1ee3c gi\u1ea3m \u0111i \u0111\u00e1ng k\u1ec3 so v\u1edbi c\u00e1c d\u00f2ng \u0111\u00e8n kh\u00e1c s\u1eed d\u1ee5ng Driver t\u00edch h\u1ee3p, gi\u00fap \u0111\u1ed9 b\u1ec1n c\u1ee7a s\u1ea3n ph\u1ea9m \u0111\u01b0\u1ee3c t\u0103ng cao.<\/p>\n<p><img loading=\"lazy\" decoding=\"async\" class=\"alignnone size-full wp-image-1791\" src=\"https:\/\/autothaiduong.vn\/wp-content\/uploads\/2025\/05\/henvvei-l83-pro-13.jpg\" alt=\"\" width=\"1280\" height=\"1280\" srcset=\"https:\/\/autothaiduong.vn\/wp-content\/uploads\/2025\/05\/henvvei-l83-pro-13.jpg 1280w, https:\/\/autothaiduong.vn\/wp-content\/uploads\/2025\/05\/henvvei-l83-pro-13-600x600.jpg 600w, https:\/\/autothaiduong.vn\/wp-content\/uploads\/2025\/05\/henvvei-l83-pro-13-1024x1024.jpg 1024w, https:\/\/autothaiduong.vn\/wp-content\/uploads\/2025\/05\/henvvei-l83-pro-13-300x300.jpg 300w, https:\/\/autothaiduong.vn\/wp-content\/uploads\/2025\/05\/henvvei-l83-pro-13-768x768.jpg 768w, https:\/\/autothaiduong.vn\/wp-content\/uploads\/2025\/05\/henvvei-l83-pro-13-100x100.jpg 100w\" sizes=\"auto, (max-width: 1280px) 100vw, 1280px\" \/><\/p>\n<h3><a id=\"3-3-c--u-h-nh--nh-s-ng-c--a-bi-led-henvvei-l83-pro\" class=\"toc-a-tag\"><\/a>3.3 C\u1ea5u h\u00ecnh \u00e1nh s\u00e1ng c\u1ee7a Bi LED Henvvei L83 Pro<\/h3>\n<p>Bi LED Henvvei L83 Pro trang b\u1ecb c\u1ea5u h\u00ecnh 9 nh\u00e2n LED n\u1eb1m \u1edf ch\u00f3a ph\u1ea3n x\u1ea1 ch\u00ednh v\u1edbi \u00e1nh s\u00e1ng \u0111\u01b0\u1ee3c t\u1eadp trung \u1edf b\u1ee5ng s\u00e1ng, cung t\u1ecfa r\u1ed9ng v\u00e0 b\u00e1m \u0111\u01b0\u1eddng. Khi ho\u1ea1t \u0111\u1ed9ng \u1edf ch\u1ebf \u0111\u1ed9 Cos, bi LED Henvvei \u0111\u1ea1t c\u00f4ng su\u1ea5t 60W gi\u00fap \u00e1nh s\u00e1ng ph\u00e1t ra m\u1ea1nh m\u1ebd, gom t\u1ea1i t\u00e2m gi\u00fap cho t\u00e0i x\u1ebf d\u1ec5 d\u00e0ng quan s\u00e1t \u1edf nh\u1eefng cung \u0111\u01b0\u1eddng thi\u1ebfu s\u00e1ng.<\/p>\n<p><img loading=\"lazy\" decoding=\"async\" class=\"alignnone size-full wp-image-1792\" src=\"https:\/\/autothaiduong.vn\/wp-content\/uploads\/2025\/05\/henvvei-l83-pro-14.jpg\" alt=\"\" width=\"1280\" height=\"1280\" srcset=\"https:\/\/autothaiduong.vn\/wp-content\/uploads\/2025\/05\/henvvei-l83-pro-14.jpg 1280w, https:\/\/autothaiduong.vn\/wp-content\/uploads\/2025\/05\/henvvei-l83-pro-14-600x600.jpg 600w, https:\/\/autothaiduong.vn\/wp-content\/uploads\/2025\/05\/henvvei-l83-pro-14-1024x1024.jpg 1024w, https:\/\/autothaiduong.vn\/wp-content\/uploads\/2025\/05\/henvvei-l83-pro-14-300x300.jpg 300w, https:\/\/autothaiduong.vn\/wp-content\/uploads\/2025\/05\/henvvei-l83-pro-14-768x768.jpg 768w, https:\/\/autothaiduong.vn\/wp-content\/uploads\/2025\/05\/henvvei-l83-pro-14-100x100.jpg 100w\" sizes=\"auto, (max-width: 1280px) 100vw, 1280px\" \/><\/p>\n<p>Khi chuy\u1ec3n sang ch\u1ebf \u0111\u1ed9 Pha, bi LED Henvvei L83 Pro ho\u1ea1t \u0111\u1ed9ng cho ra c\u00f4ng su\u1ea5t Pha l\u00ean \u0111\u1ebfn 80W, k\u1ebft h\u1ee3p v\u1edbi \u0111\u00f3 l\u00e0 c\u00f4ng ngh\u1ec7 Pha \u201cgi\u1ea3 l\u1eadp Laser\u201d gi\u00fap \u00e1nh s\u00e1ng ph\u00e1t ra v\u01b0\u1ee3t tr\u1ed9i, \u0111\u1ea1t t\u1ea7m chi\u1ebfu xa c\u1ef1c kh\u1ee7ng gi\u00fap cho t\u00e0i x\u1ebf c\u00f3 th\u1ec3 quan s\u00e1t khu v\u1ef1c ph\u00eda tr\u01b0\u1edbc trong kho\u1ea3ng c\u00e1ch 800m \u0111\u1ed5 l\u1ea1i, Henvvei L83 Pro \u0111\u01b0\u1ee3c \u0111\u00e1nh gi\u00e1 l\u00e0 \u201cvua pha\u201d trong trong c\u00e1c d\u00f2ng bi LED \u1edf ph\u00e2n kh\u00fac gi\u00e1.<\/p>\n<p><img loading=\"lazy\" decoding=\"async\" class=\"alignnone size-full wp-image-1793\" src=\"https:\/\/autothaiduong.vn\/wp-content\/uploads\/2025\/05\/henvvei-l83-pro-15.jpg\" alt=\"\" width=\"1280\" height=\"1280\" srcset=\"https:\/\/autothaiduong.vn\/wp-content\/uploads\/2025\/05\/henvvei-l83-pro-15.jpg 1280w, https:\/\/autothaiduong.vn\/wp-content\/uploads\/2025\/05\/henvvei-l83-pro-15-600x600.jpg 600w, https:\/\/autothaiduong.vn\/wp-content\/uploads\/2025\/05\/henvvei-l83-pro-15-1024x1024.jpg 1024w, https:\/\/autothaiduong.vn\/wp-content\/uploads\/2025\/05\/henvvei-l83-pro-15-300x300.jpg 300w, https:\/\/autothaiduong.vn\/wp-content\/uploads\/2025\/05\/henvvei-l83-pro-15-768x768.jpg 768w, https:\/\/autothaiduong.vn\/wp-content\/uploads\/2025\/05\/henvvei-l83-pro-15-100x100.jpg 100w\" sizes=\"auto, (max-width: 1280px) 100vw, 1280px\" \/><\/p>\n<p>Bi LED Henvvei L83 Pro s\u1edf h\u1eefu nhi\u1ec7t m\u00e0u 5800K cho ra \u00e1nh s\u00e1ng tr\u1eafng th\u1eddi trang, c\u00f9ng v\u1edbi \u0111\u00f3 l\u00e0 \u0111\u1ed9 ho\u00e0n m\u00e0u cao gi\u00fap cho vi\u1ec7c quan s\u00e1t c\u1ee7a t\u00e0i x\u1ebf tr\u1edf n\u00ean d\u1ec5 d\u00e0ng v\u00e0 n\u1ecbnh m\u1eaft h\u01a1n. \u0110\u1eb7c bi\u1ec7t v\u1edbi nhi\u1ec7t m\u00e0u n\u00e0y th\u00ec t\u00e0i x\u1ebf c\u00f3 th\u1ec3 di chuy\u1ec3n \u1edf nhi\u1ec1u \u0111i\u1ec1u ki\u1ec7n kh\u00e1c nhau, \u0111em \u0111\u1ebfn tr\u1ea3i nghi\u1ec7m l\u00e1i xe m\u1ed9t c\u00e1ch t\u1ed1t nh\u1ea5t.<\/p>\n<h3><a id=\"3-4-c--m-bi--n-nhi--t-c--a-bi-led-henvvei-l83-pro\" class=\"toc-a-tag\"><\/a>3.4 C\u1ea3m bi\u1ebfn nhi\u1ec7t c\u1ee7a Bi LED Henvvei L83 Pro<\/h3>\n<p>\u0110i\u1ec3m c\u1ea3i ti\u1ebfn c\u1ee7a Henvvei L83 Pro so v\u1edbi c\u00e1c d\u00f2ng s\u1ea3n ph\u1ea9m tr\u01b0\u1edbc trong h\u1ec7 sinh th\u00e1i \u0111\u00e8n t\u0103ng s\u00e1ng Henvvei l\u00e0 trang b\u1ecb th\u00eam c\u00f4ng ngh\u1ec7 \u201cc\u1ea3m bi\u1ebfn nhi\u1ec7t\u201d. C\u00f4ng ngh\u1ec7 n\u00e0y gi\u00fap cho \u0111\u00e8n t\u1ef1 c\u1ea3m nh\u1eadn khi chip LED ho\u1ea1t \u0111\u1ed9ng qu\u00e1 nhi\u1ec7t, t\u1eeb \u0111\u00f3 ch\u1ee7 \u0111\u1ed9ng t\u1ef1 \u0111i\u1ec1u ch\u1ec9nh c\u00f4ng su\u1ea5t c\u1ee7a chip LED v\u1ec1 ng\u01b0\u1ee1ng an to\u00e0n, ph\u00f9 h\u1ee3p v\u1edbi \u0111i\u1ec1u ki\u1ec7n m\u00f4i tr\u01b0\u1eddng ho\u1ea1t \u0111\u1ed9ng. Nh\u1edd v\u1eady m\u00e0 \u0111\u00e8n lu\u00f4n \u0111\u01b0\u1ee3c \u0111\u1ea3m b\u1ea3o v\u1ec1 ch\u1ea5t l\u01b0\u1ee3ng c\u0169ng nh\u01b0 gia t\u0103ng tu\u1ed5i th\u1ecd c\u1ee7a s\u1ea3n ph\u1ea9m.<\/p>\n<p><img loading=\"lazy\" decoding=\"async\" class=\"alignnone size-full wp-image-1794\" src=\"https:\/\/autothaiduong.vn\/wp-content\/uploads\/2025\/05\/henvvei-l83-pro-16.jpg\" alt=\"\" width=\"1280\" height=\"1280\" srcset=\"https:\/\/autothaiduong.vn\/wp-content\/uploads\/2025\/05\/henvvei-l83-pro-16.jpg 1280w, https:\/\/autothaiduong.vn\/wp-content\/uploads\/2025\/05\/henvvei-l83-pro-16-600x600.jpg 600w, https:\/\/autothaiduong.vn\/wp-content\/uploads\/2025\/05\/henvvei-l83-pro-16-1024x1024.jpg 1024w, https:\/\/autothaiduong.vn\/wp-content\/uploads\/2025\/05\/henvvei-l83-pro-16-300x300.jpg 300w, https:\/\/autothaiduong.vn\/wp-content\/uploads\/2025\/05\/henvvei-l83-pro-16-768x768.jpg 768w, https:\/\/autothaiduong.vn\/wp-content\/uploads\/2025\/05\/henvvei-l83-pro-16-100x100.jpg 100w\" sizes=\"auto, (max-width: 1280px) 100vw, 1280px\" \/><\/p>\n","protected":false},"excerpt":{"rendered":"<p>Th\u01b0\u01a1ng hi\u1ec7u t\u0103ng s\u00e1ng Henvvei ch\u00ednh th\u1ee9c cho ra d\u00f2ng s\u1ea3n ph\u1ea9m bi LED ho\u00e0n to\u00e0n m\u1edbi v\u1edbi \u00e1nh s\u00e1ng Pha si\u00eau kh\u1ee7ng, \u0111\u00e2y \u0111\u01b0\u1ee3c xem l\u00e0 d\u00f2ng s\u1ea3n ph\u1ea9m c\u00f3 \u00e1nh s\u00e1ng Pha m\u1ea1nh nh\u1ea5t trong ph\u00e2n kh\u00fac gi\u00e1 bi LED hi\u1ec7n nay, ch\u1eafc ch\u1eafc bi LED Henvvei L83 Pro s\u1ebd tr\u1edf th\u00e0nh s\u1ea3n ph\u1ea9m t\u0103ng s\u00e1ng s\u00e1ng gi\u00e1 nh\u1ea5t trong th\u1eddi gian \u0111\u1ebfn.<\/p>\n<p><strong><span style=\"color: #ff0000;\">Auto Th\u00e1i D\u01b0\u01a1ng <span style=\"color: #000000;\">&#8211;<\/span><\/span><\/strong> \u0110\u1ea1i l\u00ed ch\u00ednh h\u00e3ng<strong> Henvei<\/strong> t\u1ea1i <strong>TP.B\u1ea3o L\u1ed9c\u00a0<\/strong><\/p>\n<p><strong>Hotline: 0912197441<\/strong><\/p>\n","protected":false},"featured_media":1784,"comment_status":"open","ping_status":"closed","template":"","meta":[],"product_brand":[136],"product_cat":[16,26],"product_tag":[],"class_list":{"0":"post-1783","1":"product","2":"type-product","3":"status-publish","4":"has-post-thumbnail","6":"product_brand-henvei","7":"product_cat-anh-sang","8":"product_cat-bi-led","10":"first","11":"instock","12":"shipping-taxable","13":"purchasable","14":"product-type-simple"},"_links":{"self":[{"href":"https:\/\/autothaiduong.vn\/index.php?rest_route=\/wp\/v2\/product\/1783","targetHints":{"allow":["GET"]}}],"collection":[{"href":"https:\/\/autothaiduong.vn\/index.php?rest_route=\/wp\/v2\/product"}],"about":[{"href":"https:\/\/autothaiduong.vn\/index.php?rest_route=\/wp\/v2\/types\/product"}],"replies":[{"embeddable":true,"href":"https:\/\/autothaiduong.vn\/index.php?rest_route=%2Fwp%2Fv2%2Fcomments&post=1783"}],"wp:featuredmedia":[{"embeddable":true,"href":"https:\/\/autothaiduong.vn\/index.php?rest_route=\/wp\/v2\/media\/1784"}],"wp:attachment":[{"href":"https:\/\/autothaiduong.vn\/index.php?rest_route=%2Fwp%2Fv2%2Fmedia&parent=1783"}],"wp:term":[{"taxonomy":"product_brand","embeddable":true,"href":"https:\/\/autothaiduong.vn\/index.php?rest_route=%2Fwp%2Fv2%2Fproduct_brand&post=1783"},{"taxonomy":"product_cat","embeddable":true,"href":"https:\/\/autothaiduong.vn\/index.php?rest_route=%2Fwp%2Fv2%2Fproduct_cat&post=1783"},{"taxonomy":"product_tag","embeddable":true,"href":"https:\/\/autothaiduong.vn\/index.php?rest_route=%2Fwp%2Fv2%2Fproduct_tag&post=1783"}],"curies":[{"name":"wp","href":"https:\/\/api.w.org\/{rel}","templated":true}]}}