{"id":2350,"date":"2025-05-17T16:21:25","date_gmt":"2025-05-17T16:21:25","guid":{"rendered":"https:\/\/autothaiduong.vn\/?post_type=product&#038;p=2350"},"modified":"2025-05-17T16:21:29","modified_gmt":"2025-05-17T16:21:29","slug":"man-hinh-android-tmas-t500","status":"publish","type":"product","link":"https:\/\/autothaiduong.vn\/?product=man-hinh-android-tmas-t500","title":{"rendered":"M\u00e0n h\u00ecnh Android TMAS T500"},"content":{"rendered":"<p><img loading=\"lazy\" decoding=\"async\" class=\" wp-image-2010 aligncenter\" src=\"https:\/\/autothaiduong.vn\/wp-content\/uploads\/2025\/05\/z6584734442481_f208f5944548cb4b46353402ce2e64e0-2.jpg\" alt=\"\" width=\"258\" height=\"228\" \/><\/p>\n<p style=\"text-align: center;\"><span style=\"color: #ff0000; font-size: 140%;\"><strong>\u0110\u1ecba Ch\u1ec9 : 273-275 Tr\u1ea7n Ph\u00fa Ph\u01b0\u1eddng L\u1ed9c S\u01a1n Th\u00e0nh Ph\u1ed1 B\u1ea3o L\u1ed9c T\u1ec9nh L\u00e2m \u0110\u1ed3ng <\/strong><\/span><\/p>\n<p style=\"text-align: center;\"><span style=\"color: #ff0000; font-size: 140%;\"><strong>Hotline: 0912197441<\/strong><\/span><\/p>\n<p dir=\"ltr\">Tr\u1ea3i nghi\u1ec7m l\u00e1i xe kh\u00f4ng ch\u1ec9 d\u1eebng l\u1ea1i \u1edf vi\u1ec7c di chuy\u1ec3n t\u1eeb \u0111i\u1ec3m A \u0111\u1ebfn \u0111i\u1ec3m B m\u00e0 c\u00f2n l\u00e0 s\u1ef1 t\u1eadn h\u01b0\u1edfng nh\u1eefng ti\u1ec7n \u00edch, gi\u1ea3i tr\u00ed v\u00e0 h\u1ed7 tr\u1ee3 l\u00e1i xe th\u00f4ng minh ngay tr\u00ean ch\u00ednh chi\u1ebfc xe c\u1ee7a b\u1ea1n. M\u00e0n h\u00ecnh Android TMAS Safeview T500 ra \u0111\u1eddi nh\u1eb1m \u0111\u00e1p \u1ee9ng nhu c\u1ea7u n\u00e0y, mang \u0111\u1ebfn cho ng\u01b0\u1eddi d\u00f9ng m\u1ed9t thi\u1ebft b\u1ecb ti\u00ean ti\u1ebfn, k\u1ebft h\u1ee3p gi\u1eefa thi\u1ebft k\u1ebf tinh t\u1ebf v\u00e0 c\u00f4ng ngh\u1ec7 hi\u1ec7n \u0111\u1ea1i.<\/p>\n<p dir=\"ltr\"><img loading=\"lazy\" decoding=\"async\" class=\"alignnone size-full wp-image-2351\" src=\"https:\/\/autothaiduong.vn\/wp-content\/uploads\/2025\/05\/ProdEditor2073468880.png\" width=\"900\" height=\"522\" alt=\"M\u00e0n h\u00ecnh Android TMAS Safeview T500 \" srcset=\"https:\/\/autothaiduong.vn\/wp-content\/uploads\/2025\/05\/ProdEditor2073468880.png 900w, https:\/\/autothaiduong.vn\/wp-content\/uploads\/2025\/05\/ProdEditor2073468880-600x348.png 600w, https:\/\/autothaiduong.vn\/wp-content\/uploads\/2025\/05\/ProdEditor2073468880-768x445.png 768w\" sizes=\"auto, (max-width: 900px) 100vw, 900px\" \/><\/p>\n<p dir=\"ltr\">V\u1edbi c\u1ea5u h\u00ecnh m\u1ea1nh m\u1ebd, giao di\u1ec7n t\u00f9y bi\u1ebfn v\u00e0 h\u00e0ng lo\u1ea1t t\u00ednh n\u0103ng h\u1ed7 tr\u1ee3 th\u00f4ng minh, TMAS Safeview T500 kh\u00f4ng ch\u1ec9 n\u00e2ng t\u1ea7m n\u1ed9i th\u1ea5t xe m\u00e0 c\u00f2n \u0111em l\u1ea1i s\u1ef1 ti\u1ec7n l\u1ee3i, an to\u00e0n v\u00e0 phong c\u00e1ch cho m\u1ecdi h\u00e0nh tr\u00ecnh. C\u00f9ng kh\u00e1m ph\u00e1 chi ti\u1ebft v\u1ec1 s\u1ea3n ph\u1ea9m n\u00e0y \u0111\u1ec3 th\u1ea5y r\u00f5 h\u01a1n l\u00fd do v\u00ec sao TMAS Safeview T500 \u0111ang l\u00e0 l\u1ef1a ch\u1ecdn h\u00e0ng \u0111\u1ea7u cho c\u00e1c t\u00e0i x\u1ebf y\u00eau c\u00f4ng ngh\u1ec7.<\/p>\n<h2 dir=\"ltr\">1. Thi\u1ebft k\u1ebf th\u1eddi th\u01b0\u1ee3ng ph\u00f9 h\u1ee3p v\u1edbi nhi\u1ec1u d\u00f2ng xe<\/h2>\n<p dir=\"ltr\">TMAS Safeview T500 s\u1edf h\u1eefu thi\u1ebft k\u1ebf tinh t\u1ebf, \u0111\u1eb3ng c\u1ea5p, th\u00edch h\u1ee3p cho nhi\u1ec1u d\u00f2ng xe t\u1eeb sedan, SUV \u0111\u1ebfn c\u00e1c m\u1eabu xe gia \u0111\u00ecnh. V\u1edbi hai k\u00edch th\u01b0\u1edbc m\u00e0n h\u00ecnh t\u00f9y ch\u1ecdn 9 inch v\u00e0 10 inch, s\u1ea3n ph\u1ea9m n\u00e0y d\u1ec5 d\u00e0ng l\u1eafp \u0111\u1eb7t v\u00e0 t\u1ea1o s\u1ef1 h\u00e0i h\u00f2a trong kh\u00f4ng gian n\u1ed9i th\u1ea5t c\u1ee7a xe. B\u00ean c\u1ea1nh \u0111\u00f3, m\u00e0n h\u00ecnh \u0111\u01b0\u1ee3c thi\u1ebft k\u1ebf vi\u1ec1n m\u1ecfng, t\u1ed1i \u0111a h\u00f3a di\u1ec7n t\u00edch hi\u1ec3n th\u1ecb, mang \u0111\u1ebfn tr\u1ea3i nghi\u1ec7m h\u00ecnh \u1ea3nh s\u1ed1ng \u0111\u1ed9ng v\u00e0 tr\u1ef1c quan. V\u1ecf m\u00e0n h\u00ecnh \u0111\u01b0\u1ee3c ch\u1ebf t\u00e1c t\u1eeb ch\u1ea5t li\u1ec7u cao c\u1ea5p, b\u1ec1n \u0111\u1eb9p v\u00e0 ch\u1ed1ng tr\u1ea7y x\u01b0\u1edbc, gi\u00fap thi\u1ebft b\u1ecb gi\u1eef \u0111\u01b0\u1ee3c s\u1ef1 m\u1edbi m\u1ebb theo th\u1eddi gian.<\/p>\n<h2 dir=\"ltr\">2. Chip x\u1eed l\u00fd th\u1ebf h\u1ec7 m\u1edbi n\u00e2ng t\u1ea7ng tr\u1ea3i nghi\u1ec7m<\/h2>\n<p dir=\"ltr\">\u0110i\u1ec3m n\u1ed5i b\u1eadt c\u1ee7a TMAS Safeview T500 l\u00e0 chip x\u1eed l\u00fd 8 nh\u00e2n m\u1ea1nh m\u1ebd, gi\u00fap t\u0103ng t\u1ed1c \u0111\u1ed9 x\u1eed l\u00fd d\u1eef li\u1ec7u v\u00e0 \u0111\u1ea3m b\u1ea3o m\u1ecdi t\u00e1c v\u1ee5 di\u1ec5n ra nhanh ch\u00f3ng, m\u01b0\u1ee3t m\u00e0. C\u1ea5u h\u00ecnh RAM 2GB v\u00e0 ROM 32GB kh\u00f4ng ch\u1ec9 \u0111\u1ee7 \u0111\u00e1p \u1ee9ng nhu c\u1ea7u l\u01b0u tr\u1eef m\u00e0 c\u00f2n mang l\u1ea1i kh\u1ea3 n\u0103ng ho\u1ea1t \u0111\u1ed9ng \u0111a nhi\u1ec7m tuy\u1ec7t v\u1eddi. \u0110\u00e2y l\u00e0 m\u1ed9t trong nh\u1eefng s\u1ea3n ph\u1ea9m t\u1ed1t nh\u1ea5t trong t\u1ea7m gi\u00e1, cho ph\u00e9p ng\u01b0\u1eddi d\u00f9ng v\u1eeba c\u00f3 \u0111\u01b0\u1ee3c m\u1ee9c gi\u00e1 h\u1ee3p l\u00fd, v\u1eeba s\u1edf h\u1eefu c\u00f4ng ngh\u1ec7 ti\u00ean ti\u1ebfn. \u0110\u1ed9 ph\u00e2n gi\u1ea3i cao c\u1ee7a m\u00e0n h\u00ecnh c\u00f2n gi\u00fap hi\u1ec3n th\u1ecb h\u00ecnh \u1ea3nh s\u1eafc n\u00e9t, ch\u00e2n th\u1ef1c, t\u1eeb \u0111\u00f3 t\u1ed1i \u01b0u h\u00f3a tr\u1ea3i nghi\u1ec7m gi\u1ea3i tr\u00ed c\u0169ng nh\u01b0 c\u00e1c t\u00ednh n\u0103ng h\u1ed7 tr\u1ee3 l\u00e1i xe th\u00f4ng minh.<\/p>\n<h2 dir=\"ltr\">3. T\u00ednh n\u0103ng n\u1ed5i b\u1eadt c\u1ee7a m\u00e0n h\u00ecnh Android TMAS Safeview T500<\/h2>\n<h3 dir=\"ltr\">3.1. Giao di\u1ec7n TMAS Launcher \u0111\u1ed9c quy\u1ec1n, hi\u1ec7n \u0111\u1ea1i<\/h3>\n<p dir=\"ltr\">TMAS Safeview T500 \u0111\u01b0\u1ee3c trang b\u1ecb giao di\u1ec7n TMAS Launcher \u0111\u1ed9c quy\u1ec1n, thi\u1ebft k\u1ebf \u0111\u01a1n gi\u1ea3n v\u00e0 ti\u1ec7n l\u1ee3i, hi\u1ec3n th\u1ecb \u0111\u1ea7y \u0111\u1ee7 c\u00e1c th\u00f4ng tin c\u1ea7n thi\u1ebft cho qu\u00e1 tr\u00ecnh l\u00e1i xe nh\u01b0 ch\u1ec9 \u0111\u01b0\u1eddng, t\u1ed1c \u0111\u1ed9,c\u1ea3nh b\u00e1o giao th\u00f4ng, \u00a0th\u00f4ng tin gi\u1ea3i tr\u00ed\u2026 Ng\u01b0\u1eddi d\u00f9ng c\u00f3 th\u1ec3 d\u1ec5 d\u00e0ng t\u00f9y ch\u1ec9nh giao di\u1ec7n v\u1edbi c\u00e1c m\u00e0u s\u1eafc y\u00eau th\u00edch, mang l\u1ea1i c\u1ea3m gi\u00e1c m\u1edbi m\u1ebb v\u00e0 c\u00e1 nh\u00e2n h\u00f3a. S\u1ef1 thu\u1eadn ti\u1ec7n trong giao di\u1ec7n gi\u00fap ng\u01b0\u1eddi d\u00f9ng d\u1ec5 d\u00e0ng thao t\u00e1c ngay c\u1ea3 khi \u0111ang l\u00e1i xe, t\u1eeb \u0111\u00f3 \u0111\u1ea3m b\u1ea3o an to\u00e0n v\u00e0 ti\u1ec7n l\u1ee3i h\u01a1n.<\/p>\n<p dir=\"ltr\"><img loading=\"lazy\" decoding=\"async\" class=\"alignnone size-full wp-image-2352\" src=\"https:\/\/autothaiduong.vn\/wp-content\/uploads\/2025\/05\/ProdEditor1867146820.png\" width=\"900\" height=\"557\" alt=\"M\u00e0n h\u00ecnh Android TMAS Safeview T500 \" srcset=\"https:\/\/autothaiduong.vn\/wp-content\/uploads\/2025\/05\/ProdEditor1867146820.png 900w, https:\/\/autothaiduong.vn\/wp-content\/uploads\/2025\/05\/ProdEditor1867146820-600x371.png 600w, https:\/\/autothaiduong.vn\/wp-content\/uploads\/2025\/05\/ProdEditor1867146820-768x475.png 768w\" sizes=\"auto, (max-width: 900px) 100vw, 900px\" \/><em>L\u01b0u \u00fd: H\u00ecnh \u1ea3nh giao di\u1ec7n mang t\u00ednh minh h\u1ecda, giao di\u1ec7n th\u1ef1c t\u1ebf UI\/UX c\u1ee7a m\u00e0n h\u00ecnh c\u00f3 th\u1ec3 thay \u0111\u1ed5i theo b\u1ea3n c\u1eadp nh\u1eadt.<\/em><\/p>\n<h3 dir=\"ltr\">3.2. Th\u1ebf gi\u1edbi gi\u1ea3i tr\u00ed kh\u00f4ng gi\u1edbi h\u1ea1n<\/h3>\n<p dir=\"ltr\">TMAS Safeview T500 m\u1edf ra m\u1ed9t kh\u00f4ng gian gi\u1ea3i tr\u00ed phong ph\u00fa v\u1edbi kh\u1ea3 n\u0103ng truy c\u1eadp \u0111a d\u1ea1ng c\u00e1c \u1ee9ng d\u1ee5ng nh\u01b0 Youtube, Netflix, ZingMP3, Spotify, VTVgo\u2026 Ng\u01b0\u1eddi d\u00f9ng c\u00f3 th\u1ec3 tho\u1ea3i m\u00e1i xem phim, nghe nh\u1ea1c, c\u1eadp nh\u1eadt tin t\u1ee9c v\u00e0 tr\u1ea3i nghi\u1ec7m c\u00e1c ch\u01b0\u01a1ng tr\u00ecnh y\u00eau th\u00edch ngay tr\u00ean m\u00e0n h\u00ecnh xe m\u00e0 kh\u00f4ng c\u1ea7n ph\u1ea3i d\u00f9ng thi\u1ebft b\u1ecb b\u1ed5 sung. S\u1ef1 ti\u1ec7n l\u1ee3i n\u00e0y gi\u00fap m\u1ecdi h\u00e0nh tr\u00ecnh th\u00eam th\u00fa v\u1ecb, gi\u00fap c\u00e1c chuy\u1ebfn \u0111i d\u00e0i tr\u1edf n\u00ean nh\u1eb9 nh\u00e0ng v\u00e0 h\u1ea5p d\u1eabn h\u01a1n.<\/p>\n<h3 dir=\"ltr\">3.3. Khay c\u1eafm Sim 4G h\u1ed7 tr\u1ee3 k\u1ebft n\u1ed1i Internet m\u1ecdi n\u01a1i<\/h3>\n<p dir=\"ltr\">V\u1edbi khe c\u1eafm th\u1ebb sim 4G, TMAS Safeview T500 cho ph\u00e9p k\u1ebft n\u1ed1i Internet m\u1ecdi l\u00fac m\u1ecdi n\u01a1i, kh\u00f4ng ph\u1ee5 thu\u1ed9c v\u00e0o k\u1ebft n\u1ed1i Wi-Fi. B\u00ean c\u1ea1nh \u0111\u00f3, thi\u1ebft b\u1ecb c\u00f3 th\u1ec3 ph\u00e1t s\u00f3ng Wi-Fi cho c\u00e1c thi\u1ebft b\u1ecb di \u0111\u1ed9ng kh\u00e1c, gi\u00fap ng\u01b0\u1eddi d\u00f9ng d\u1ec5 d\u00e0ng truy c\u1eadp Internet. Kh\u1ea3 n\u0103ng k\u1ebft n\u1ed1i m\u1ea1nh m\u1ebd n\u00e0y gi\u00fap m\u00e0n h\u00ecnh lu\u00f4n s\u1eb5n s\u00e0ng cho c\u00e1c \u1ee9ng d\u1ee5ng tr\u1ef1c tuy\u1ebfn, t\u1eeb nghe nh\u1ea1c, xem video \u0111\u1ebfn tra c\u1ee9u b\u1ea3n \u0111\u1ed3. Ngo\u00e0i ra, s\u1ea3n ph\u1ea9m c\u00f2n c\u00f3 khay c\u1eafm th\u1ebb nh\u1edb Micro SD, gi\u00fap m\u1edf r\u1ed9ng b\u1ed9 nh\u1edb \u0111\u1ec3 l\u01b0u tr\u1eef c\u00e1c n\u1ed9i dung quan tr\u1ecdng.<\/p>\n<h3 dir=\"ltr\">3.4. T MEDIA \u2013 Gi\u1ea3i tr\u00ed \u0111\u1ec9nh cao kh\u00f4ng qu\u1ea3ng c\u00e1o<\/h3>\n<p dir=\"ltr\">TMAS Safeview T500 \u0111i k\u00e8m v\u1edbi \u1ee9ng d\u1ee5ng \u0111\u1ed9c quy\u1ec1n &#8220;T MEDIA&#8221;, cung c\u1ea5p tr\u1ea3i nghi\u1ec7m gi\u1ea3i tr\u00ed 3 trong 1 bao g\u1ed3m Youtube, TV v\u00e0 Radio kh\u00f4ng qu\u1ea3ng c\u00e1o. Ng\u01b0\u1eddi d\u00f9ng kh\u00f4ng c\u00f2n lo l\u1eafng v\u1ec1 c\u00e1c qu\u1ea3ng c\u00e1o g\u00e2y phi\u1ec1n nhi\u1ec5u, c\u00f3 th\u1ec3 t\u1eadn h\u01b0\u1edfng c\u00e1c ch\u01b0\u01a1ng tr\u00ecnh y\u00eau th\u00edch m\u1ed9t c\u00e1ch li\u1ec1n m\u1ea1ch, m\u01b0\u1ee3t m\u00e0. T MEDIA ch\u00ednh l\u00e0 m\u1ed9t \u0111i\u1ec3m c\u1ed9ng l\u1edbn c\u1ee7a s\u1ea3n ph\u1ea9m, gi\u00fap tr\u1ea3i nghi\u1ec7m gi\u1ea3i tr\u00ed tr\u1edf n\u00ean chuy\u00ean nghi\u1ec7p v\u00e0 cao c\u1ea5p h\u01a1n bao gi\u1edd h\u1ebft.<\/p>\n<p dir=\"ltr\"><img loading=\"lazy\" decoding=\"async\" class=\"alignnone size-full wp-image-2353\" src=\"https:\/\/autothaiduong.vn\/wp-content\/uploads\/2025\/05\/ProdEditor2076336560.png\" width=\"900\" height=\"537\" alt=\"M\u00e0n h\u00ecnh Android TMAS Safeview T500 \" srcset=\"https:\/\/autothaiduong.vn\/wp-content\/uploads\/2025\/05\/ProdEditor2076336560.png 900w, https:\/\/autothaiduong.vn\/wp-content\/uploads\/2025\/05\/ProdEditor2076336560-600x358.png 600w, https:\/\/autothaiduong.vn\/wp-content\/uploads\/2025\/05\/ProdEditor2076336560-768x458.png 768w\" sizes=\"auto, (max-width: 900px) 100vw, 900px\" \/><\/p>\n<h3 dir=\"ltr\">3.5. Ch\u1ea1y hai \u1ee9ng d\u1ee5ng song song tr\u00ean m\u1ed9t m\u00e0n h\u00ecnh<\/h3>\n<p dir=\"ltr\">M\u1ed9t trong nh\u1eefng t\u00ednh n\u0103ng ti\u1ec7n l\u1ee3i c\u1ee7a TMAS Safeview T500 l\u00e0 kh\u1ea3 n\u0103ng chia \u0111\u00f4i m\u00e0n h\u00ecnh, cho ph\u00e9p ng\u01b0\u1eddi d\u00f9ng ch\u1ea1y song song hai \u1ee9ng d\u1ee5ng c\u00f9ng hi\u1ec3n th\u1ecb. V\u1edbi t\u00ednh n\u0103ng n\u00e0y, b\u1ea1n c\u00f3 th\u1ec3 v\u1eeba m\u1edf b\u1ea3n \u0111\u1ed3 d\u1eabn \u0111\u01b0\u1eddng, v\u1eeba nghe nh\u1ea1c ho\u1eb7c xem tin t\u1ee9c tr\u00ean m\u1ed9t m\u00e0n h\u00ecnh duy nh\u1ea5t. \u0110i\u1ec1u n\u00e0y kh\u00f4ng ch\u1ec9 gi\u00fap ti\u1ebft ki\u1ec7m th\u1eddi gian m\u00e0 c\u00f2n mang \u0111\u1ebfn s\u1ef1 ti\u1ec7n l\u1ee3i t\u1ed1i \u0111a, gi\u00fap h\u00e0nh tr\u00ecnh c\u1ee7a b\u1ea1n tr\u1edf n\u00ean th\u00fa v\u1ecb v\u00e0 an to\u00e0n h\u01a1n.<\/p>\n<h3 dir=\"ltr\">3.6. Ra l\u1ec7nh b\u1eb1ng gi\u1ecdng n\u00f3i v\u1edbi \u1ee9ng d\u1ee5ng \u0111\u1ed9c quy\u1ec1n TMAS Assistant<\/h3>\n<p dir=\"ltr\">TMAS Safeview T500 \u0111\u01b0\u1ee3c t\u00edch h\u1ee3p ph\u1ea7n m\u1ec1m \u0111i\u1ec1u khi\u1ec3n b\u1eb1ng gi\u1ecdng n\u00f3i &#8220;TMAS Assistant&#8221; v\u00e0 tr\u1ee3 l\u00fd ti\u1ebfng Vi\u1ec7t KIKI AI th\u00f4ng minh, gi\u00fap ng\u01b0\u1eddi l\u00e1i d\u1ec5 d\u00e0ng ra l\u1ec7nh m\u00e0 kh\u00f4ng c\u1ea7n t\u01b0\u01a1ng t\u00e1c tr\u1ef1c ti\u1ebfp v\u1edbi m\u00e0n h\u00ecnh. Ch\u1ec9 c\u1ea7n s\u1eed d\u1ee5ng gi\u1ecdng n\u00f3i, b\u1ea1n c\u00f3 th\u1ec3 m\u1edf c\u00e1c \u1ee9ng d\u1ee5ng nh\u01b0 Youtube, ZingMP3, My TV, b\u1ea3n \u0111\u1ed3\u2026 hay ki\u1ec3m tra ph\u1ea1t ngu\u1ed9i, t\u1ea5t c\u1ea3 ch\u1ec9 trong m\u1ed9t c\u00e2u l\u1ec7nh. T\u00ednh n\u0103ng n\u00e0y gi\u00fap ng\u01b0\u1eddi l\u00e1i lu\u00f4n gi\u1eef tay tr\u00ean v\u00f4 l\u0103ng v\u00e0 t\u1eadp trung v\u00e0o \u0111\u01b0\u1eddng \u0111i, \u0111\u1ea3m b\u1ea3o an to\u00e0n khi l\u00e1i xe.<\/p>\n<h3 dir=\"ltr\">3.7. B\u1ea3n \u0111\u1ed3 d\u1eabn \u0111\u01b0\u1eddng c\u1ea3nh b\u00e1o giao th\u00f4ng ti\u1ec7n l\u1ee3i<\/h3>\n<p dir=\"ltr\">TMAS Safeview T500 trang b\u1ecb b\u1ea3n \u0111\u1ed3 d\u1eabn \u0111\u01b0\u1eddng th\u00f4ng minh, cung c\u1ea5p c\u00e1c t\u00ednh n\u0103ng ti\u00ean ti\u1ebfn nh\u01b0 c\u1ea3nh b\u00e1o gi\u1edbi h\u1ea1n t\u1ed1c \u0111\u1ed9, bi\u1ec3n b\u00e1o giao th\u00f4ng, \u0111i\u1ec3m ph\u1ea1t ngu\u1ed9i, c\u00f9ng h\u01b0\u1edbng d\u1eabn chi ti\u1ebft b\u1eb1ng gi\u1ecdng n\u00f3i. T\u00ednh n\u0103ng n\u00e0y kh\u00f4ng ch\u1ec9 gi\u00fap ng\u01b0\u1eddi l\u00e1i d\u1ec5 d\u00e0ng \u0111\u1ecbnh h\u01b0\u1edbng m\u00e0 c\u00f2n ph\u00f2ng tr\u00e1nh c\u00e1c vi ph\u1ea1m giao th\u00f4ng kh\u00f4ng mong mu\u1ed1n, gi\u00fap h\u00e0nh tr\u00ecnh an to\u00e0n v\u00e0 ti\u1ec7n l\u1ee3i h\u01a1n. \u0110\u00e2y l\u00e0 m\u1ed9t trong nh\u1eefng \u0111i\u1ec3m s\u00e1ng c\u1ee7a s\u1ea3n ph\u1ea9m, \u0111\u1eb7c bi\u1ec7t ph\u00f9 h\u1ee3p cho nh\u1eefng ai th\u01b0\u1eddng xuy\u00ean di chuy\u1ec3n tr\u00ean c\u00e1c tuy\u1ebfn \u0111\u01b0\u1eddng d\u00e0i ho\u1eb7c ch\u01b0a quen thu\u1ed9c.<\/p>\n<p dir=\"ltr\">\u0110i\u1ec1u khi\u1ec3n m\u00e0n h\u00ecnh t\u1eeb xa v\u1edbi \u1ee9ng d\u1ee5ng TMAS Connect<\/p>\n<p dir=\"ltr\">\u0110\u1ec3 h\u1ed7 tr\u1ee3 t\u1ed1i \u0111a s\u1ef1 t\u1eadp trung cho ng\u01b0\u1eddi l\u00e1i khi tham gia giao th\u00f4ng, \u0111\u1ed9i ng\u0169 R&amp;D c\u1ee7a TMAS Vi\u1ec7t Nam \u0111\u00e3 ph\u00e1t tri\u1ec3n v\u00e0 cung c\u1ea5p mi\u1ec5n ph\u00ed \u1ee9ng d\u1ee5ng TMAS Connect tr\u00ean CH Play v\u00e0 App Store. \u1ee8ng d\u1ee5ng n\u00e0y kh\u00f4ng ch\u1ec9 t\u01b0\u01a1ng th\u00edch v\u1edbi m\u00e0n h\u00ecnh SAFEVIEW Classic m\u00e0 c\u00f2n \u0111i\u1ec1u khi\u1ec3n \u0111\u01b0\u1ee3c m\u1ecdi d\u00f2ng m\u00e0n h\u00ecnh Android \u00f4 t\u00f4 kh\u00e1c thu\u1ed9c h\u1ec7 sinh th\u00e1i SAFEVIEW.<\/p>\n<p dir=\"ltr\">V\u1edbi \u1ee9ng d\u1ee5ng n\u00e0y, h\u00e0nh kh\u00e1ch \u1edf h\u00e0ng gh\u1ebf th\u1ee9 hai c\u00f3 th\u1ec3 tho\u1ea3i m\u00e1i truy c\u1eadp m\u00e0n h\u00ecnh \u0111\u1ec3 m\u1edf YouTube kh\u00f4ng qu\u1ea3ng c\u00e1o, nghe radio, ch\u1ecdn k\u00eanh TV,&#8230; m\u1ed9t c\u00e1ch d\u1ec5 d\u00e0ng m\u00e0 kh\u00f4ng g\u00e2y \u1ea3nh h\u01b0\u1edfng \u0111\u1ebfn ng\u01b0\u1eddi l\u00e1i. Ngo\u00e0i ra, ch\u1ee7 xe c\u0169ng c\u00f3 th\u1ec3 s\u1eed d\u1ee5ng TMAS Connect \u0111\u1ec3 tra c\u1ee9u th\u00f4ng tin s\u1ea3n ph\u1ea9m ho\u1eb7c ki\u1ec3m tra b\u1ea3o h\u00e0nh tr\u1ef1c tuy\u1ebfn v\u00f4 c\u00f9ng ti\u1ec7n l\u1ee3i.<\/p>\n<p dir=\"ltr\">M\u00e0n h\u00ecnh Android TMAS Safeview T500 th\u1ef1c s\u1ef1 l\u00e0 m\u1ed9t l\u1ef1a ch\u1ecdn ho\u00e0n h\u1ea3o cho b\u1ea5t k\u1ef3 ch\u1ee7 xe n\u00e0o \u0111ang t\u00ecm ki\u1ebfm s\u1ef1 n\u00e2ng c\u1ea5p hi\u1ec7n \u0111\u1ea1i v\u00e0 ti\u1ec7n \u00edch cho xe h\u01a1i c\u1ee7a m\u00ecnh. V\u1edbi thi\u1ebft k\u1ebf th\u1eddi th\u01b0\u1ee3ng, chip x\u1eed l\u00fd m\u1ea1nh m\u1ebd, giao di\u1ec7n TMAS Launcher \u0111\u1ed9c quy\u1ec1n, c\u00f9ng h\u00e0ng lo\u1ea1t t\u00ednh n\u0103ng gi\u1ea3i tr\u00ed v\u00e0 h\u1ed7 tr\u1ee3 l\u00e1i xe ti\u00ean ti\u1ebfn, TMAS Safeview T500 kh\u00f4ng ch\u1ec9 l\u00e0m h\u00e0i l\u00f2ng nh\u1eefng kh\u00e1ch h\u00e0ng kh\u00f3 t\u00ednh m\u00e0 c\u00f2n l\u00e0 s\u1ea3n ph\u1ea9m \u0111\u00e1ng gi\u00e1 trong t\u1ea7m gi\u00e1. S\u1ef1 t\u00edch h\u1ee3p th\u00f4ng minh t\u1eeb TMAS gi\u00fap n\u00e2ng cao tr\u1ea3i nghi\u1ec7m l\u00e1i xe, \u0111\u1ea3m b\u1ea3o an to\u00e0n v\u00e0 t\u1ea1o c\u1ea3m gi\u00e1c tho\u1ea3i m\u00e1i, ti\u1ec7n l\u1ee3i trong t\u1eebng h\u00e0nh tr\u00ecnh.<\/p>\n","protected":false},"excerpt":{"rendered":"<p><em><strong>Auto Th\u00e1i D\u01b0\u01a1ng- \u0110\u1ea1i L\u00ed Ch\u00ednh H\u00e3ng Tmas T\u1ea1i Tp.B\u1ea3o L\u1ed9c<\/strong><\/em><\/p>\n<p><em><strong>\u0110\u1ecba Ch\u1ec9 : 273-275 Tr\u1ea7n Ph\u00fa Ph\u01b0\u1eddng L\u1ed9c S\u01a1n Th\u00e0nh Ph\u1ed1 B\u1ea3o L\u1ed9c T\u1ec9nh L\u00e2m \u0110\u1ed3ng<\/strong><\/em><\/p>\n<p><em><strong> Hotline: 0912197441<\/strong><\/em><\/p>\n","protected":false},"featured_media":2351,"comment_status":"open","ping_status":"closed","template":"","meta":[],"product_brand":[],"product_cat":[17,70,62],"product_tag":[],"class_list":{"0":"post-2350","1":"product","2":"type-product","3":"status-publish","4":"has-post-thumbnail","6":"product_cat-dvd-android-box","7":"product_cat-man-hinh-android","8":"product_cat-man-hinh-dvd-android-o-to","10":"first","11":"instock","12":"sale","13":"shipping-taxable","14":"purchasable","15":"product-type-simple"},"_links":{"self":[{"href":"https:\/\/autothaiduong.vn\/index.php?rest_route=\/wp\/v2\/product\/2350","targetHints":{"allow":["GET"]}}],"collection":[{"href":"https:\/\/autothaiduong.vn\/index.php?rest_route=\/wp\/v2\/product"}],"about":[{"href":"https:\/\/autothaiduong.vn\/index.php?rest_route=\/wp\/v2\/types\/product"}],"replies":[{"embeddable":true,"href":"https:\/\/autothaiduong.vn\/index.php?rest_route=%2Fwp%2Fv2%2Fcomments&post=2350"}],"wp:featuredmedia":[{"embeddable":true,"href":"https:\/\/autothaiduong.vn\/index.php?rest_route=\/wp\/v2\/media\/2351"}],"wp:attachment":[{"href":"https:\/\/autothaiduong.vn\/index.php?rest_route=%2Fwp%2Fv2%2Fmedia&parent=2350"}],"wp:term":[{"taxonomy":"product_brand","embeddable":true,"href":"https:\/\/autothaiduong.vn\/index.php?rest_route=%2Fwp%2Fv2%2Fproduct_brand&post=2350"},{"taxonomy":"product_cat","embeddable":true,"href":"https:\/\/autothaiduong.vn\/index.php?rest_route=%2Fwp%2Fv2%2Fproduct_cat&post=2350"},{"taxonomy":"product_tag","embeddable":true,"href":"https:\/\/autothaiduong.vn\/index.php?rest_route=%2Fwp%2Fv2%2Fproduct_tag&post=2350"}],"curies":[{"name":"wp","href":"https:\/\/api.w.org\/{rel}","templated":true}]}}