{"id":2384,"date":"2025-05-18T13:54:29","date_gmt":"2025-05-18T13:54:29","guid":{"rendered":"https:\/\/autothaiduong.vn\/?post_type=product&#038;p=2384"},"modified":"2025-05-18T13:55:32","modified_gmt":"2025-05-18T13:55:32","slug":"vietmap-ir23","status":"publish","type":"product","link":"https:\/\/autothaiduong.vn\/?product=vietmap-ir23","title":{"rendered":"VIETMAP IR23"},"content":{"rendered":"<p><img loading=\"lazy\" decoding=\"async\" class=\" wp-image-2122 aligncenter\" src=\"https:\/\/autothaiduong.vn\/wp-content\/uploads\/2025\/05\/z6584734442481_f208f5944548cb4b46353402ce2e64e0-3.jpg\" alt=\"\" width=\"230\" height=\"204\" \/><\/p>\n<p style=\"text-align: center;\"><span style=\"font-size: 140%;\"><strong><span style=\"color: #ff0000;\">\u0110\u1ecba Ch\u1ec9: 273-275 Tr\u1ea7n Ph\u00fa Ph\u01b0\u1eddng L\u1ed9c S\u01a1n Th\u00e0nh Ph\u1ed1 B\u1ea3o L\u1ed9c T\u1ec9nh L\u00e2m \u0110\u1ed3ng <\/span><\/strong><\/span><\/p>\n<p style=\"text-align: center;\"><span style=\"font-size: 140%;\"><strong><span style=\"color: #ff0000;\">Hotline: 0912197441<\/span><\/strong><\/span><\/p>\n<section class=\"product-especially\">\n<div class=\"container\">\n<div class=\"rte\">\n<p><img loading=\"lazy\" decoding=\"async\" class=\"alignnone size-full wp-image-2388\" src=\"https:\/\/autothaiduong.vn\/wp-content\/uploads\/2025\/05\/bigpic-ir23-2.png\" width=\"1200\" height=\"340\" srcset=\"https:\/\/autothaiduong.vn\/wp-content\/uploads\/2025\/05\/bigpic-ir23-2.png 1200w, https:\/\/autothaiduong.vn\/wp-content\/uploads\/2025\/05\/bigpic-ir23-2-600x170.png 600w, https:\/\/autothaiduong.vn\/wp-content\/uploads\/2025\/05\/bigpic-ir23-2-1024x290.png 1024w, https:\/\/autothaiduong.vn\/wp-content\/uploads\/2025\/05\/bigpic-ir23-2-768x218.png 768w\" sizes=\"auto, (max-width: 1200px) 100vw, 1200px\" \/><\/p>\n<h2><\/h2>\n<h2>CAMERA H\u1ed2NG NGO\u1ea0I GI\u1ea2I PH\u00c1P CAMERA GHI H\u00ccNH \u0110\u00caM \u0110\u1ed8C \u0110\u00c1O<\/h2>\n<p><strong>VIETMAP IR23<\/strong>\u00a0l\u00e0\u00a0<strong><a href=\"https:\/\/vietmap.vn\/camera-hanh-trinh\" target=\"_blank\" rel=\"noopener\">camera h\u00e0nh tr\u00ecnh<\/a><\/strong>\u00a0\u0111\u1ed9c nh\u1ea5t\u00a0trang b\u1ecb c\u00f4ng ngh\u1ec7\u00a0<strong>ghi h\u00ecnh h\u1ed3ng ngo\u1ea1i<\/strong>\u00a0nh\u01b0 c\u00e1c camera gi\u00e1m s\u00e1t an ninh (CCTV). Khi v\u00e0o v\u00f9ng t\u1ed1i thi\u1ebfu \u00e1nh s\u00e1ng,<strong>\u00a0IR23\u00a0<\/strong>s\u1ebd<strong>\u00a0t\u1ef1 \u0111\u1ed9ng chuy\u1ec3n sang ch\u1ebf \u0111\u1ed9 ghi h\u00ecnh h\u1ed3ng ngo\u1ea1i tr\u1eafng \u0111en<\/strong>\u00a0gi\u00fap ghi h\u00ecnh chi ti\u1ebft\u00a0v\u00e0 c\u00f3 chi\u1ec1u s\u00e2u trong m\u00f4i tr\u01b0\u1eddng b\u00f3ng t\u1ed1i.<\/p>\n<p>&nbsp;<\/p>\n<p>&nbsp;<\/p>\n<p><img loading=\"lazy\" decoding=\"async\" class=\"alignnone size-full wp-image-2389\" src=\"https:\/\/autothaiduong.vn\/wp-content\/uploads\/2025\/05\/bigpic-ir23-3.png\" width=\"1200\" height=\"340\" srcset=\"https:\/\/autothaiduong.vn\/wp-content\/uploads\/2025\/05\/bigpic-ir23-3.png 1200w, https:\/\/autothaiduong.vn\/wp-content\/uploads\/2025\/05\/bigpic-ir23-3-600x170.png 600w, https:\/\/autothaiduong.vn\/wp-content\/uploads\/2025\/05\/bigpic-ir23-3-1024x290.png 1024w, https:\/\/autothaiduong.vn\/wp-content\/uploads\/2025\/05\/bigpic-ir23-3-768x218.png 768w\" sizes=\"auto, (max-width: 1200px) 100vw, 1200px\" \/><\/p>\n<h2><\/h2>\n<h2>K\u1ebeT N\u1ed0I WIFI &#8211; XEM VIDEO TR\u1ef0C TI\u1ebeP<\/h2>\n<p><strong><a href=\"https:\/\/vietmap.vn\/\" target=\"_blank\" rel=\"noopener\">VIETMAP<\/a>\u00a0IR23<\/strong>\u00a0trang b\u1ecb c\u00f4ng ngh\u1ec7 truy\u1ec1n d\u1eef li\u1ec7u th\u00f4ng qua k\u1ebft n\u1ed1i\u00a0<strong>WIFI<\/strong>\u00a0kh\u00f4ng d\u00e2y, gi\u00fap vi\u1ec7c xem l\u1ea1i, l\u01b0u tr\u1eef chia s\u1ebb\u00a0video l\u00ean m\u1ea1ng x\u00e3 h\u1ed9i d\u1ec5 d\u00e0ng tr\u00ean c\u00e1c thi\u1ebft b\u1ecb h\u1ec7 \u0111i\u1ec1u h\u00e0nh Android v\u00e0\u00a0IOS.<\/p>\n<p>&nbsp;<\/p>\n<p><img loading=\"lazy\" decoding=\"async\" class=\"alignnone size-full wp-image-2390\" src=\"https:\/\/autothaiduong.vn\/wp-content\/uploads\/2025\/05\/bigpic-ir23-4.png\" width=\"1200\" height=\"340\" srcset=\"https:\/\/autothaiduong.vn\/wp-content\/uploads\/2025\/05\/bigpic-ir23-4.png 1200w, https:\/\/autothaiduong.vn\/wp-content\/uploads\/2025\/05\/bigpic-ir23-4-600x170.png 600w, https:\/\/autothaiduong.vn\/wp-content\/uploads\/2025\/05\/bigpic-ir23-4-1024x290.png 1024w, https:\/\/autothaiduong.vn\/wp-content\/uploads\/2025\/05\/bigpic-ir23-4-768x218.png 768w\" sizes=\"auto, (max-width: 1200px) 100vw, 1200px\" \/><\/p>\n<p>&nbsp;<\/p>\n<h2>THI\u1ebeT K\u1ebe NH\u1ece G\u1eccN SI\u00caU TI\u1ebeT KI\u1ec6M KH\u00d4NG GIAN<\/h2>\n<p><strong>VIETMAP IR23<\/strong>\u00a0c\u00f3 thi\u1ebft k\u1ebf si\u00eau\u00a0nh\u1ecf g\u1ecdn, d\u1ec5 d\u00e0ng l\u1eafp \u0111\u1eb7t gi\u1ea5u ph\u00eda sau g\u01b0\u01a1ng chi\u1ebfu h\u1eadu r\u1ea5t g\u1ecdn g\u00e0ng, kh\u00f4ng l\u00e0m cho\u00e1ng t\u1ea7m nh\u00ecn khi l\u00e1i xe.<\/p>\n<p>&nbsp;<\/p>\n<p><img loading=\"lazy\" decoding=\"async\" class=\"alignnone size-full wp-image-2391\" src=\"https:\/\/autothaiduong.vn\/wp-content\/uploads\/2025\/05\/bigpic-ir23-5.png\" width=\"1200\" height=\"340\" srcset=\"https:\/\/autothaiduong.vn\/wp-content\/uploads\/2025\/05\/bigpic-ir23-5.png 1200w, https:\/\/autothaiduong.vn\/wp-content\/uploads\/2025\/05\/bigpic-ir23-5-600x170.png 600w, https:\/\/autothaiduong.vn\/wp-content\/uploads\/2025\/05\/bigpic-ir23-5-1024x290.png 1024w, https:\/\/autothaiduong.vn\/wp-content\/uploads\/2025\/05\/bigpic-ir23-5-768x218.png 768w\" sizes=\"auto, (max-width: 1200px) 100vw, 1200px\" \/><\/p>\n<h2><\/h2>\n<h2>T\u1ef0 \u0110\u1ed8NG GHI H\u00ccNH V\u00d2NG L\u1eb6P LI\u00caN T\u1ee4C<\/h2>\n<p>V\u1edbi t\u00ednh n\u0103ng ghi h\u00ecnh v\u00f2ng l\u1eb7p, khi th\u1ebb nh\u1edb \u0111\u1ea7y\u00a0<strong>VIETMAP IR23<\/strong>\u00a0s\u1ebd t\u1ef1 \u0111\u1ed9ng ghi h\u00ecnh \u0111\u00e8 theo v\u00f2ng l\u1eb7p v\u00e0 thay th\u1ebf video c\u0169 b\u1eb1ng video m\u1edbi gi\u00fap t\u1ed1i \u01b0u dung l\u01b0\u1ee3ng b\u1ed9 nh\u1edb cho m\u1ecdi chuy\u1ebfn h\u00e0nh tr\u00ecnh.<\/p>\n<p>&nbsp;<\/p>\n<p><img loading=\"lazy\" decoding=\"async\" class=\"alignnone size-full wp-image-2392\" src=\"https:\/\/autothaiduong.vn\/wp-content\/uploads\/2025\/05\/bigpic-ir23-6.png\" width=\"1200\" height=\"340\" srcset=\"https:\/\/autothaiduong.vn\/wp-content\/uploads\/2025\/05\/bigpic-ir23-6.png 1200w, https:\/\/autothaiduong.vn\/wp-content\/uploads\/2025\/05\/bigpic-ir23-6-600x170.png 600w, https:\/\/autothaiduong.vn\/wp-content\/uploads\/2025\/05\/bigpic-ir23-6-1024x290.png 1024w, https:\/\/autothaiduong.vn\/wp-content\/uploads\/2025\/05\/bigpic-ir23-6-768x218.png 768w\" sizes=\"auto, (max-width: 1200px) 100vw, 1200px\" \/><\/p>\n<h2><\/h2>\n<h2>AN TO\u00c0N V\u1edaI C\u1ea2M BI\u1ebeN VA CH\u1ea0M<\/h2>\n<p>Camera h\u00e0nh tr\u00ecnh\u00a0<b>VIETMAP<\/b><strong>\u00a0IR23<\/strong>\u00a0\u0111\u01b0\u1ee3c trang b\u1ecb\u00a0<strong>c\u1ea3m bi\u1ebfn\u00a0G-Sensor<\/strong>\u00a0gi\u00fap t\u1ef1 \u0111\u1ed9ng kh\u00f3a ghi h\u00ecnh khi c\u00f3 va ch\u1ea1m. Trong qu\u00e1\u00a0tr\u00ecnh di chuy\u1ec3n c\u1ee7a xe khi x\u1ea3y ra rung l\u1eafc, va ch\u1ea1m thi\u1ebft b\u1ecb s\u1ebd t\u1ef1 \u0111\u1ed9ng kh\u00f3a v\u00e0 b\u1ea3o v\u1ec7 video.<\/p>\n<p>&nbsp;<\/p>\n<\/div>\n<\/div>\n<\/section>\n<section class=\"product-especially\"><img loading=\"lazy\" decoding=\"async\" class=\"alignnone size-full wp-image-2393\" src=\"https:\/\/autothaiduong.vn\/wp-content\/uploads\/2025\/05\/banner-video-ir23-a045073e-f52e-4550-82cb-eae1c33bef14.jpg\" alt=\"Banner 3\" width=\"1200\" height=\"450\" srcset=\"https:\/\/autothaiduong.vn\/wp-content\/uploads\/2025\/05\/banner-video-ir23-a045073e-f52e-4550-82cb-eae1c33bef14.jpg 1200w, https:\/\/autothaiduong.vn\/wp-content\/uploads\/2025\/05\/banner-video-ir23-a045073e-f52e-4550-82cb-eae1c33bef14-600x225.jpg 600w, https:\/\/autothaiduong.vn\/wp-content\/uploads\/2025\/05\/banner-video-ir23-a045073e-f52e-4550-82cb-eae1c33bef14-1024x384.jpg 1024w, https:\/\/autothaiduong.vn\/wp-content\/uploads\/2025\/05\/banner-video-ir23-a045073e-f52e-4550-82cb-eae1c33bef14-768x288.jpg 768w\" sizes=\"auto, (max-width: 1200px) 100vw, 1200px\" \/><\/p>\n<div class=\"container\">\n<div class=\"rte\">\n<p>&nbsp;<\/p>\n<\/div>\n<\/div>\n<\/section>\n<section id=\"pro_specifications\" class=\"product-specifications\">\n<div class=\"container\">\n<h2>Th\u00f4ng s\u1ed1 k\u1ef9 thu\u1eadt<\/h2>\n<div class=\"row\">\n<div class=\"col-lg-6 col-md-12 col-sm-12 col-12\">\n<h3>K\u00edch th\u01b0\u1edbc s\u1ea3n ph\u1ea9m<\/h3>\n<p><img loading=\"lazy\" decoding=\"async\" class=\"alignnone size-full wp-image-2394\" src=\"https:\/\/autothaiduong.vn\/wp-content\/uploads\/2025\/05\/tskt-390x390-01-f18474ea-d184-43d6-9fbc-a3074736630f.png\" alt=\"Th\u00f4ng s\u1ed1 k\u1ef9 thu\u1eadt\" width=\"1280\" height=\"1280\" srcset=\"https:\/\/autothaiduong.vn\/wp-content\/uploads\/2025\/05\/tskt-390x390-01-f18474ea-d184-43d6-9fbc-a3074736630f.png 1280w, https:\/\/autothaiduong.vn\/wp-content\/uploads\/2025\/05\/tskt-390x390-01-f18474ea-d184-43d6-9fbc-a3074736630f-600x600.png 600w, https:\/\/autothaiduong.vn\/wp-content\/uploads\/2025\/05\/tskt-390x390-01-f18474ea-d184-43d6-9fbc-a3074736630f-1024x1024.png 1024w, https:\/\/autothaiduong.vn\/wp-content\/uploads\/2025\/05\/tskt-390x390-01-f18474ea-d184-43d6-9fbc-a3074736630f-300x300.png 300w, https:\/\/autothaiduong.vn\/wp-content\/uploads\/2025\/05\/tskt-390x390-01-f18474ea-d184-43d6-9fbc-a3074736630f-768x768.png 768w, https:\/\/autothaiduong.vn\/wp-content\/uploads\/2025\/05\/tskt-390x390-01-f18474ea-d184-43d6-9fbc-a3074736630f-100x100.png 100w\" sizes=\"auto, (max-width: 1280px) 100vw, 1280px\" \/><\/p>\n<\/div>\n<div class=\"col-lg-6 col-md-12 col-sm-12 col-12\">\n<div class=\"rte\">\n<p>&nbsp;<\/p>\n<table border=\"1\">\n<tbody>\n<tr>\n<td width=\"100\">M\u00e0n h\u00ecnh<\/td>\n<td width=\"270\">LCD 1.5&#8243;<\/td>\n<\/tr>\n<tr>\n<td width=\"100\">\u1ed0ng k\u00ednh<\/td>\n<td width=\"270\">Ghi h\u00ecnh h\u1ed3ng ngo\u1ea1i g\u00f3c r\u1ed9ng 170 \u00b0<\/td>\n<\/tr>\n<tr>\n<td width=\"100\">G-Sensor<\/td>\n<td width=\"270\">C\u00f3<\/td>\n<\/tr>\n<tr>\n<td width=\"100\">GPS<\/td>\n<td width=\"270\">C\u00f3<\/td>\n<\/tr>\n<tr>\n<td width=\"100\">\u0110\u1ed9 ph\u00e2n gi\u1ea3i video<\/td>\n<td width=\"270\">\u00a0Full HD 1080P 1920X1080<\/td>\n<\/tr>\n<tr>\n<td width=\"100\">Th\u1ebb nh\u1edb<\/td>\n<td width=\"270\">MicroSD card (H\u1ed7 tr\u1ee3 th\u1ebb t\u1ed1i \u0111a 64GB)<\/td>\n<\/tr>\n<tr>\n<td width=\"100\">Nhi\u1ec7t \u0111\u1ed9 ho\u1ea1t \u0111\u1ed9ng<\/td>\n<td width=\"270\">-20\u00b0C &#8211; 60\u00b0C<\/td>\n<\/tr>\n<tr>\n<td width=\"100\">Nhi\u1ec7t \u0111\u1ed9 l\u01b0u tr\u1eef<\/td>\n<td width=\"270\">0\u00b0C &#8211; 60\u00b0C<\/td>\n<\/tr>\n<tr>\n<td width=\"100\">K\u00edch c\u1ee1<\/td>\n<td width=\"270\">45mm x 45mm x 35mm (LxWxH)<\/td>\n<\/tr>\n<tr>\n<td width=\"100\">Ng\u00f4n ng\u1eef<\/td>\n<td width=\"270\">Vi\u00eat \u2013 Anh &#8211; Hoa<\/td>\n<\/tr>\n<tr>\n<td width=\"100\">Ph\u1ee5 ki\u1ec7n k\u00e8m theo<\/td>\n<td width=\"270\">&#8211; M\u00e1y VietMap IR23<br \/>\n&#8211; Gi\u00e1 \u0111\u1ee1 ch\u00e2n kh\u00f4ng<br \/>\n&#8211; S\u1ea1c ngu\u1ed3n \u00f4 t\u00f4<br \/>\n&#8211; Th\u1ebb nh\u1edb 32gb Class 10<br \/>\n&#8211; S\u00e1ch HDSD<\/td>\n<\/tr>\n<\/tbody>\n<\/table>\n<\/div>\n<\/div>\n<\/div>\n<\/div>\n<\/section>\n","protected":false},"excerpt":{"rendered":"<p><em><strong>Auto Th\u00e1i D\u01b0\u01a1ng- \u0110\u1ea1i L\u00ed Ch\u00ednh H\u00e3ng VietMap T\u1ea1i TP.B\u1ea3o L\u1ed9c<\/strong><\/em><\/p>\n<p><em><strong>\u0110\u1ecba Ch\u1ec9: 273-275 Tr\u1ea7n Ph\u00fa Ph\u01b0\u1eddng L\u1ed9c S\u01a1n Th\u00e0nh Ph\u1ed1 B\u1ea3o L\u1ed9c T\u1ec9nh L\u00e2m \u0110\u1ed3ng <\/strong><\/em><\/p>\n<p><em><strong>Hotline: 0912197441<\/strong><\/em><\/p>\n","protected":false},"featured_media":2385,"comment_status":"open","ping_status":"closed","template":"","meta":[],"product_brand":[84],"product_cat":[76],"product_tag":[],"class_list":{"0":"post-2384","1":"product","2":"type-product","3":"status-publish","4":"has-post-thumbnail","6":"product_brand-vietmap","7":"product_cat-camera-hanh-trinh","9":"first","10":"instock","11":"sale","12":"shipping-taxable","13":"purchasable","14":"product-type-simple"},"_links":{"self":[{"href":"https:\/\/autothaiduong.vn\/index.php?rest_route=\/wp\/v2\/product\/2384","targetHints":{"allow":["GET"]}}],"collection":[{"href":"https:\/\/autothaiduong.vn\/index.php?rest_route=\/wp\/v2\/product"}],"about":[{"href":"https:\/\/autothaiduong.vn\/index.php?rest_route=\/wp\/v2\/types\/product"}],"replies":[{"embeddable":true,"href":"https:\/\/autothaiduong.vn\/index.php?rest_route=%2Fwp%2Fv2%2Fcomments&post=2384"}],"wp:featuredmedia":[{"embeddable":true,"href":"https:\/\/autothaiduong.vn\/index.php?rest_route=\/wp\/v2\/media\/2385"}],"wp:attachment":[{"href":"https:\/\/autothaiduong.vn\/index.php?rest_route=%2Fwp%2Fv2%2Fmedia&parent=2384"}],"wp:term":[{"taxonomy":"product_brand","embeddable":true,"href":"https:\/\/autothaiduong.vn\/index.php?rest_route=%2Fwp%2Fv2%2Fproduct_brand&post=2384"},{"taxonomy":"product_cat","embeddable":true,"href":"https:\/\/autothaiduong.vn\/index.php?rest_route=%2Fwp%2Fv2%2Fproduct_cat&post=2384"},{"taxonomy":"product_tag","embeddable":true,"href":"https:\/\/autothaiduong.vn\/index.php?rest_route=%2Fwp%2Fv2%2Fproduct_tag&post=2384"}],"curies":[{"name":"wp","href":"https:\/\/api.w.org\/{rel}","templated":true}]}}