{"id":2530,"date":"2025-05-18T16:10:09","date_gmt":"2025-05-18T16:10:09","guid":{"rendered":"https:\/\/autothaiduong.vn\/?post_type=product&#038;p=2530"},"modified":"2025-05-23T15:02:56","modified_gmt":"2025-05-23T15:02:56","slug":"zt360g-nang-cap-2024","status":"publish","type":"product","link":"https:\/\/autothaiduong.vn\/?product=zt360g-nang-cap-2024","title":{"rendered":"ZT360G n\u00e2ng c\u1ea5p 2024"},"content":{"rendered":"<p><img loading=\"lazy\" decoding=\"async\" class=\" wp-image-2492 aligncenter\" src=\"https:\/\/autothaiduong.vn\/wp-content\/uploads\/2025\/05\/z6584734442481_f208f5944548cb4b46353402ce2e64e0-4.jpg\" alt=\"\" width=\"276\" height=\"245\" \/><\/p>\n<p style=\"text-align: center;\"><span style=\"font-size: 140%;\"><strong><span style=\"color: #ff0000;\">\u0110\u1ecba Ch\u1ec9: 273-275 Tr\u1ea7n Ph\u00fa Ph\u01b0\u1eddng L\u1ed9c S\u01a1n Th\u00e0nh Ph\u1ed1 B\u1ea3o L\u1ed9c T\u1ec9nh L\u00e2m \u0110\u1ed3ng <\/span><\/strong><\/span><\/p>\n<p style=\"text-align: center;\"><span style=\"font-size: 140%;\"><strong><span style=\"color: #ff0000;\">Hotline: 0912197441<\/span><\/strong><\/span><\/p>\n<section class=\"kh_parameter_prod\">\n<div class=\"container\">\n<div class=\"kh_box_param\">\n<div class=\"kh_box_title\">\n<h2 class=\"kh_title_module\">Th\u00f4ng s\u1ed1 k\u1ef9 thu\u1eadt ZT360G n\u00e2ng c\u1ea5p 2024<\/h2>\n<\/div>\n<div class=\"kh_list_pram_prod d-flex\">\n<div class=\"kh_item_param\">\n<div class=\"kh_inner_prod d-flex\">\n<figure class=\"kh_icon_param\"><img loading=\"lazy\" decoding=\"async\" class=\"alignnone size-full wp-image-2532\" src=\"https:\/\/autothaiduong.vn\/wp-content\/uploads\/2025\/05\/Hedieuhanh-2.png\" alt=\"H\u1ec7 \u0111i\u1ec1u h\u00e0nh\" width=\"56\" height=\"70\" \/><\/figure>\n<div class=\"kh_content_param\">\n<div class=\"kh_title_param\">H\u1ec7 \u0111i\u1ec1u h\u00e0nh<\/div>\n<div class=\"kh_des_param\">Android 10.0<br \/>\nChip UIS7862S\/TS10<\/div>\n<\/div>\n<\/div>\n<\/div>\n<div class=\"kh_item_param\">\n<div class=\"kh_inner_prod d-flex\">\n<figure class=\"kh_icon_param\"><img loading=\"lazy\" decoding=\"async\" class=\"alignnone size-full wp-image-2533\" src=\"https:\/\/autothaiduong.vn\/wp-content\/uploads\/2025\/05\/Manhinh-8.png\" alt=\"M\u00e0n h\u00ecnh\" width=\"70\" height=\"58\" \/><\/figure>\n<div class=\"kh_content_param\">\n<div class=\"kh_title_param\">M\u00e0n h\u00ecnh<\/div>\n<div class=\"kh_des_param\">9\/10.1inch, 1280*720px<br \/>\nIPS FullHD &#8211; c\u01b0\u1eddng l\u1ef1c 2.5D<\/div>\n<\/div>\n<\/div>\n<\/div>\n<div class=\"kh_item_param\">\n<div class=\"kh_inner_prod d-flex\">\n<figure class=\"kh_icon_param\"><img loading=\"lazy\" decoding=\"async\" class=\"alignnone size-full wp-image-2534\" src=\"https:\/\/autothaiduong.vn\/wp-content\/uploads\/2025\/05\/RAM-2.png\" alt=\"RAM\" width=\"70\" height=\"70\" \/><\/figure>\n<div class=\"kh_content_param\">\n<div class=\"kh_title_param\">RAM<\/div>\n<div class=\"kh_des_param\">4GB<\/div>\n<\/div>\n<\/div>\n<\/div>\n<div class=\"kh_item_param\">\n<div class=\"kh_inner_prod d-flex\">\n<figure class=\"kh_icon_param\"><img loading=\"lazy\" decoding=\"async\" class=\"alignnone size-full wp-image-2535\" src=\"https:\/\/autothaiduong.vn\/wp-content\/uploads\/2025\/05\/ROM-2.png\" alt=\"ROM\" width=\"68\" height=\"68\" \/><\/figure>\n<div class=\"kh_content_param\">\n<div class=\"kh_title_param\">ROM<\/div>\n<div class=\"kh_des_param\">32GB<\/div>\n<\/div>\n<\/div>\n<\/div>\n<div class=\"kh_item_param\">\n<div class=\"kh_inner_prod d-flex\">\n<figure class=\"kh_icon_param\"><img loading=\"lazy\" decoding=\"async\" class=\"alignnone size-full wp-image-2533\" src=\"https:\/\/autothaiduong.vn\/wp-content\/uploads\/2025\/05\/Manhinh-8.png\" alt=\"M\u00e0n h\u00ecnh\" width=\"70\" height=\"58\" \/><\/figure>\n<div class=\"kh_content_param\">\n<div class=\"kh_title_param\">C\u00f4ng ty<\/div>\n<div class=\"kh_des_param\">TNHH TM XNK N\u1ed9i th\u1ea5t \u00f4 t\u00f4 Quang Minh<\/div>\n<\/div>\n<\/div>\n<\/div>\n<div class=\"kh_item_param\">\n<div class=\"kh_inner_prod d-flex\">\n<figure class=\"kh_icon_param\"><img loading=\"lazy\" decoding=\"async\" class=\"alignnone size-full wp-image-2533\" src=\"https:\/\/autothaiduong.vn\/wp-content\/uploads\/2025\/05\/Manhinh-8.png\" alt=\"M\u00e0n h\u00ecnh\" width=\"70\" height=\"58\" \/><\/figure>\n<div class=\"kh_content_param\">\n<div class=\"kh_title_param\">N\u0103m s\u1ea3n xu\u1ea5t<\/div>\n<div class=\"kh_des_param\">2025<\/div>\n<\/div>\n<\/div>\n<\/div>\n<div class=\"kh_item_param\">\n<div class=\"kh_inner_prod d-flex\">\n<figure class=\"kh_icon_param\"><img loading=\"lazy\" decoding=\"async\" class=\"alignnone size-full wp-image-2533\" src=\"https:\/\/autothaiduong.vn\/wp-content\/uploads\/2025\/05\/Manhinh-8.png\" alt=\"M\u00e0n h\u00ecnh\" width=\"70\" height=\"58\" \/><\/figure>\n<div class=\"kh_content_param\">\n<div class=\"kh_title_param\">B\u1ea3o h\u00e0nh<\/div>\n<div class=\"kh_des_param\">B\u1ea3o h\u00e0nh 2 n\u0103m (1 \u0111\u1ed5i 1 n\u0103m \u0111\u1ea7u)<\/div>\n<\/div>\n<\/div>\n<\/div>\n<\/div>\n<\/div>\n<\/div>\n<\/section>\n<section class=\"kh_module kh_module_videos kh_module_page_prod kh_ani\">\n<div class=\"kh_container\">\n<div class=\"kh_flex d-flex\">\n<div class=\"kh_box_video\">\n<figure class=\"kh_video_box video-link\" data-src=\"\"><img loading=\"lazy\" decoding=\"async\" class=\"alignnone size-full wp-image-2539\" src=\"https:\/\/autothaiduong.vn\/wp-content\/uploads\/2025\/05\/ZT-360G.png\" alt=\"Zestech\" width=\"1280\" height=\"693\" srcset=\"https:\/\/autothaiduong.vn\/wp-content\/uploads\/2025\/05\/ZT-360G.png 1280w, https:\/\/autothaiduong.vn\/wp-content\/uploads\/2025\/05\/ZT-360G-600x325.png 600w, https:\/\/autothaiduong.vn\/wp-content\/uploads\/2025\/05\/ZT-360G-1024x554.png 1024w, https:\/\/autothaiduong.vn\/wp-content\/uploads\/2025\/05\/ZT-360G-768x416.png 768w\" sizes=\"auto, (max-width: 1280px) 100vw, 1280px\" \/><\/figure>\n<\/div>\n<div class=\"kh_box_content_video\">\n<div class=\"kh_content_video\">\n<div class=\"kh_box_title\">\n<h2 class=\"kh_title_module\">B\u00d9NG N\u1ed4 QU\u00c0 T\u1eb6NG<\/h2>\n<div class=\"kh_subtitle_module\">KHI MUA M\u00c0N H\u00ccNH ZT360G B\u1ea2N N\u00c2NG C\u1ea4P 2024<\/div>\n<div class=\"kh_des_title\">&#8211; C\u1ea3m bi\u1ebfn \u00e1p su\u1ea5t l\u1ed1p tr\u1ecb gi\u00e1 3.500.000\u0111<br \/>\n&#8211; Sim 4G Free 1 th\u00e1ng<br \/>\n&#8211; T\u1eb7ng USB<\/div>\n<\/div>\n<div class=\"kh_box_btn\">\n<div class=\"kh_btn kh_btn_yellow\"><a title=\"ZT360G n\u00e2ng c\u1ea5p 2024\" href=\"https:\/\/zestech.vn\/san-pham\/zt360g-nang-cap-2024\" data-fancybox=\"\" target=\"_blank\" rel=\"noopener\">Xem chi ti\u1ebft<\/a><\/div>\n<\/div>\n<\/div>\n<\/div>\n<\/div>\n<\/div>\n<\/section>\n<section class=\"kh_module kh_module_videos kh_module_page_prod even kh_ani\">\n<div class=\"kh_container\">\n<div class=\"kh_flex d-flex\">\n<div class=\"kh_box_video\">\n<figure class=\"kh_video_box video-link\" data-src=\"https:\/\/www.youtube.com\/watch?v=kZE-PAfyT3U&amp;list=PLyd9FyXbMlATUOnljTdJ7U3BrK_8jSMUN&amp;index=6\"><img loading=\"lazy\" decoding=\"async\" class=\"alignnone size-full wp-image-2540\" src=\"https:\/\/autothaiduong.vn\/wp-content\/uploads\/2025\/05\/camera-360.jpg\" alt=\"Zestech\" width=\"1280\" height=\"768\" srcset=\"https:\/\/autothaiduong.vn\/wp-content\/uploads\/2025\/05\/camera-360.jpg 1280w, https:\/\/autothaiduong.vn\/wp-content\/uploads\/2025\/05\/camera-360-600x360.jpg 600w, https:\/\/autothaiduong.vn\/wp-content\/uploads\/2025\/05\/camera-360-1024x614.jpg 1024w, https:\/\/autothaiduong.vn\/wp-content\/uploads\/2025\/05\/camera-360-768x461.jpg 768w\" sizes=\"auto, (max-width: 1280px) 100vw, 1280px\" \/><\/figure>\n<\/div>\n<div class=\"kh_box_content_video\">\n<div class=\"kh_content_video\">\n<div class=\"kh_box_title\">\n<h2 class=\"kh_title_module\">H\u1ec7 th\u1ed1ng Camera 360\u00b0<\/h2>\n<div class=\"kh_des_title\">Chip 2053 &#8211; DPG 1080<br \/>\nT\u1ef1 \u0111\u1ed9ng m\u1edf cam theo t\u1ed1c \u0111\u1ed9: kh\u00f4ng h\u1ed7 tr\u1ee3<br \/>\nM\u1edf xi nhan hi\u1ec7n cam 360<\/div>\n<\/div>\n<div class=\"kh_box_btn\">\n<div class=\"kh_btn kh_btn_yellow\"><a title=\"ZT360G n\u00e2ng c\u1ea5p 2024\" href=\"https:\/\/www.youtube.com\/embed\/kZE-PAfyT3U&amp;list=PLyd9FyXbMlATUOnljTdJ7U3BrK_8jSMUN&amp;index=6\" data-fancybox=\"\" target=\"_blank\" rel=\"noopener\">Xem chi ti\u1ebft<\/a><\/div>\n<\/div>\n<\/div>\n<\/div>\n<\/div>\n<\/div>\n<\/section>\n<section class=\"kh_module kh_module_videos kh_module_page_prod kh_ani\">\n<div class=\"kh_container\">\n<div class=\"kh_flex d-flex\">\n<div class=\"kh_box_video\">\n<figure class=\"kh_video_box video-link\" data-src=\"\"><img loading=\"lazy\" decoding=\"async\" class=\"alignnone size-full wp-image-2541\" src=\"https:\/\/autothaiduong.vn\/wp-content\/uploads\/2025\/05\/zt360g-2024-tat-may-ghi-hinh.jpg\" alt=\"Zestech\" width=\"1280\" height=\"720\" srcset=\"https:\/\/autothaiduong.vn\/wp-content\/uploads\/2025\/05\/zt360g-2024-tat-may-ghi-hinh.jpg 1280w, https:\/\/autothaiduong.vn\/wp-content\/uploads\/2025\/05\/zt360g-2024-tat-may-ghi-hinh-600x338.jpg 600w, https:\/\/autothaiduong.vn\/wp-content\/uploads\/2025\/05\/zt360g-2024-tat-may-ghi-hinh-1024x576.jpg 1024w, https:\/\/autothaiduong.vn\/wp-content\/uploads\/2025\/05\/zt360g-2024-tat-may-ghi-hinh-768x432.jpg 768w\" sizes=\"auto, (max-width: 1280px) 100vw, 1280px\" \/><\/figure>\n<\/div>\n<div class=\"kh_box_content_video\">\n<div class=\"kh_content_video\">\n<div class=\"kh_box_title\">\n<h2 class=\"kh_title_module\">T\u1eaft m\u00e1y ghi h\u00ecnh<\/h2>\n<div class=\"kh_des_title\">\u0110\u1eb7t ti\u00eau ch\u00ed an to\u00e0n h\u00e0ng \u0111\u1ea7u, t\u00ednh n\u0103ng \u201cT\u1eaft m\u00e1y ghi h\u00ecnh\u201d cho ph\u00e9p ghi h\u00ecnh li\u00ean t\u1ee5c xung quanh xe ngay c\u1ea3 khi xe \u0111\u00e3 t\u1eaft m\u00e1y. \u0110\u1ed3ng th\u1eddi, c\u00f3 th\u1ec3 c\u00e0i \u0111\u1eb7t th\u1eddi gian ghi h\u00ecnh l\u00ean \u0111\u1ebfn 48h v\u00e0 \u0111i\u1ec7n \u00e1p t\u1ef1 ng\u1eaft \u0111\u1ec3 b\u1ea3o v\u1ec7 \u1eafc quy.<\/div>\n<\/div>\n<div class=\"kh_box_btn\">\n<div class=\"kh_btn kh_btn_yellow\"><a title=\"ZT360G n\u00e2ng c\u1ea5p 2024\" href=\"https:\/\/zestech.vn\/san-pham\/zt360g-nang-cap-2024\" data-fancybox=\"\" target=\"_blank\" rel=\"noopener\">Xem chi ti\u1ebft<\/a><\/div>\n<\/div>\n<\/div>\n<\/div>\n<\/div>\n<\/div>\n<\/section>\n<section class=\"kh_module kh_module_videos kh_module_page_prod even kh_ani\">\n<div class=\"kh_container\">\n<div class=\"kh_flex d-flex\">\n<div class=\"kh_box_video\">\n<figure class=\"kh_video_box video-link\" data-src=\"https:\/\/www.youtube.com\/watch?v=Ex9GGAby3TY&amp;list=PLyd9FyXbMlATUOnljTdJ7U3BrK_8jSMUN&amp;index=4\"><img loading=\"lazy\" decoding=\"async\" class=\"alignnone size-full wp-image-2542\" src=\"https:\/\/autothaiduong.vn\/wp-content\/uploads\/2025\/05\/zt360g-2024-dinh-vi-xe-1.jpg\" alt=\"Zestech\" width=\"1000\" height=\"563\" srcset=\"https:\/\/autothaiduong.vn\/wp-content\/uploads\/2025\/05\/zt360g-2024-dinh-vi-xe-1.jpg 1000w, https:\/\/autothaiduong.vn\/wp-content\/uploads\/2025\/05\/zt360g-2024-dinh-vi-xe-1-600x338.jpg 600w, https:\/\/autothaiduong.vn\/wp-content\/uploads\/2025\/05\/zt360g-2024-dinh-vi-xe-1-768x432.jpg 768w\" sizes=\"auto, (max-width: 1000px) 100vw, 1000px\" \/><\/figure>\n<\/div>\n<div class=\"kh_box_content_video\">\n<div class=\"kh_content_video\">\n<div class=\"kh_box_title\">\n<h2 class=\"kh_title_module\">\u0110\u1ecbnh v\u1ecb xe<\/h2>\n<div class=\"kh_subtitle_module\">\u0110\u1ecbnh v\u1ecb ch\u00ednh x\u00e1c v\u1ecb tr\u00ed xe<\/div>\n<div class=\"kh_des_title\">Xem l\u1ecbch s\u1eed di chuy\u1ec3n 365 ng\u00e0y<\/div>\n<\/div>\n<div class=\"kh_box_btn\">\n<div class=\"kh_btn kh_btn_yellow\"><a title=\"ZT360G n\u00e2ng c\u1ea5p 2024\" href=\"https:\/\/www.youtube.com\/embed\/Ex9GGAby3TY&amp;list=PLyd9FyXbMlATUOnljTdJ7U3BrK_8jSMUN&amp;index=4\" data-fancybox=\"\" target=\"_blank\" rel=\"noopener\">Xem chi ti\u1ebft<\/a><\/div>\n<\/div>\n<\/div>\n<\/div>\n<\/div>\n<\/div>\n<\/section>\n<section class=\"kh_module kh_module_videos kh_module_page_prod kh_ani\">\n<div class=\"kh_container\">\n<div class=\"kh_flex d-flex\">\n<div class=\"kh_box_video\">\n<figure class=\"kh_video_box video-link\" data-src=\"https:\/\/www.youtube.com\/watch?v=4MH9mF1mnxk&amp;list=PLyd9FyXbMlATUOnljTdJ7U3BrK_8jSMUN&amp;index=7\"><img loading=\"lazy\" decoding=\"async\" class=\"alignnone size-full wp-image-2543\" src=\"https:\/\/autothaiduong.vn\/wp-content\/uploads\/2025\/05\/zt360g-2024-auto-update-1.jpg\" alt=\"Zestech\" width=\"1280\" height=\"720\" srcset=\"https:\/\/autothaiduong.vn\/wp-content\/uploads\/2025\/05\/zt360g-2024-auto-update-1.jpg 1280w, https:\/\/autothaiduong.vn\/wp-content\/uploads\/2025\/05\/zt360g-2024-auto-update-1-600x338.jpg 600w, https:\/\/autothaiduong.vn\/wp-content\/uploads\/2025\/05\/zt360g-2024-auto-update-1-1024x576.jpg 1024w, https:\/\/autothaiduong.vn\/wp-content\/uploads\/2025\/05\/zt360g-2024-auto-update-1-768x432.jpg 768w\" sizes=\"auto, (max-width: 1280px) 100vw, 1280px\" \/><\/figure>\n<\/div>\n<div class=\"kh_box_content_video\">\n<div class=\"kh_content_video\">\n<div class=\"kh_box_title\">\n<h2 class=\"kh_title_module\">C\u00f4ng ngh\u1ec7 Auto update<\/h2>\n<div class=\"kh_subtitle_module\">T\u1ef1 \u0111\u1ed9ng c\u1eadp nh\u1eadp \u1ee9ng d\u1ee5ng<\/div>\n<div class=\"kh_des_title\">C\u00f4ng ngh\u1ec7 \u0111\u1ed9c quy\u1ec1n do ZESTECH nghi\u00ean c\u1ee9u v\u00e0 ph\u00e1t tri\u1ec3n<br \/>\nHo\u1ea1t \u0111\u1ed9ng ch\u1ec9 c\u1ea7n thi\u1ebft b\u1ecb k\u1ebft n\u1ed1i m\u1ea1ng Wifi\/4G<br \/>\nT\u1ef1 \u0111\u1ed9ng t\u1ea3i xu\u1ed1ng phi\u00ean b\u1ea3n m\u1edbi nh\u1ea5t c\u1ee7a c\u00e1c \u1ee9ng d\u1ee5ng t\u1eeb h\u1ec7 th\u1ed1ng<\/div>\n<\/div>\n<div class=\"kh_box_btn\">\n<div class=\"kh_btn kh_btn_yellow\"><a title=\"ZT360G n\u00e2ng c\u1ea5p 2024\" href=\"https:\/\/www.youtube.com\/embed\/4MH9mF1mnxk&amp;list=PLyd9FyXbMlATUOnljTdJ7U3BrK_8jSMUN&amp;index=7\" data-fancybox=\"\" target=\"_blank\" rel=\"noopener\">Xem chi ti\u1ebft<\/a><\/div>\n<\/div>\n<\/div>\n<\/div>\n<\/div>\n<\/div>\n<\/section>\n<section class=\"kh_module kh_module_videos kh_module_page_prod even kh_ani\">\n<div class=\"kh_container\">\n<div class=\"kh_flex d-flex\">\n<div class=\"kh_box_video\">\n<figure class=\"kh_video_box video-link\" data-src=\"https:\/\/www.youtube.com\/watch?v=DDO4FkpI8Lg&amp;list=PLyd9FyXbMlATUOnljTdJ7U3BrK_8jSMUN&amp;index=6\"><img loading=\"lazy\" decoding=\"async\" class=\"alignnone size-full wp-image-2544\" src=\"https:\/\/autothaiduong.vn\/wp-content\/uploads\/2025\/05\/zt360g-2024-tra-cuu-phat-nguoi.jpg\" alt=\"Zestech\" width=\"1280\" height=\"719\" srcset=\"https:\/\/autothaiduong.vn\/wp-content\/uploads\/2025\/05\/zt360g-2024-tra-cuu-phat-nguoi.jpg 1280w, https:\/\/autothaiduong.vn\/wp-content\/uploads\/2025\/05\/zt360g-2024-tra-cuu-phat-nguoi-600x337.jpg 600w, https:\/\/autothaiduong.vn\/wp-content\/uploads\/2025\/05\/zt360g-2024-tra-cuu-phat-nguoi-1024x575.jpg 1024w, https:\/\/autothaiduong.vn\/wp-content\/uploads\/2025\/05\/zt360g-2024-tra-cuu-phat-nguoi-768x431.jpg 768w\" sizes=\"auto, (max-width: 1280px) 100vw, 1280px\" \/><\/figure>\n<\/div>\n<div class=\"kh_box_content_video\">\n<div class=\"kh_content_video\">\n<div class=\"kh_box_title\">\n<h2 class=\"kh_title_module\">Tra c\u1ee9u ph\u1ea1t ngu\u1ed9i<\/h2>\n<div class=\"kh_subtitle_module\">S\u1ef1 d\u1ee5ng gi\u1ecdng n\u00f3i \u0111\u1ec3 tra c\u1ee9u<\/div>\n<div class=\"kh_des_title\">Check ph\u1ea1t ngu\u1ed9i ngay tr\u00ean m\u00e0n h\u00ecnh Zestech v\u1edbi c\u00e2u l\u1ec7nh c\u1ef1c k\u00ec \u0111\u01a1n gi\u1ea3n \u201cPh\u1ea1t ngu\u1ed9i + bi\u1ec3n s\u1ed1 xe\u201d gi\u00fap kh\u00e1ch h\u00e0ng c\u00f3 th\u1ec3 x\u1eed l\u00fd vi ph\u1ea1m k\u1ecbp th\u1eddi.<\/div>\n<\/div>\n<div class=\"kh_box_btn\">\n<div class=\"kh_btn kh_btn_yellow\"><a title=\"ZT360G n\u00e2ng c\u1ea5p 2024\" href=\"https:\/\/www.youtube.com\/embed\/DDO4FkpI8Lg&amp;list=PLyd9FyXbMlATUOnljTdJ7U3BrK_8jSMUN&amp;index=6\" data-fancybox=\"\" target=\"_blank\" rel=\"noopener\">Xem chi ti\u1ebft<\/a><\/div>\n<\/div>\n<\/div>\n<\/div>\n<\/div>\n<\/div>\n<\/section>\n<section class=\"kh_module kh_module_videos kh_module_page_prod kh_ani\">\n<div class=\"kh_container\">\n<div class=\"kh_flex d-flex\">\n<div class=\"kh_box_video\">\n<figure class=\"kh_video_box video-link\" data-src=\"https:\/\/www.youtube.com\/watch?v=c_w43o1cTUc&amp;list=PLyd9FyXbMlATUOnljTdJ7U3BrK_8jSMUN&amp;index=2\"><img loading=\"lazy\" decoding=\"async\" class=\"alignnone size-full wp-image-2545\" src=\"https:\/\/autothaiduong.vn\/wp-content\/uploads\/2025\/05\/zt360g-dieu-khien-bang-giong-noi.jpg\" alt=\"Zestech\" width=\"1280\" height=\"719\" srcset=\"https:\/\/autothaiduong.vn\/wp-content\/uploads\/2025\/05\/zt360g-dieu-khien-bang-giong-noi.jpg 1280w, https:\/\/autothaiduong.vn\/wp-content\/uploads\/2025\/05\/zt360g-dieu-khien-bang-giong-noi-600x337.jpg 600w, https:\/\/autothaiduong.vn\/wp-content\/uploads\/2025\/05\/zt360g-dieu-khien-bang-giong-noi-1024x575.jpg 1024w, https:\/\/autothaiduong.vn\/wp-content\/uploads\/2025\/05\/zt360g-dieu-khien-bang-giong-noi-768x431.jpg 768w\" sizes=\"auto, (max-width: 1280px) 100vw, 1280px\" \/><\/figure>\n<\/div>\n<div class=\"kh_box_content_video\">\n<div class=\"kh_content_video\">\n<div class=\"kh_box_title\">\n<h2 class=\"kh_title_module\">\u0110i\u1ec1u khi\u1ec3n m\u00e0n h\u00ecnh b\u1eb1ng gi\u1ecdng n\u00f3i<\/h2>\n<div class=\"kh_subtitle_module\">S\u1eed d\u1ee5ng gi\u1ecdng n\u00f3i kiki \u0111i\u1ec1u khi\u1ec3n m\u00e0n h\u00ecnh<\/div>\n<div class=\"kh_des_title\">&#8211; \u0110\u1ecdc l\u1ec7nh ch\u1ec9 \u0111\u01b0\u1eddng: &#8220;Ch\u1ec9 \u0111\u01b0\u1eddng + [\u0111\u1ecba ch\u1ec9 b\u1ea1n mu\u1ed1n \u0111\u1ebfn]&#8221;<br \/>\n&#8211; \u0110\u1ecdc l\u1ec7nh m\u1edf Zing MP3: &#8220;M\u1edf nh\u1ea1c + [b\u00e0i h\u00e1t b\u1ea1n mu\u1ed1n nghe]&#8221;<br \/>\n&#8211; \u0110\u1ecdc l\u1ec7nh m\u1edf Youtube: &#8220;M\u1edf video +\n<p>&#8221;<br \/>\n&#8211; Tra c\u1ee9u th\u00f4ng tin trong ng\u00e0y, tra c\u1ee9u gi\u00e1 v\u00e0ng, th\u1eddi ti\u1ebft, &#8230;<\/p>\n<\/div>\n<\/div>\n<div class=\"kh_box_btn\">\n<div class=\"kh_btn kh_btn_yellow\"><a title=\"ZT360G n\u00e2ng c\u1ea5p 2024\" href=\"https:\/\/www.youtube.com\/embed\/c_w43o1cTUc&amp;list=PLyd9FyXbMlATUOnljTdJ7U3BrK_8jSMUN&amp;index=2\" data-fancybox=\"\" target=\"_blank\" rel=\"noopener\">Xem chi ti\u1ebft<\/a><\/div>\n<\/div>\n<\/div>\n<\/div>\n<\/div>\n<\/div>\n<\/section>\n","protected":false},"excerpt":{"rendered":"<p><em><strong>Auto Th\u00e1i D\u01b0\u01a1ng &#8211; \u0110\u1ea1i L\u00ed Ch\u00ednh H\u00e3ng Zestech T\u1ea1i TP.B\u1ea3o L\u1ed9c<\/strong><\/em><\/p>\n<p><em><strong>\u0110\u1ecba Ch\u1ec9: 273-275 Tr\u1ea7n Ph\u00fa Ph\u01b0\u1eddng L\u1ed9c S\u01a1n Th\u00e0nh Ph\u1ed1 B\u1ea3o L\u1ed9c T\u1ec9nh L\u00e2m \u0110\u1ed3ng <\/strong><\/em><\/p>\n<p><em><strong>Hotline: 091219744111<\/strong><\/em><\/p>\n","protected":false},"featured_media":2531,"comment_status":"open","ping_status":"closed","template":"","meta":[],"product_brand":[81],"product_cat":[153],"product_tag":[],"class_list":{"0":"post-2530","1":"product","2":"type-product","3":"status-publish","4":"has-post-thumbnail","6":"product_brand-zestech","7":"product_cat-man-hinh-android-lien-camera-360","9":"first","10":"instock","11":"shipping-taxable","12":"purchasable","13":"product-type-simple"},"_links":{"self":[{"href":"https:\/\/autothaiduong.vn\/index.php?rest_route=\/wp\/v2\/product\/2530","targetHints":{"allow":["GET"]}}],"collection":[{"href":"https:\/\/autothaiduong.vn\/index.php?rest_route=\/wp\/v2\/product"}],"about":[{"href":"https:\/\/autothaiduong.vn\/index.php?rest_route=\/wp\/v2\/types\/product"}],"replies":[{"embeddable":true,"href":"https:\/\/autothaiduong.vn\/index.php?rest_route=%2Fwp%2Fv2%2Fcomments&post=2530"}],"wp:featuredmedia":[{"embeddable":true,"href":"https:\/\/autothaiduong.vn\/index.php?rest_route=\/wp\/v2\/media\/2531"}],"wp:attachment":[{"href":"https:\/\/autothaiduong.vn\/index.php?rest_route=%2Fwp%2Fv2%2Fmedia&parent=2530"}],"wp:term":[{"taxonomy":"product_brand","embeddable":true,"href":"https:\/\/autothaiduong.vn\/index.php?rest_route=%2Fwp%2Fv2%2Fproduct_brand&post=2530"},{"taxonomy":"product_cat","embeddable":true,"href":"https:\/\/autothaiduong.vn\/index.php?rest_route=%2Fwp%2Fv2%2Fproduct_cat&post=2530"},{"taxonomy":"product_tag","embeddable":true,"href":"https:\/\/autothaiduong.vn\/index.php?rest_route=%2Fwp%2Fv2%2Fproduct_tag&post=2530"}],"curies":[{"name":"wp","href":"https:\/\/api.w.org\/{rel}","templated":true}]}}