{"id":2628,"date":"2025-05-18T17:04:09","date_gmt":"2025-05-18T17:04:09","guid":{"rendered":"https:\/\/autothaiduong.vn\/?post_type=product&#038;p=2628"},"modified":"2025-05-18T17:04:18","modified_gmt":"2025-05-18T17:04:18","slug":"territory-2024-dan-goi-ppf-ax-film-k-series","status":"publish","type":"product","link":"https:\/\/autothaiduong.vn\/?product=territory-2024-dan-goi-ppf-ax-film-k-series","title":{"rendered":"TerriTory 2024 D\u00e1n G\u00f3i PPF Ax Film K Series"},"content":{"rendered":"<p><img loading=\"lazy\" decoding=\"async\" class=\" wp-image-2629 aligncenter\" src=\"https:\/\/autothaiduong.vn\/wp-content\/uploads\/2025\/05\/13-01-2025-1736736419-72582-My-Uyen-600x450.jpg\" alt=\"\" width=\"585\" height=\"439\" srcset=\"https:\/\/autothaiduong.vn\/wp-content\/uploads\/2025\/05\/13-01-2025-1736736419-72582-My-Uyen-600x450.jpg 600w, https:\/\/autothaiduong.vn\/wp-content\/uploads\/2025\/05\/13-01-2025-1736736419-72582-My-Uyen-768x576.jpg 768w, https:\/\/autothaiduong.vn\/wp-content\/uploads\/2025\/05\/13-01-2025-1736736419-72582-My-Uyen.jpg 800w\" sizes=\"auto, (max-width: 585px) 100vw, 585px\" \/><\/p>\n<div class=\"row mt30 mb30\">\n<div class=\"col-md-12\">\n<div class=\"article-description\">\n<div class=\"home-section-head\">\n<h2 class=\"section-title\">TH\u00d4NG TIN B\u1ea2O H\u00c0NH<\/h2>\n<\/div>\n<\/div>\n<\/div>\n<\/div>\n<p>\u0110\u1ea0I L\u00dd THI C\u00d4NG:\u00a0TH\u00c1I D\u01af\u01a0NG AUTO<\/p>\n<p>\u0110\u1ecaA CH\u1ec8 L\u1eaeP \u0110\u1eb6T:\u00a0275 Tr\u1ea7n Ph\u00fa, Ph\u01b0\u1eddng L\u1ed9c S\u01a1n, Th\u00e0nh Ph\u1ed1 B\u1ea3o L\u1ed9c, T\u1ec9nh L\u00e2m \u0110\u1ed3ng<\/p>\n<p>LI\u00caN H\u1ec6 T\u01af V\u1ea4N &#8211; L\u1eaeP \u0110\u1eb6T:\u00a0TH\u00c1I D\u01af\u01a0NG AUTO &#8211; 0962845678<\/p>\n<hr \/>\n<div>\n<p>TH\u00d4NG TIN KH\u00c1CH H\u00c0NG:<\/p>\n<ul class=\"list-inline\">\n<li>KH\u00c1CH H\u00c0NG: ***** Ph\u00fac Minh<\/li>\n<li>\u0110I\u1ec6N THO\u1ea0I: *****5678<\/li>\n<li>BI\u1ec2N S\u1ed0 XE: *****582<\/li>\n<\/ul>\n<\/div>\n<div>\n<p>S\u1ea2N PH\u1ea8M L\u1eaeP \u0110\u1eb6T:<\/p>\n<ul class=\"list-group-item list_war_product\">\n<li class=\"item\">\n<div class=\"list_product_warranty\">\n<div class=\"img_item\"><img loading=\"lazy\" decoding=\"async\" class=\"alignnone size-full wp-image-2630\" src=\"https:\/\/autothaiduong.vn\/wp-content\/uploads\/2025\/05\/31-05-2024-1717126845-6547d7b3-4a84-459c-bbef-f35f9a78e7b3-1.jpg\" alt=\"AX PPF K SERIES\" width=\"320\" height=\"320\" srcset=\"https:\/\/autothaiduong.vn\/wp-content\/uploads\/2025\/05\/31-05-2024-1717126845-6547d7b3-4a84-459c-bbef-f35f9a78e7b3-1.jpg 320w, https:\/\/autothaiduong.vn\/wp-content\/uploads\/2025\/05\/31-05-2024-1717126845-6547d7b3-4a84-459c-bbef-f35f9a78e7b3-1-300x300.jpg 300w, https:\/\/autothaiduong.vn\/wp-content\/uploads\/2025\/05\/31-05-2024-1717126845-6547d7b3-4a84-459c-bbef-f35f9a78e7b3-1-100x100.jpg 100w\" sizes=\"auto, (max-width: 320px) 100vw, 320px\" \/><\/div>\n<div class=\"info_item\">\n<p><i class=\"fa fa-check\"><\/i>\u00a0AX PPF K SERIES<\/p>\n<p><i class=\"fa fa-check\"><\/i>\u00a0B\u1ea3o h\u00e0nh: 26\/12\/2029<\/p>\n<p><i class=\"fa fa-check\"><\/i>\u00a0Serial: BN24100731M7713S8113<\/p>\n<\/div>\n<div class=\"list_maintenance\">\n<p><b><i class=\"fa fa-check\"><\/i>\u00a0B\u1ea3o d\u01b0\u1ee1ng \u0111\u1ecbnh k\u1ef3<\/b><\/p>\n<div class=\"list_year_maintenance\">\n<div class=\"item_year_maintenance\">\n<p><a class=\"collapsed\" role=\"button\" href=\"https:\/\/baohanh.axfilmvn.com\/trang-chu\/ppf-k-series-536.html#collapse_2025\" data-toggle=\"collapse\" aria-expanded=\"false\" aria-controls=\"collapse_2025\"><b>N\u0103m 2025\u00a0<i class=\"fa fa-angle-down\"><\/i><\/b><\/a><\/p>\n<div id=\"collapse_2025\" class=\"collapse in\">\n<div class=\" group_check\"><input class=\"check-big\" disabled=\"disabled\" type=\"checkbox\" \/>\u00a0<label>Th\u00e1ng 03\/2025<\/label><\/div>\n<div class=\" group_check\"><input class=\"check-big\" disabled=\"disabled\" type=\"checkbox\" \/>\u00a0<label>Th\u00e1ng 06\/2025<\/label><\/div>\n<div class=\" group_check\"><input class=\"check-big\" disabled=\"disabled\" type=\"checkbox\" \/>\u00a0<label>Th\u00e1ng 09\/2025<\/label><\/div>\n<div class=\" group_check\"><input class=\"check-big\" disabled=\"disabled\" type=\"checkbox\" \/>\u00a0<label>Th\u00e1ng 12\/2025<\/label><\/div>\n<\/div>\n<\/div>\n<div class=\"item_year_maintenance\"><a class=\"\" role=\"button\" href=\"https:\/\/baohanh.axfilmvn.com\/trang-chu\/ppf-k-series-536.html#collapse_2026\" data-toggle=\"collapse\" aria-expanded=\"false\" aria-controls=\"collapse_2026\"><b>N\u0103m 2026\u00a0<i class=\"fa fa-angle-down\"><\/i><\/b><\/a><\/div>\n<div class=\"item_year_maintenance\"><a class=\"\" role=\"button\" href=\"https:\/\/baohanh.axfilmvn.com\/trang-chu\/ppf-k-series-536.html#collapse_2027\" data-toggle=\"collapse\" aria-expanded=\"false\" aria-controls=\"collapse_2027\"><b>N\u0103m 2027\u00a0<i class=\"fa fa-angle-down\"><\/i><\/b><\/a><\/div>\n<\/div>\n<\/div>\n<\/div>\n<\/li>\n<\/ul>\n<\/div>\n","protected":false},"excerpt":{"rendered":"<p>TH\u00d4NG TIN B\u1ea2O H\u00c0NH \u0110\u1ea0I L\u00dd THI C\u00d4NG:\u00a0TH\u00c1I D\u01af\u01a0NG AUTO \u0110\u1ecaA CH\u1ec8 L\u1eaeP \u0110\u1eb6T:\u00a0275 Tr\u1ea7n Ph\u00fa, Ph\u01b0\u1eddng L\u1ed9c S\u01a1n, Th\u00e0nh Ph\u1ed1 B\u1ea3o L\u1ed9c, T\u1ec9nh L\u00e2m \u0110\u1ed3ng LI\u00caN H\u1ec6 T\u01af V\u1ea4N &#8211; L\u1eaeP \u0110\u1eb6T:\u00a0TH\u00c1I D\u01af\u01a0NG AUTO &#8211; 0962845678 TH\u00d4NG TIN KH\u00c1CH H\u00c0NG: KH\u00c1CH H\u00c0NG: ***** Ph\u00fac Minh \u0110I\u1ec6N THO\u1ea0I: *****5678 BI\u1ec2N S\u1ed0 XE: *****582 S\u1ea2N PH\u1ea8M [&#8230;]\n","protected":false},"featured_media":2629,"comment_status":"open","ping_status":"closed","template":"","meta":[],"product_brand":[],"product_cat":[157],"product_tag":[],"class_list":{"0":"post-2628","1":"product","2":"type-product","3":"status-publish","4":"has-post-thumbnail","6":"product_cat-bao-hanh-ppf","8":"first","9":"instock","10":"shipping-taxable","11":"product-type-simple"},"_links":{"self":[{"href":"https:\/\/autothaiduong.vn\/index.php?rest_route=\/wp\/v2\/product\/2628","targetHints":{"allow":["GET"]}}],"collection":[{"href":"https:\/\/autothaiduong.vn\/index.php?rest_route=\/wp\/v2\/product"}],"about":[{"href":"https:\/\/autothaiduong.vn\/index.php?rest_route=\/wp\/v2\/types\/product"}],"replies":[{"embeddable":true,"href":"https:\/\/autothaiduong.vn\/index.php?rest_route=%2Fwp%2Fv2%2Fcomments&post=2628"}],"wp:featuredmedia":[{"embeddable":true,"href":"https:\/\/autothaiduong.vn\/index.php?rest_route=\/wp\/v2\/media\/2629"}],"wp:attachment":[{"href":"https:\/\/autothaiduong.vn\/index.php?rest_route=%2Fwp%2Fv2%2Fmedia&parent=2628"}],"wp:term":[{"taxonomy":"product_brand","embeddable":true,"href":"https:\/\/autothaiduong.vn\/index.php?rest_route=%2Fwp%2Fv2%2Fproduct_brand&post=2628"},{"taxonomy":"product_cat","embeddable":true,"href":"https:\/\/autothaiduong.vn\/index.php?rest_route=%2Fwp%2Fv2%2Fproduct_cat&post=2628"},{"taxonomy":"product_tag","embeddable":true,"href":"https:\/\/autothaiduong.vn\/index.php?rest_route=%2Fwp%2Fv2%2Fproduct_tag&post=2628"}],"curies":[{"name":"wp","href":"https:\/\/api.w.org\/{rel}","templated":true}]}}