{"id":2816,"date":"2025-05-21T14:20:12","date_gmt":"2025-05-21T14:20:12","guid":{"rendered":"https:\/\/autothaiduong.vn\/?post_type=product&#038;p=2816"},"modified":"2025-05-21T14:20:33","modified_gmt":"2025-05-21T14:20:33","slug":"bong-led-s9-pro","status":"publish","type":"product","link":"https:\/\/autothaiduong.vn\/?product=bong-led-s9-pro","title":{"rendered":"B\u00d3NG LED S9 PRO"},"content":{"rendered":"<p><span style=\"font-size: 140%;\"><strong><span style=\"color: #ff0000;\"><img loading=\"lazy\" decoding=\"async\" class=\"wp-image-2492 aligncenter\" src=\"https:\/\/autothaiduong.vn\/wp-content\/uploads\/2025\/05\/z6584734442481_f208f5944548cb4b46353402ce2e64e0-4.jpg\" alt=\"\" width=\"325\" height=\"288\" \/><\/span><\/strong><\/span><\/p>\n<p style=\"text-align: center;\"><span style=\"font-size: 140%;\"><strong><span style=\"color: #ff0000;\">273-275 Tr\u1ea7n Ph\u00fa Ph\u01b0\u1eddng L\u1ed9c S\u01a1n Th\u00e0nh Ph\u1ed1 B\u1ea3o L\u1ed9c T\u1ec9nh L\u00e2m \u0110\u1ed3ng<\/span><\/strong><\/span><\/p>\n<p style=\"text-align: center;\"><span style=\"font-size: 140%;\"><strong><span style=\"color: #ff0000;\"> Hotline: 0912197441<\/span><\/strong><\/span><\/p>\n<p><img loading=\"lazy\" decoding=\"async\" class=\"alignnone size-full wp-image-2823\" title=\"B\u00d3NG LED S9 PRO\" src=\"https:\/\/autothaiduong.vn\/wp-content\/uploads\/2025\/05\/s9-pro-cong-nghe.jpg\" alt=\"B\u00d3NG LED S9 PRO\" width=\"1280\" height=\"960\" srcset=\"https:\/\/autothaiduong.vn\/wp-content\/uploads\/2025\/05\/s9-pro-cong-nghe.jpg 1280w, https:\/\/autothaiduong.vn\/wp-content\/uploads\/2025\/05\/s9-pro-cong-nghe-600x450.jpg 600w, https:\/\/autothaiduong.vn\/wp-content\/uploads\/2025\/05\/s9-pro-cong-nghe-1024x768.jpg 1024w, https:\/\/autothaiduong.vn\/wp-content\/uploads\/2025\/05\/s9-pro-cong-nghe-768x576.jpg 768w\" sizes=\"auto, (max-width: 1280px) 100vw, 1280px\" \/><\/p>\n<p>Naoevo l\u00e0 th\u01b0\u01a1ng hi\u1ec7u d\u1eabn \u0111\u1ea7u trong ng\u00e0nh c\u00f4ng ngh\u1ec7 chi\u1ebfu s\u00e1ng \u00f4 t\u00f4 su\u1ed1t 18 n\u0103m qua, \u0111\u00e3 kh\u1eb3ng \u0111\u1ecbnh v\u1ecb th\u1ebf c\u1ee7a m\u00ecnh t\u1ea1i h\u01a1n 50 qu\u1ed1c gia tr\u00ean to\u00e0n c\u1ea7u. S\u1edf h\u1eefu nh\u00e0 m\u00e1y s\u1ea3n xu\u1ea5t r\u1ed9ng l\u1edbn v\u1edbi di\u1ec7n t\u00edch l\u00ean \u0111\u1ebfn 10.000m2 v\u00e0 d\u00e2y chuy\u1ec1n s\u1ea3n xu\u1ea5t chuy\u00ean nghi\u1ec7p, t\u1ea5t c\u1ea3 s\u1ea3n ph\u1ea9m c\u1ee7a th\u01b0\u01a1ng hi\u1ec7u \u0111\u1ec1u \u0111\u01b0\u1ee3c ch\u1ee9ng nh\u1eadn qu\u1ed1c t\u1ebf nh\u01b0 CE, RoHS, ISO9001, DOT, IC, \u0111\u1ea3m b\u1ea3o tu\u00e2n th\u1ee7 nghi\u00eam ng\u1eb7t c\u00e1c ti\u00eau chu\u1ea9n ng\u00e0nh v\u00e0 mang l\u1ea1i s\u1ef1 tin t\u01b0\u1edfng cho ng\u01b0\u1eddi d\u00f9ng tr\u00ean to\u00e0n th\u1ebf gi\u1edbi.<\/p>\n<p>V\u00e0o th\u00e1ng 7\/2024, Naoevo Vi\u1ec7t Nam cho ra m\u1eaft d\u00f2ng s\u1ea3n ph\u1ea9m Naoevo S9 Pro &#8211; \u201cVua b\u00f3ng Led\u201d, \u0111\u00e1nh d\u1ea5u k\u1ef7 nguy\u00ean b\u00f3ng led 90W hi\u1ec7u n\u0103ng cao trong body nh\u1ecf g\u1ecdn, h\u1ee9a h\u1eb9n mang l\u1ea1i tr\u1ea3i nghi\u1ec7m chi\u1ebfu s\u00e1ng v\u01b0\u1ee3t tr\u1ed9i cho ng\u01b0\u1eddi d\u00f9ng. D\u1ef1 ki\u1ebfn \u0111\u00e2y s\u1ebd l\u00e0 m\u1ed9t l\u1ef1a ch\u1ecdn \u0111\u00e1ng gi\u00e1 trong th\u1eddi gian t\u1edbi, \u0111\u01b0\u1ee3c \u0111\u00f4ng \u0111\u1ea3o kh\u00e1ch h\u00e0ng tin y\u00eau v\u00e0 l\u1ef1a ch\u1ecdn.<\/p>\n<p>&nbsp;<\/p>\n<h2><a id=\"1-h-nh--nh--nh-s-ng-th--c-t--naoevo-s9-pro\" class=\"toc-a-tag\"><\/a>1. H\u00ccNH \u1ea2NH \u00c1NH S\u00c1NG TH\u1ef0C T\u1ebe NAOEVO S9 PRO<\/h2>\n<p><img loading=\"lazy\" decoding=\"async\" class=\"alignnone size-full wp-image-2824\" src=\"https:\/\/autothaiduong.vn\/wp-content\/uploads\/2025\/05\/4-16.jpg\" alt=\"\" width=\"1280\" height=\"1280\" srcset=\"https:\/\/autothaiduong.vn\/wp-content\/uploads\/2025\/05\/4-16.jpg 1280w, https:\/\/autothaiduong.vn\/wp-content\/uploads\/2025\/05\/4-16-600x600.jpg 600w, https:\/\/autothaiduong.vn\/wp-content\/uploads\/2025\/05\/4-16-1024x1024.jpg 1024w, https:\/\/autothaiduong.vn\/wp-content\/uploads\/2025\/05\/4-16-300x300.jpg 300w, https:\/\/autothaiduong.vn\/wp-content\/uploads\/2025\/05\/4-16-768x768.jpg 768w, https:\/\/autothaiduong.vn\/wp-content\/uploads\/2025\/05\/4-16-100x100.jpg 100w, https:\/\/autothaiduong.vn\/wp-content\/uploads\/2025\/05\/4-16-50x50.jpg 50w\" sizes=\"auto, (max-width: 1280px) 100vw, 1280px\" \/><\/p>\n<p>H\u00ecnh \u1ea3nh \u00e1nh s\u00e1ng th\u1ef1c t\u1ebf Cos\/Pha c\u1ee7a Naoevo S9 Pro<\/p>\n<p>&nbsp;<\/p>\n<h2><a id=\"2----c--i--m-n--i-b--t-c--a-naoevo-s9-pro\" class=\"toc-a-tag\"><\/a>2. \u0110\u1eb6C \u0110I\u1ec2M N\u1ed4I B\u1eacT C\u1ee6A NAOEVO S9 PRO<\/h2>\n<h3><a id=\"2-1-thi--t-k--l--y-c--m-h--ng-t--chim--ng\" class=\"toc-a-tag\"><\/a>2.1 Thi\u1ebft k\u1ebf l\u1ea5y c\u1ea3m h\u1ee9ng t\u1eeb chim \u01b0ng<\/h3>\n<p>Thi\u1ebft k\u1ebf h\u00ecnh chim \u01b0ng l\u00e0 n\u00e9t \u0111\u1eb7c tr\u01b0ng n\u1ed5i b\u1eadt c\u1ee7a b\u00f3ng \u0111\u00e8n pha Led Naoevo S9 Pro, bi\u1ec3u t\u01b0\u1ee3ng cho s\u1ee9c m\u1ea1nh v\u00e0 kh\u1ea3 n\u0103ng \u0111\u1ed1i ph\u00f3 v\u1edbi m\u1ecdi \u0111i\u1ec1u ki\u1ec7n \u00e1nh s\u00e1ng y\u1ebfu. Naoevo S9 Pro cung c\u1ea5p \u0111\u1ed9 s\u00e1ng c\u1ef1c cao, xua tan m\u1ecdi b\u00f3ng t\u1ed1i, \u0111em \u0111\u1ebfn \u00e1nh s\u00e1ng t\u1ed1i \u0111a \u0111\u1ec3 l\u00e1i xe an to\u00e0n v\u00e0 t\u1ef1 tin v\u00e0o ban \u0111\u00eam.<\/p>\n<p><img loading=\"lazy\" decoding=\"async\" class=\"alignnone size-full wp-image-2825\" src=\"https:\/\/autothaiduong.vn\/wp-content\/uploads\/2025\/05\/3-12.jpg\" alt=\"\" width=\"1280\" height=\"1280\" srcset=\"https:\/\/autothaiduong.vn\/wp-content\/uploads\/2025\/05\/3-12.jpg 1280w, https:\/\/autothaiduong.vn\/wp-content\/uploads\/2025\/05\/3-12-600x600.jpg 600w, https:\/\/autothaiduong.vn\/wp-content\/uploads\/2025\/05\/3-12-1024x1024.jpg 1024w, https:\/\/autothaiduong.vn\/wp-content\/uploads\/2025\/05\/3-12-300x300.jpg 300w, https:\/\/autothaiduong.vn\/wp-content\/uploads\/2025\/05\/3-12-768x768.jpg 768w, https:\/\/autothaiduong.vn\/wp-content\/uploads\/2025\/05\/3-12-100x100.jpg 100w, https:\/\/autothaiduong.vn\/wp-content\/uploads\/2025\/05\/3-12-50x50.jpg 50w\" sizes=\"auto, (max-width: 1280px) 100vw, 1280px\" \/><\/p>\n<h3><a id=\"2-2-hi--u-su--t-cao\" class=\"toc-a-tag\"><\/a>2.2 Hi\u1ec7u su\u1ea5t cao<\/h3>\n<p>\u0110\u01b0\u1ee3c trang b\u1ecb c\u00f4ng ngh\u1ec7 Chip Led ch\u1ea5t l\u01b0\u1ee3ng cao, Naoevo S9 Pro mang l\u1ea1i \u0111\u1ed9 s\u00e1ng t\u1ed1i \u0111a l\u00ean \u0111\u1ebfn 90W v\u00e0 10800LM m\u1ed7i b\u00f3ng \u0111\u00e8n. Khi l\u1eafp \u0111\u1eb7t Naoevo S9 Pro, b\u1ea1n s\u1ebd kh\u00f4ng ph\u1ea3i lo l\u1eafng v\u1ec1 \u00e1nh s\u00e1ng ch\u00f3i v\u00ec ch\u00fang t\u1ea1o ra nh\u1eefng \u0111\u01b0\u1eddng c\u1eaft ch\u00ednh x\u00e1c \u1edf \u0111\u1ea7u ch\u00f9m tia, c\u00f9ng v\u1edbi \u0111\u1ed9 t\u1ecfa r\u1ed9ng, gi\u00fap l\u00e1i xe an to\u00e0n.<\/p>\n<p><img loading=\"lazy\" decoding=\"async\" class=\"alignnone size-full wp-image-2826\" src=\"https:\/\/autothaiduong.vn\/wp-content\/uploads\/2025\/05\/5-5.jpg\" alt=\"\" width=\"1280\" height=\"1280\" srcset=\"https:\/\/autothaiduong.vn\/wp-content\/uploads\/2025\/05\/5-5.jpg 1280w, https:\/\/autothaiduong.vn\/wp-content\/uploads\/2025\/05\/5-5-600x600.jpg 600w, https:\/\/autothaiduong.vn\/wp-content\/uploads\/2025\/05\/5-5-1024x1024.jpg 1024w, https:\/\/autothaiduong.vn\/wp-content\/uploads\/2025\/05\/5-5-300x300.jpg 300w, https:\/\/autothaiduong.vn\/wp-content\/uploads\/2025\/05\/5-5-768x768.jpg 768w, https:\/\/autothaiduong.vn\/wp-content\/uploads\/2025\/05\/5-5-100x100.jpg 100w, https:\/\/autothaiduong.vn\/wp-content\/uploads\/2025\/05\/5-5-50x50.jpg 50w\" sizes=\"auto, (max-width: 1280px) 100vw, 1280px\" \/><\/p>\n<h3><a id=\"2-3-h--th--ng-t--n-nhi--t-hi--u-qu--\" class=\"toc-a-tag\"><\/a>2.3 H\u1ec7 th\u1ed1ng t\u1ea3n nhi\u1ec7t hi\u1ec7u qu\u1ea3<\/h3>\n<p>H\u1ec7 th\u1ed1ng t\u1ea3n nhi\u1ec7t tr\u00ean b\u00f3ng \u0111\u00e8n Led l\u00e0 m\u1ed9t y\u1ebfu t\u1ed1 v\u00f4 c\u00f9ng quan tr\u1ecdng m\u00e0 kh\u00e1ch h\u00e0ng lu\u00f4n quan t\u00e2m, v\u00ec n\u1ebfu hi\u1ec7u su\u1ea5t qu\u1ea3n l\u00fd nhi\u1ec7t kh\u00f4ng t\u1ed1t, c\u00f3 th\u1ec3 d\u1eabn \u0111\u1ebfn \u0111\u1ed9 b\u1ec1n s\u1ea3n ph\u1ea9m gi\u1ea3m s\u00fat. Naoevo S9 Pro \u0111\u01b0\u1ee3c trang b\u1ecb h\u1ec7 th\u1ed1ng t\u1ea3n nhi\u1ec7t t\u1ed1i \u01b0u, v\u1edbi \u1ed1ng d\u1eabn nhi\u1ec7t k\u00e9p b\u1eb1ng \u0111\u1ed3ng c\u00f3 th\u1ec3 truy\u1ec1n nhi\u1ec7t 30W m\u1ed7i l\u1ea7n. K\u1ebft h\u1ee3p v\u1edbi \u0111\u00f3 l\u00e0 qu\u1ea1t t\u1ea3n nhi\u1ec7t l\u1edbn, gi\u00fap t\u1ea3n nhi\u1ec7t c\u1ef1c k\u1ef3 nhanh v\u1edbi t\u1ed1c \u0111\u1ed9 10000 v\u00f2ng\/ph\u00fat.<\/p>\n<p>Ngo\u00e0i ra, vi\u1ec7c t\u00edch h\u1ee3p c\u1ea3m bi\u1ebfn nhi\u1ec7t c\u0169ng \u0111\u00f3ng vai tr\u00f2 quan tr\u1ecdng trong vi\u1ec7c duy tr\u00ec v\u00e0 n\u00e2ng cao tu\u1ed5i th\u1ecd c\u1ee7a s\u1ea3n ph\u1ea9m. \u0110i\u1ec1u n\u00e0y \u0111\u1ea3m b\u1ea3o r\u1eb1ng Naoevo S9 Pro kh\u00f4ng ch\u1ec9 mang \u0111\u1ebfn \u00e1nh s\u00e1ng m\u1ea1nh m\u1ebd v\u00e0 b\u1ec1n b\u1ec9 m\u00e0 c\u00f2n \u0111\u1ea3m b\u1ea3o s\u1ef1 an to\u00e0n v\u00e0 \u1ed5n \u0111\u1ecbnh trong m\u1ecdi \u0111i\u1ec1u ki\u1ec7n s\u1eed d\u1ee5ng.<\/p>\n<p>B\u00ean c\u1ea1nh \u0111\u00f3, Naoevo S9 Pro c\u00f3 Driver r\u1eddi gi\u00fap body t\u1ed1i gi\u1ea3n h\u01a1n, t\u1ea3n nhi\u1ec7t cho Led hi\u1ec7u qu\u1ea3 h\u01a1n, h\u1ea1n ch\u1ebf l\u00e0m h\u1ecfng m\u1ea1ch do s\u1ee9c n\u00f3ng t\u1ecfa ra c\u1ee7a Led. Nh\u1edd v\u1eady, h\u1ec7 th\u1ed1ng t\u1ea3n nhi\u1ec7t lu\u00f4n ho\u1ea1t \u0111\u1ed9ng \u1ed5n \u0111\u1ecbnh, mang l\u1ea1i \u0111\u1ed9 b\u1ec1n v\u01b0\u1ee3t tr\u1ed9i v\u1edbi tu\u1ed5i th\u1ecd l\u00ean \u0111\u1ebfn 50000 gi\u1edd.<\/p>\n<p><img loading=\"lazy\" decoding=\"async\" class=\"alignnone size-full wp-image-2827\" src=\"https:\/\/autothaiduong.vn\/wp-content\/uploads\/2025\/05\/7-5.jpg\" alt=\"\" width=\"1280\" height=\"1280\" srcset=\"https:\/\/autothaiduong.vn\/wp-content\/uploads\/2025\/05\/7-5.jpg 1280w, https:\/\/autothaiduong.vn\/wp-content\/uploads\/2025\/05\/7-5-600x600.jpg 600w, https:\/\/autothaiduong.vn\/wp-content\/uploads\/2025\/05\/7-5-1024x1024.jpg 1024w, https:\/\/autothaiduong.vn\/wp-content\/uploads\/2025\/05\/7-5-300x300.jpg 300w, https:\/\/autothaiduong.vn\/wp-content\/uploads\/2025\/05\/7-5-768x768.jpg 768w, https:\/\/autothaiduong.vn\/wp-content\/uploads\/2025\/05\/7-5-100x100.jpg 100w, https:\/\/autothaiduong.vn\/wp-content\/uploads\/2025\/05\/7-5-50x50.jpg 50w\" sizes=\"auto, (max-width: 1280px) 100vw, 1280px\" \/><\/p>\n<h3><a id=\"2-4--a-d--ng-c-c-lo--i-ch-n---n\" class=\"toc-a-tag\"><\/a>2.4 \u0110a d\u1ea1ng c\u00e1c lo\u1ea1i ch\u00e2n \u0111\u00e8n<\/h3>\n<p>Naoevo S9 Pro cung c\u1ea5p nhi\u1ec1u t\u00f9y ch\u1ecdn ch\u00e2n \u0111\u00e8n nh\u01b0 H1, H11, H4, H7, 9005\/9006\/9012 ph\u00f9 h\u1ee3p v\u1edbi nhi\u1ec1u lo\u1ea1i xe kh\u00e1c nhau. \u0110\u00e2y l\u00e0 gi\u1ea3i ph\u00e1p chi\u1ebfu s\u00e1ng linh ho\u1ea1t v\u00e0 ti\u1ec7n l\u1ee3i, \u0111em l\u1ea1i s\u1ef1 \u0111a d\u1ea1ng v\u00e0 l\u1ef1a ch\u1ecdn phong ph\u00fa cho ng\u01b0\u1eddi d\u00f9ng.<\/p>\n<p><img loading=\"lazy\" decoding=\"async\" class=\"alignnone size-full wp-image-2828\" src=\"https:\/\/autothaiduong.vn\/wp-content\/uploads\/2025\/05\/s9-pro-1.png\" alt=\"\" width=\"1280\" height=\"1280\" srcset=\"https:\/\/autothaiduong.vn\/wp-content\/uploads\/2025\/05\/s9-pro-1.png 1280w, https:\/\/autothaiduong.vn\/wp-content\/uploads\/2025\/05\/s9-pro-1-600x600.png 600w, https:\/\/autothaiduong.vn\/wp-content\/uploads\/2025\/05\/s9-pro-1-1024x1024.png 1024w, https:\/\/autothaiduong.vn\/wp-content\/uploads\/2025\/05\/s9-pro-1-300x300.png 300w, https:\/\/autothaiduong.vn\/wp-content\/uploads\/2025\/05\/s9-pro-1-768x768.png 768w, https:\/\/autothaiduong.vn\/wp-content\/uploads\/2025\/05\/s9-pro-1-100x100.png 100w, https:\/\/autothaiduong.vn\/wp-content\/uploads\/2025\/05\/s9-pro-1-50x50.png 50w\" sizes=\"auto, (max-width: 1280px) 100vw, 1280px\" \/><\/p>\n<p>&nbsp;<\/p>\n<h2><a id=\"3-gi--b-n-v--b--o-h-nh\" class=\"toc-a-tag\"><\/a>3. GI\u00c1 B\u00c1N V\u00c0 B\u1ea2O H\u00c0NH<\/h2>\n<p>Naoevo S9 Pro c\u00f3 gi\u00e1 b\u00e1n l\u00e0 2.800.000 VN\u0110\/c\u1eb7p, ri\u00eang ch\u00e2n H4 s\u1ebd c\u00f3 gi\u00e1 cao h\u01a1n 200.000 VN\u0110, l\u00e0 3.000.000 VN\u0110\/c\u1eb7p. S\u1ea3n ph\u1ea9m \u0111\u01b0\u1ee3c b\u1ea3o h\u00e0nh ch\u00ednh h\u00e3ng 2 n\u0103m, \u0111\u1ea3m b\u1ea3o ch\u1ea5t l\u01b0\u1ee3ng v\u00e0 \u0111\u1ed9 b\u1ec1n, mang \u0111\u1ebfn s\u1ef1 y\u00ean t\u00e2m cho ng\u01b0\u1eddi d\u00f9ng.<\/p>\n<p>&nbsp;<\/p>\n<h2><a id=\"4-video-review---nh-gi--naoevo-s9-pro\" class=\"toc-a-tag\"><\/a>4. VIDEO REVIEW \u0110\u00c1NH GI\u00c1 NAOEVO S9 PRO<\/h2>\n<h3><a id=\"4-1-video-gi--i-thi--u-naoevo-s9-pro\" class=\"toc-a-tag\"><\/a>4.1 Video gi\u1edbi thi\u1ec7u Naoevo S9 Pro<\/h3>\n<p><iframe loading=\"lazy\" src=\"https:\/\/www.youtube.com\/embed\/K-h9_39lQOg\" width=\"100%\" height=\"560\" frameborder=\"0\" scrolling=\"yes\" data-mce-fragment=\"1\"><\/iframe><\/p>\n","protected":false},"excerpt":{"rendered":"<p><em><strong>Auto Th\u00e1i D\u01b0\u01a1ng- \u0110\u1ea1i L\u00ed Ch\u00ednh H\u00e3ng NaoEvo T\u1ea1i TP.B\u1ea3o L\u1ed9c<\/strong><\/em><\/p>\n<p><em><strong>273-275 Tr\u1ea7n Ph\u00fa Ph\u01b0\u1eddng L\u1ed9c S\u01a1n Th\u00e0nh Ph\u1ed1 B\u1ea3o L\u1ed9c T\u1ec9nh L\u00e2m \u0110\u1ed3ng <\/strong><\/em><\/p>\n<p><em><strong>Hotline: 0912197441<\/strong><\/em><\/p>\n<h2>Th\u00f4ng s\u1ed1 k\u1ef9 thu\u1eadt B\u00d3NG LED S9 PRO<\/h2>\n<table>\n<tbody>\n<tr>\n<td class=\"lileft\">Ch\u00e2n b\u00f3ng \u0111\u00e8n:<\/td>\n<td class=\"liright\">H1, H4, H7, H11, 9005<\/td>\n<\/tr>\n<tr>\n<td class=\"lileft\">C\u00f4ng su\u1ea5t:<\/td>\n<td class=\"liright\">90W<\/td>\n<\/tr>\n<tr>\n<td class=\"lileft\">B\u1ea3o h\u00e0nh:<\/td>\n<td class=\"liright\">24 Th\u00e1ng<\/td>\n<\/tr>\n<tr>\n<td class=\"lileft\">Nhi\u1ec7t m\u00e0u:<\/td>\n<td class=\"liright\">5800K<\/td>\n<\/tr>\n<tr>\n<td class=\"lileft\">Tu\u1ed5i th\u1ecd:<\/td>\n<td class=\"liright\">50.000 Gi\u1edd<\/td>\n<\/tr>\n<tr>\n<td class=\"lileft\">Voltage:<\/td>\n<td class=\"liright\">9-16V<\/td>\n<\/tr>\n<tr>\n<td class=\"lileft\">V\u1eadt li\u1ec7u t\u1ea3n nhi\u1ec7t:<\/td>\n<td class=\"liright\">\u0110\u1ed3ng<\/td>\n<\/tr>\n<tr>\n<td class=\"lileft\">N\u0103m s\u1ea3n xu\u1ea5t:<\/td>\n<td class=\"liright\">2024<\/td>\n<\/tr>\n<\/tbody>\n<\/table>\n","protected":false},"featured_media":2828,"comment_status":"open","ping_status":"closed","template":"","meta":[],"product_brand":[172],"product_cat":[16,25],"product_tag":[],"class_list":{"0":"post-2816","1":"product","2":"type-product","3":"status-publish","4":"has-post-thumbnail","6":"product_brand-naoevo","7":"product_cat-anh-sang","8":"product_cat-bong-led","10":"first","11":"instock","12":"shipping-taxable","13":"purchasable","14":"product-type-variable"},"_links":{"self":[{"href":"https:\/\/autothaiduong.vn\/index.php?rest_route=\/wp\/v2\/product\/2816","targetHints":{"allow":["GET"]}}],"collection":[{"href":"https:\/\/autothaiduong.vn\/index.php?rest_route=\/wp\/v2\/product"}],"about":[{"href":"https:\/\/autothaiduong.vn\/index.php?rest_route=\/wp\/v2\/types\/product"}],"replies":[{"embeddable":true,"href":"https:\/\/autothaiduong.vn\/index.php?rest_route=%2Fwp%2Fv2%2Fcomments&post=2816"}],"wp:featuredmedia":[{"embeddable":true,"href":"https:\/\/autothaiduong.vn\/index.php?rest_route=\/wp\/v2\/media\/2828"}],"wp:attachment":[{"href":"https:\/\/autothaiduong.vn\/index.php?rest_route=%2Fwp%2Fv2%2Fmedia&parent=2816"}],"wp:term":[{"taxonomy":"product_brand","embeddable":true,"href":"https:\/\/autothaiduong.vn\/index.php?rest_route=%2Fwp%2Fv2%2Fproduct_brand&post=2816"},{"taxonomy":"product_cat","embeddable":true,"href":"https:\/\/autothaiduong.vn\/index.php?rest_route=%2Fwp%2Fv2%2Fproduct_cat&post=2816"},{"taxonomy":"product_tag","embeddable":true,"href":"https:\/\/autothaiduong.vn\/index.php?rest_route=%2Fwp%2Fv2%2Fproduct_tag&post=2816"}],"curies":[{"name":"wp","href":"https:\/\/api.w.org\/{rel}","templated":true}]}}