{"id":570,"date":"2025-05-09T17:36:48","date_gmt":"2025-05-09T17:36:48","guid":{"rendered":"https:\/\/autothaiduong.vn\/?post_type=product&#038;p=570"},"modified":"2025-05-09T17:37:00","modified_gmt":"2025-05-09T17:37:00","slug":"android-box-gotech-gb4","status":"publish","type":"product","link":"https:\/\/autothaiduong.vn\/?product=android-box-gotech-gb4","title":{"rendered":"ANDROID BOX GOTECH GB4"},"content":{"rendered":"<p><img loading=\"lazy\" decoding=\"async\" class=\" wp-image-489 aligncenter\" src=\"https:\/\/autothaiduong.vn\/wp-content\/uploads\/2025\/04\/z6584734442481_f208f5944548cb4b46353402ce2e64e0.jpg\" alt=\"\" width=\"255\" height=\"225\" \/><\/p>\n<p><b>Android Box Gotech GB4 l\u00e0 m\u1ed9t s\u1ea3n ph\u1ea9m m\u1edbi chinh ph\u1ee5c ho\u00e0n to\u00e0n tr\u1ea3i nghi\u1ec7m l\u00e1i xe nh\u00e0m ch\u00e1n c\u1ee7a b\u1ea1n v\u1edbi nh\u1eefng trang b\u1ecb gi\u1ea3i tr\u00ed v\u00e0 an to\u00e0n ph\u1ee5c v\u1ee5 m\u1ecdi h\u00e0nh tr\u00ecnh. S\u1edf h\u1eefu thi\u1ebft k\u1ebf nh\u1ecf g\u1ecdn v\u00e0 th\u00f4ng minh, s\u1ea3n ph\u1ea9m v\u1eabn v\u01b0\u1ee3t tr\u1ed9i v\u1edbi hi\u1ec7u su\u1ea5t m\u1ea1nh m\u1ebd v\u00e0 kh\u1ea3 n\u0103ng s\u1eed d\u1ee5ng \u1ea5n t\u01b0\u1ee3ng.<\/b><\/p>\n<div class=\"embed-responsive embed-responsive-16by9\"><iframe class=\"embed-responsive-item\" src=\"https:\/\/www.youtube.com\/embed\/8Vh97fdymqY\" allowfullscreen=\"allowfullscreen\" data-mce-fragment=\"1\"><\/iframe><\/div>\n<h2><b>NH\u1eeeNG \u0110I\u1ec2M V\u01af\u1ee2T TR\u1ed8I SO V\u1edaI C\u00c1C S\u1ea2N PH\u1ea8M KH\u00c1C TR\u00caN TH\u1eca TR\u01af\u1edcNG<\/b><\/h2>\n<h3><b>\u0110\u00e1p \u1ee9ng \u0111\u1ea7y \u0111\u1ee7 c\u00e1c \u1ee9ng d\u1ee5ng t\u1eeb h\u1ec7 sinh th\u00e1i c\u1ee7a Gotech<\/b><\/h3>\n<p>Android Box Gotech GB4 \u0111\u01b0\u1ee3c trang b\u1ecb nh\u1eefng \u1ee9ng d\u1ee5ng hi\u1ec7n \u0111\u1ea1i v\u00e0 ph\u00e1t tri\u1ec3n nh\u1ea5t t\u1eeb Gotech nh\u01b0: GT Ph\u1ea1t ngu\u1ed9i, Gotech Services, Gotech GPT, Gotech Tracking,\u2026c\u00e1c \u1ee9ng d\u1ee5ng n\u00e0y \u0111\u1ec1u ch\u1ee9ng minh \u0111\u01b0\u1ee3c gi\u00e1 tr\u1ecb c\u1ee7a m\u00ecnh v\u1ec1 s\u1ef1 ti\u1ec7n l\u1ee3i v\u00e0 th\u00f4ng minh cho ng\u01b0\u1eddi d\u00f9ng.<\/p>\n<p>\u0110i\u1ec1u \u0111\u1eb7c bi\u1ec7t l\u00e0 khi s\u1eed d\u1ee5ng Android Box GB4 b\u1ea1n s\u1ebd \u0111\u01b0\u1ee3c s\u1eed d\u1ee5ng mi\u1ec5n ph\u00ed t\u1ea5t c\u1ea3 nh\u1eefng \u1ee9ng d\u1ee5ng n\u00e0y. V\u1edbi GB4, m\u1ed7i h\u00e0nh tr\u00ecnh c\u1ee7a b\u1ea1n kh\u00f4ng ch\u1ec9 tr\u1edf n\u00ean an to\u00e0n h\u01a1n m\u00e0 c\u00f2n \u0111\u01b0\u1ee3c tr\u1ea3i nghi\u1ec7m nh\u1eefng ti\u1ec7n \u00edch \u0111\u1ec9nh cao, gi\u00fap vi\u1ec7c l\u00e1i xe tr\u1edf n\u00ean d\u1ec5 d\u00e0ng v\u00e0 th\u00fa v\u1ecb h\u01a1n bao gi\u1edd h\u1ebft.<\/p>\n<figure id=\"attachment_26964\" class=\"wp-caption aligncenter\" aria-describedby=\"caption-attachment-26964\"><img loading=\"lazy\" decoding=\"async\" class=\"alignnone size-full wp-image-574\" src=\"https:\/\/autothaiduong.vn\/wp-content\/uploads\/2025\/05\/android-box-gotech-gb4-dap-ung-day-du-he-sinh-thai-gotech-1.jpg\" width=\"1280\" height=\"720\" alt=\"Android Box Gotech GB4 \u0111\u00e1p \u1ee9ng \u0111\u1ea7y \u0111\u1ee7 h\u1ec7 sinh th\u00e1i Gotech\" srcset=\"https:\/\/autothaiduong.vn\/wp-content\/uploads\/2025\/05\/android-box-gotech-gb4-dap-ung-day-du-he-sinh-thai-gotech-1.jpg 1280w, https:\/\/autothaiduong.vn\/wp-content\/uploads\/2025\/05\/android-box-gotech-gb4-dap-ung-day-du-he-sinh-thai-gotech-1-600x338.jpg 600w, https:\/\/autothaiduong.vn\/wp-content\/uploads\/2025\/05\/android-box-gotech-gb4-dap-ung-day-du-he-sinh-thai-gotech-1-1024x576.jpg 1024w, https:\/\/autothaiduong.vn\/wp-content\/uploads\/2025\/05\/android-box-gotech-gb4-dap-ung-day-du-he-sinh-thai-gotech-1-768x432.jpg 768w\" sizes=\"auto, (max-width: 1280px) 100vw, 1280px\" \/><figcaption id=\"caption-attachment-26964\" class=\"wp-caption-text\">Android Box Gotech GB4 \u0111\u00e1p \u1ee9ng \u0111\u1ea7y \u0111\u1ee7 h\u1ec7 sinh th\u00e1i Gotech<\/figcaption><\/figure>\n<h3><b>T\u01b0\u01a1ng th\u00edch v\u1edbi h\u1ea7u h\u1ebft m\u00e0n h\u00ecnh nguy\u00ean b\u1ea3n theo xe<\/b><\/h3>\n<p>Android Box Gotech GB4 t\u1ef1 \u0111\u1ed9ng \u0111i\u1ec1u ch\u1ec9nh t\u1ef7 l\u1ec7 hi\u1ec3n th\u1ecb \u0111\u1ec3 ho\u00e0n to\u00e0n t\u01b0\u01a1ng th\u00edch v\u1edbi m\u1ecdi k\u00edch th\u01b0\u1edbc m\u00e0n h\u00ecnh \u00f4 t\u00f4 d\u00f9 l\u00e0 d\u1ea1ng m\u00e0n h\u00ecnh ngang, vu\u00f4ng hay d\u1ecdc. Nh\u1edd kh\u1ea3 n\u0103ng t\u01b0\u01a1ng th\u00edch tuy\u1ec7t \u0111\u1ed1i n\u00e0y, m\u00e0n h\u00ecnh xe c\u1ee7a b\u1ea1n lu\u00f4n duy tr\u00ec \u0111\u01b0\u1ee3c t\u00ednh th\u1ea9m m\u1ef9 cao.<\/p>\n<p>\u0110i k\u00e8m v\u1edbi giao di\u1ec7n \u0111\u1ed9c quy\u1ec1n c\u1ee7a Gotech, GB4 s\u1ebd mang \u0111\u1ebfn tr\u1ea3i nghi\u1ec7m m\u1edbi m\u1ebb v\u00e0 hi\u1ec7n \u0111\u1ea1i m\u00e0 kh\u00f3 c\u00f3 m\u00e0n h\u00ecnh n\u00e0o tr\u00ean th\u1ecb tr\u01b0\u1eddng hi\u1ec7n nay s\u00e1nh k\u1ecbp.<\/p>\n<figure id=\"attachment_26956\" class=\"wp-caption aligncenter\" aria-describedby=\"caption-attachment-26956\"><img loading=\"lazy\" decoding=\"async\" class=\"alignnone size-full wp-image-575\" src=\"https:\/\/autothaiduong.vn\/wp-content\/uploads\/2025\/05\/android-box-gotech-gb4-tuong-thich-manh-me-1.jpg\" width=\"1280\" height=\"720\" alt=\"Android Box Gotech GB4 c\u00f3 kh\u1ea3 n\u0103ng t\u01b0\u01a1ng th\u00edch cao\" srcset=\"https:\/\/autothaiduong.vn\/wp-content\/uploads\/2025\/05\/android-box-gotech-gb4-tuong-thich-manh-me-1.jpg 1280w, https:\/\/autothaiduong.vn\/wp-content\/uploads\/2025\/05\/android-box-gotech-gb4-tuong-thich-manh-me-1-600x338.jpg 600w, https:\/\/autothaiduong.vn\/wp-content\/uploads\/2025\/05\/android-box-gotech-gb4-tuong-thich-manh-me-1-1024x576.jpg 1024w, https:\/\/autothaiduong.vn\/wp-content\/uploads\/2025\/05\/android-box-gotech-gb4-tuong-thich-manh-me-1-768x432.jpg 768w\" sizes=\"auto, (max-width: 1280px) 100vw, 1280px\" \/><figcaption id=\"caption-attachment-26956\" class=\"wp-caption-text\">Android Box Gotech GB4 c\u00f3 kh\u1ea3 n\u0103ng t\u01b0\u01a1ng th\u00edch cao<\/figcaption><\/figure>\n<h3><b>Thi\u1ebft k\u1ebf giao di\u1ec7n n\u1ed5i b\u1eadt, \u1ea5n t\u01b0\u1ee3ng<\/b><\/h3>\n<p>Giao di\u1ec7n c\u1ee7a Android Box GB4 \u0111\u01b0\u1ee3c thi\u1ebft k\u1ebf v\u1edbi s\u1ef1 ch\u00fa tr\u1ecdng \u0111\u1ebfn tr\u1ea3i nghi\u1ec7m ng\u01b0\u1eddi d\u00f9ng, t\u1ea1o n\u00ean \u1ea5n t\u01b0\u1ee3ng m\u1ea1nh m\u1ebd ngay t\u1eeb c\u00e1i nh\u00ecn \u0111\u1ea7u ti\u00ean. S\u1ef1 k\u1ebft h\u1ee3p tinh t\u1ebf gi\u1eefa t\u00f4ng m\u00e0u \u0111\u1ecf v\u00e0 \u0111en kh\u00f4ng ch\u1ec9 mang l\u1ea1i v\u1ebb hi\u1ec7n \u0111\u1ea1i, sang tr\u1ecdng m\u00e0 c\u00f2n gi\u00fap c\u00e1c bi\u1ec3u t\u01b0\u1ee3ng v\u00e0 th\u00f4ng tin hi\u1ec3n th\u1ecb r\u00f5 r\u00e0ng, d\u1ec5 d\u00e0ng nh\u1eadn di\u1ec7n.<\/p>\n<p>N\u1ed5i b\u1eadt ngay t\u1eeb khi quan s\u00e1t, v\u1edbi thi\u1ebft k\u1ebf v\u1eeba tinh t\u1ebf v\u1eeba \u0111\u1eadm ch\u1ea5t c\u00f4ng ngh\u1ec7, GB4 kh\u00f4ng ch\u1ec9 l\u00e0 m\u1ed9t thi\u1ebft b\u1ecb h\u1eefu \u00edch m\u00e0 c\u00f2n l\u00e0 m\u1ed9t \u0111i\u1ec3m nh\u1ea5n \u0111\u1ea7y phong c\u00e1ch cho kh\u00f4ng gian n\u1ed9i th\u1ea5t xe c\u1ee7a b\u1ea1n.<\/p>\n<figure id=\"attachment_26961\" class=\"wp-caption aligncenter\" aria-describedby=\"caption-attachment-26961\"><img loading=\"lazy\" decoding=\"async\" class=\"alignnone size-full wp-image-576\" src=\"https:\/\/autothaiduong.vn\/wp-content\/uploads\/2025\/05\/android-box-gotech-gb4-so-huu-giao-dien-doc-quyen.jpg\" width=\"1280\" height=\"720\" alt=\"Android Box Gotech GB4 s\u1edf h\u1eefu giao di\u1ec7n \u0111\u1ed9c quy\u1ec1n\" srcset=\"https:\/\/autothaiduong.vn\/wp-content\/uploads\/2025\/05\/android-box-gotech-gb4-so-huu-giao-dien-doc-quyen.jpg 1280w, https:\/\/autothaiduong.vn\/wp-content\/uploads\/2025\/05\/android-box-gotech-gb4-so-huu-giao-dien-doc-quyen-600x338.jpg 600w, https:\/\/autothaiduong.vn\/wp-content\/uploads\/2025\/05\/android-box-gotech-gb4-so-huu-giao-dien-doc-quyen-1024x576.jpg 1024w, https:\/\/autothaiduong.vn\/wp-content\/uploads\/2025\/05\/android-box-gotech-gb4-so-huu-giao-dien-doc-quyen-768x432.jpg 768w\" sizes=\"auto, (max-width: 1280px) 100vw, 1280px\" \/><figcaption id=\"caption-attachment-26961\" class=\"wp-caption-text\">Android Box Gotech GB4 s\u1edf h\u1eefu giao di\u1ec7n \u0111\u1ed9c quy\u1ec1n<\/figcaption><\/figure>\n<h3><b>C\u1ea5u h\u00ecnh t\u1ed1i \u01b0u cho tr\u1ea3i nghi\u1ec7m tr\u01a1n tru v\u01b0\u1ee3t b\u1eadc<\/b><\/h3>\n<p>Android Box Gotech GB4 s\u1edf h\u1eefu c\u1ea5u h\u00ecnh RAM 4GB DDR4, ROM 64GB, CPU Qualcomm\u2019s\u00ae QCM6225,Qualcomm CPU 8-cores up to 2.4GHz<\/p>\n<p>\u0110\u1ea7u t\u01b0 c\u1ea5u h\u00ecnh m\u1ea1nh m\u1ebd, s\u1ea3n ph\u1ea9m s\u1ebd mang \u0111\u1ebfn tr\u1ea3i nghi\u1ec7m m\u01b0\u1ee3t m\u00e0, lo\u1ea1i b\u1ecf ho\u00e0n to\u00e0n n\u1ed7i lo v\u1ec1 gi\u1eadt, lag, v\u0103ng kh\u1ecfi \u1ee9ng d\u1ee5ng nh\u01b0 nh\u1eefng s\u1ea3n ph\u1ea9m c\u1ea5u h\u00ecnh th\u1ea5p hay d\u1ec5\u00a0 \u0111\u1ea7y b\u1ed9 nh\u1edb, gi\u00fap b\u1ea1n t\u1eadn h\u01b0\u1edfng m\u1ecdi t\u00ednh n\u0103ng m\u1ed9t c\u00e1ch tr\u1ecdn v\u1eb9n nh\u1ea5t.<\/p>\n<figure id=\"attachment_30025\" class=\"wp-caption aligncenter\" aria-describedby=\"caption-attachment-30025\"><img loading=\"lazy\" decoding=\"async\" class=\"alignnone size-full wp-image-577\" src=\"https:\/\/autothaiduong.vn\/wp-content\/uploads\/2025\/05\/cau-hinh-android-box-gotech-gb4.jpg\" width=\"1280\" height=\"720\" alt=\"Android Box Gotech GB4 c\u1ea5u h\u00ecnh cao, tr\u1ea3i nghi\u1ec7m m\u01b0\u1ee3t m\u00e0\" srcset=\"https:\/\/autothaiduong.vn\/wp-content\/uploads\/2025\/05\/cau-hinh-android-box-gotech-gb4.jpg 1280w, https:\/\/autothaiduong.vn\/wp-content\/uploads\/2025\/05\/cau-hinh-android-box-gotech-gb4-600x338.jpg 600w, https:\/\/autothaiduong.vn\/wp-content\/uploads\/2025\/05\/cau-hinh-android-box-gotech-gb4-1024x576.jpg 1024w, https:\/\/autothaiduong.vn\/wp-content\/uploads\/2025\/05\/cau-hinh-android-box-gotech-gb4-768x432.jpg 768w\" sizes=\"auto, (max-width: 1280px) 100vw, 1280px\" \/><figcaption id=\"caption-attachment-30025\" class=\"wp-caption-text\">Android Box Gotech GB4 c\u1ea5u h\u00ecnh cao, tr\u1ea3i nghi\u1ec7m m\u01b0\u1ee3t m\u00e0<\/figcaption><\/figure>\n<h2><b>\u01afU \u0110I\u1ec2M C\u1ee6A ANDROID BOX GOTECH GB4<\/b><\/h2>\n<h3><b>Kho \u1ee9ng d\u1ee5ng gi\u1ea3i tr\u00ed kh\u1ed5ng l\u1ed3<\/b><\/h3>\n<p>V\u1edbi kh\u1ea3 n\u0103ng k\u1ebft n\u1ed1i internet 4G t\u1ed1c \u0111\u1ed9 cao, Android Box Gotech GB4 s\u1ebd bi\u1ebfn chi\u1ebfc xe c\u1ee7a b\u1ea1n th\u00e0nh m\u1ed9t trung t\u00e2m gi\u1ea3i tr\u00ed di \u0111\u1ed9ng ho\u00e0n h\u1ea3o.<\/p>\n<p>B\u1ea1n c\u00f9ng ng\u01b0\u1eddi th\u00e2n, b\u1ea1n b\u00e8 s\u1ebd tho\u1ea3i m\u00e1i tr\u1ea3i nghi\u1ec7m c\u00e1c \u1ee9ng d\u1ee5ng t\u1eeb YouTube, Netflix, CH Play m\u1ed9t c\u00e1ch m\u01b0\u1ee3t m\u00e0 kh\u00f4ng lo gi\u00e1n \u0111o\u1ea1n.<i>\u00a0<\/i><\/p>\n<p>Nh\u1edd s\u1ea3n ph\u1ea9m Gotech GB4 s\u1ebd mang \u0111\u1ebfn cho b\u1ea1n s\u1ef1 th\u01b0 gi\u00e3n \u0111\u1ec9nh cao ngay tr\u00ean xe, kh\u00e1m ph\u00e1 th\u1ebf gi\u1edbi gi\u1ea3i tr\u00ed b\u1ea5t t\u1eadn m\u1ecdi l\u00fac m\u1ecdi n\u01a1i v\u00e0 tr\u00e0n ng\u1eadp th\u00fa v\u1ecb.<\/p>\n<div class=\"embed-responsive embed-responsive-16by9\"><iframe class=\"embed-responsive-item\" src=\"https:\/\/www.youtube.com\/embed\/KmAeDOau7pY\" allowfullscreen=\"allowfullscreen\" data-mce-fragment=\"1\"><\/iframe><\/div>\n<h3><b>\u0110i\u1ec1u khi\u1ec3n b\u1eb1ng gi\u1ecdng n\u00f3i kh\u00f4ng ch\u1ea1m<\/b><\/h3>\n<p>Android Box Gotech GB4 khai th\u00e1c t\u00e2m l\u00fd ng\u01b0\u1eddi l\u00e1i xe, ph\u00e1t hi\u1ec7n nh\u1eefng nhu c\u1ea7u v\u1ec1 an to\u00e0n v\u00e0 ti\u1ec7n l\u1ee3i nh\u1ea5t, t\u1eeb \u0111\u00f3 n\u00e2ng cao tr\u1ea3i nghi\u1ec7m ng\u01b0\u1eddi d\u00f9ng b\u1eb1ng c\u00e1ch t\u00edch h\u1ee3p hai tr\u1ee3 l\u00fd gi\u1ecdng n\u00f3i ti\u00ean ti\u1ebfn nh\u1ea5t hi\u1ec7n nay \u2013 Gotech GPT v\u00e0 Kiki.<\/p>\n<p>Th\u1ef1c hi\u1ec7n m\u1ecdi thao t\u00e1c tay thay b\u1eb1ng gi\u1ecdng n\u00f3i, tr\u1ee3 l\u00fd AI th\u00f4ng minh n\u00e0y s\u1ebd hi\u1ec3u v\u00e0 th\u1ef1c hi\u1ec7n ch\u00ednh x\u00e1c c\u00e1c l\u1ec7nh c\u1ee7a b\u1ea1n, cung c\u1ea5p k\u1ebft qu\u1ea3 nhanh ch\u00f3ng v\u00e0 ch\u00ednh x\u00e1c \u0111\u1ec3 t\u1eadp trung v\u00e0 an to\u00e0n khi l\u00e1i xe.<\/p>\n<div class=\"embed-responsive embed-responsive-16by9\"><iframe class=\"embed-responsive-item\" src=\"https:\/\/www.youtube.com\/embed\/284qKddzHDU\" allowfullscreen=\"allowfullscreen\" data-mce-fragment=\"1\"><\/iframe><\/div>\n<h3><b>H\u1ec7 th\u1ed1ng b\u1ea3n \u0111\u1ed3 ch\u1ec9 \u0111\u01b0\u1eddng ti\u00ean ti\u1ebfn b\u1eadc nh\u1ea5t<\/b><\/h3>\n<p>Android Box Gotech GB4 kh\u00f4ng ch\u1ec9 l\u00e0 m\u1ed9t thi\u1ebft b\u1ecb gi\u1ea3i tr\u00ed m\u00e0 c\u00f2n l\u00e0 ng\u01b0\u1eddi b\u1ea1n \u0111\u1ed3ng h\u00e0nh th\u00f4ng minh tr\u00ean m\u1ecdi h\u00e0nh tr\u00ecnh.<\/p>\n<p>Hi\u1ec7n t\u1ea1i Gotech \u0111ang c\u00f3 ch\u01b0\u01a1ng tr\u00ecnh t\u1eb7ng Carmap b\u1ea3n quy\u1ec1n khi s\u1edf h\u1eefu GB4, ngo\u00e0i ra n\u1ebfu kh\u00e1ch h\u00e0ng c\u00f3 mong mu\u1ed1n tr\u1ea3i nghi\u1ec7m Google Map hay Vietmap, Navitel th\u00ec ho\u00e0n to\u00e0n c\u00f3 th\u1ec3 c\u00e0i \u0111\u1eb7t l\u00ean Android Box m\u1ed9t c\u00e1ch d\u1ec5 d\u00e0ng.<\/p>\n<p>Nh\u1eefng b\u1ea3n \u0111\u1ed3 d\u1eabn \u0111\u01b0\u1eddng h\u00e0ng \u0111\u1ea7u n\u00e0y s\u1ebd gi\u00fap b\u1ea1n lu\u00f4n n\u1eafm b\u1eaft \u0111\u01b0\u1ee3c l\u1ed9 tr\u00ecnh, th\u1eddi gian di chuy\u1ec3n v\u00e0 nh\u1eefng c\u1ea3nh b\u00e1o giao th\u00f4ng quan tr\u1ecdng. T\u1ea1m bi\u1ec7t n\u1ed7i lo l\u1ea1c \u0111\u01b0\u1eddng v\u1edbi Gotech GB4, b\u1ea1n c\u00f3 th\u1ec3 t\u1ef1 tin kh\u00e1m ph\u00e1 m\u1ecdi ng\u00f3c ng\u00e1ch, chinh ph\u1ee5c nh\u1eefng con \u0111\u01b0\u1eddng m\u1edbi l\u1ea1 v\u1edbi s\u1ef1 an t\u00e2m v\u00e0 ch\u00ednh x\u00e1c tuy\u1ec7t \u0111\u1ed1i.<\/p>\n<div class=\"embed-responsive embed-responsive-16by9\"><iframe class=\"embed-responsive-item\" src=\"https:\/\/www.youtube.com\/embed\/BjbyqB7H08A\" allowfullscreen=\"allowfullscreen\" data-mce-fragment=\"1\"><\/iframe><\/div>\n<h2><strong>H\u00ccNH \u1ea2NH TH\u1ef0C T\u1ebe L\u1eaeP \u0110\u1eb6T ANDROID BOX GOTECH GB4<\/strong><\/h2>\n<figure id=\"attachment_27137\" class=\"wp-caption aligncenter\" aria-describedby=\"caption-attachment-27137\"><img loading=\"lazy\" decoding=\"async\" class=\"alignnone size-full wp-image-578\" src=\"https:\/\/autothaiduong.vn\/wp-content\/uploads\/2025\/05\/8.png\" width=\"1000\" height=\"625\" alt=\"H\u00ecnh \u1ea3nh l\u1eafp \u0111\u1eb7t tr\u00ean xe Hyundai Santafe 2025\" srcset=\"https:\/\/autothaiduong.vn\/wp-content\/uploads\/2025\/05\/8.png 1000w, https:\/\/autothaiduong.vn\/wp-content\/uploads\/2025\/05\/8-600x375.png 600w, https:\/\/autothaiduong.vn\/wp-content\/uploads\/2025\/05\/8-768x480.png 768w\" sizes=\"auto, (max-width: 1000px) 100vw, 1000px\" \/><figcaption id=\"caption-attachment-27137\" class=\"wp-caption-text\">H\u00ecnh \u1ea3nh l\u1eafp \u0111\u1eb7t tr\u00ean xe Hyundai Santafe 2025<\/figcaption><\/figure>\n<figure id=\"attachment_27138\" class=\"wp-caption aligncenter\" aria-describedby=\"caption-attachment-27138\"><img loading=\"lazy\" decoding=\"async\" class=\"alignnone size-full wp-image-579\" src=\"https:\/\/autothaiduong.vn\/wp-content\/uploads\/2025\/05\/9.png\" width=\"1000\" height=\"625\" alt=\"H\u00ecnh \u1ea3nh l\u1eafp \u0111\u1eb7t tr\u00ean xe Hyundai Santafe 2025\" srcset=\"https:\/\/autothaiduong.vn\/wp-content\/uploads\/2025\/05\/9.png 1000w, https:\/\/autothaiduong.vn\/wp-content\/uploads\/2025\/05\/9-600x375.png 600w, https:\/\/autothaiduong.vn\/wp-content\/uploads\/2025\/05\/9-768x480.png 768w\" sizes=\"auto, (max-width: 1000px) 100vw, 1000px\" \/><figcaption id=\"caption-attachment-27138\" class=\"wp-caption-text\">H\u00ecnh \u1ea3nh l\u1eafp \u0111\u1eb7t tr\u00ean xe Hyundai Santafe 2025<\/figcaption><\/figure>\n<figure id=\"attachment_27139\" class=\"wp-caption aligncenter\" aria-describedby=\"caption-attachment-27139\"><img loading=\"lazy\" decoding=\"async\" class=\"alignnone size-full wp-image-580\" src=\"https:\/\/autothaiduong.vn\/wp-content\/uploads\/2025\/05\/6.png\" width=\"1000\" height=\"625\" alt=\"H\u00ecnh \u1ea3nh l\u1eafp \u0111\u1eb7t tr\u00ean xe Landcruiser lc300 2024\" srcset=\"https:\/\/autothaiduong.vn\/wp-content\/uploads\/2025\/05\/6.png 1000w, https:\/\/autothaiduong.vn\/wp-content\/uploads\/2025\/05\/6-600x375.png 600w, https:\/\/autothaiduong.vn\/wp-content\/uploads\/2025\/05\/6-768x480.png 768w\" sizes=\"auto, (max-width: 1000px) 100vw, 1000px\" \/><figcaption id=\"caption-attachment-27139\" class=\"wp-caption-text\">H\u00ecnh \u1ea3nh l\u1eafp \u0111\u1eb7t tr\u00ean xe Landcruiser lc300 2024<\/figcaption><\/figure>\n<figure id=\"attachment_27140\" class=\"wp-caption aligncenter\" aria-describedby=\"caption-attachment-27140\"><img loading=\"lazy\" decoding=\"async\" class=\"alignnone size-full wp-image-581\" src=\"https:\/\/autothaiduong.vn\/wp-content\/uploads\/2025\/05\/So-sanh-ve-Tien-nghi.png\" width=\"1000\" height=\"625\" alt=\"H\u00ecnh \u1ea3nh l\u1eafp \u0111\u1eb7t tr\u00ean xe Lexus RX350 2023\" srcset=\"https:\/\/autothaiduong.vn\/wp-content\/uploads\/2025\/05\/So-sanh-ve-Tien-nghi.png 1000w, https:\/\/autothaiduong.vn\/wp-content\/uploads\/2025\/05\/So-sanh-ve-Tien-nghi-600x375.png 600w, https:\/\/autothaiduong.vn\/wp-content\/uploads\/2025\/05\/So-sanh-ve-Tien-nghi-768x480.png 768w\" sizes=\"auto, (max-width: 1000px) 100vw, 1000px\" \/><figcaption id=\"caption-attachment-27140\" class=\"wp-caption-text\">H\u00ecnh \u1ea3nh l\u1eafp \u0111\u1eb7t tr\u00ean xe Lexus RX350 2023<\/figcaption><\/figure>\n<p>N\u1ebfu b\u1ea1n \u0111ang quan t\u00e2m v\u1ec1 s\u1ea3n ph\u1ea9m\u00a0<a href=\"https:\/\/gotech.vn\/android-box-gotech-gb4\/\" target=\"_blank\" rel=\"noopener\">Android<\/a><a href=\"https:\/\/gotech.vn\/android-box-gotech-gb4\/\" target=\"_blank\" rel=\"noopener\">\u00a0Box Gotech GB4<\/a> vui l\u00f2ng li\u00ean h\u1ec7 t\u1edbi <strong>Hotline<\/strong><span style=\"color: #ff0000;\"><strong> 091219744<\/strong><\/span><span style=\"color: #ff0000;\"><strong>1<\/strong><\/span><\/p>\n<p>ho\u1eb7c<strong> \u0110\u1ecba ch\u1ec9:<\/strong> <strong><span style=\"color: #ff0000;\">273-275 Tr\u1ea7n Ph\u00fa Ph\u01b0\u1eddng L\u1ed9c S\u01a1n Th\u00e0nh Ph\u1ed1 B\u1ea3o L\u1ed9c T\u1ec9nh L\u00e2m \u0110\u1ed3ng\u00a0<\/span><\/strong><\/p>\n<p><strong><span style=\"color: #ff0000;\">Auto Th\u00e1i D\u01b0\u01a1ng<\/span> <\/strong>lu\u00f4n lu\u00f4n s\u1eb5n s\u00e0ng ph\u1ee5c v\u1ee5 kh\u00e1ch h\u00e0ng<\/p>\n<p>&nbsp;<\/p>\n<p>&nbsp;<\/p>\n","protected":false},"excerpt":{"rendered":"<div class=\"tskt-item \"><span class=\"title\">RAM <\/span><span class=\"value\">4GB DDR4<\/span><\/div>\n<div class=\"tskt-item \"><span class=\"title\">ROM <\/span><span class=\"value\">64GB<\/span><\/div>\n<div class=\"tskt-item \"><span class=\"title\">CPU<\/span><span class=\"value\">Qualcomm&#8217;s\u00ae QCM6225,Qualcomm CPU 8-cores up to 2.4GHz<\/span><\/div>\n<div class=\"tskt-item \"><span class=\"title\">GPU <\/span><span class=\"value\">Adreno 610<\/span><\/div>\n<div class=\"tskt-item \"><span class=\"title\">H\u1ec7 \u0111i\u1ec1u h\u00e0nh <\/span><span class=\"value\">GotechOS on Android 13 platform<\/span><\/div>\n<div class=\"tskt-item \"><span class=\"title\">B\u1ed9 nh\u1edb m\u1edf r\u1ed9ng <\/span><span class=\"value\">H\u1ed7 tr\u1ee3 th\u1ebb nh\u1edb MicroSD l\u00ean t\u1edbi 128GB<\/span><\/div>\n<div class=\"tskt-item \"><span class=\"title\">SIM<\/span><span class=\"value\">2G\/3G\/4G LTE 4G FDD LTE: Bands 1\/3\/5\/7\/8\/28 4G TDD LTE: Bands 38\/40\/41 3G UMTS: Bands 1\/2\/5\/8 2G GSM\/EDGE: Bands 2\/3\/5\/8<\/span><\/div>\n<div class=\"tskt-item \"><span class=\"title\">Ngu\u1ed3n \u0111i\u1ec7n<\/span><span class=\"value\">5V<\/span><\/div>\n<div class=\"tskt-item \"><span class=\"title\">K\u1ebft n\u1ed1i<\/span><span class=\"value\">Th\u1ebb nh\u1edb, Sim<\/span><\/div>\n<div class=\"tskt-item \"><span class=\"title\">Ph\u00e1t Wifi <\/span><span class=\"value\">C\u00f3<\/span><\/div>\n<div class=\"tskt-item \"><span class=\"title\">Radio FM\/AM <\/span><span class=\"value\">C\u00f3<\/span><\/div>\n<div class=\"tskt-item \"><span class=\"title\">Bluetooth <\/span><span class=\"value\">C\u00f3<\/span><\/div>\n<div class=\"tskt-item \"><span class=\"title\">K\u1ebft n\u1ed1i h\u1ec7 th\u1ed1ng loa tr\u00ean xe <\/span><span class=\"value\">C\u00f3<\/span><\/div>\n<div class=\"tskt-item \"><span class=\"title\">Kho \u1ee9ng d\u1ee5ng CH Play <\/span><span class=\"value\">C\u00f3<\/span><\/div>\n<div class=\"tskt-item \"><span class=\"title\">Apple CarPlay <\/span><span class=\"value\">C\u00f3<\/span><\/div>\n","protected":false},"featured_media":574,"comment_status":"open","ping_status":"closed","template":"","meta":[],"product_brand":[71],"product_cat":[17,69],"product_tag":[],"class_list":{"0":"post-570","1":"product","2":"type-product","3":"status-publish","4":"has-post-thumbnail","6":"product_brand-gotech","7":"product_cat-dvd-android-box","8":"product_cat-android-box","10":"first","11":"instock","12":"shipping-taxable","13":"purchasable","14":"product-type-simple"},"_links":{"self":[{"href":"https:\/\/autothaiduong.vn\/index.php?rest_route=\/wp\/v2\/product\/570","targetHints":{"allow":["GET"]}}],"collection":[{"href":"https:\/\/autothaiduong.vn\/index.php?rest_route=\/wp\/v2\/product"}],"about":[{"href":"https:\/\/autothaiduong.vn\/index.php?rest_route=\/wp\/v2\/types\/product"}],"replies":[{"embeddable":true,"href":"https:\/\/autothaiduong.vn\/index.php?rest_route=%2Fwp%2Fv2%2Fcomments&post=570"}],"wp:featuredmedia":[{"embeddable":true,"href":"https:\/\/autothaiduong.vn\/index.php?rest_route=\/wp\/v2\/media\/574"}],"wp:attachment":[{"href":"https:\/\/autothaiduong.vn\/index.php?rest_route=%2Fwp%2Fv2%2Fmedia&parent=570"}],"wp:term":[{"taxonomy":"product_brand","embeddable":true,"href":"https:\/\/autothaiduong.vn\/index.php?rest_route=%2Fwp%2Fv2%2Fproduct_brand&post=570"},{"taxonomy":"product_cat","embeddable":true,"href":"https:\/\/autothaiduong.vn\/index.php?rest_route=%2Fwp%2Fv2%2Fproduct_cat&post=570"},{"taxonomy":"product_tag","embeddable":true,"href":"https:\/\/autothaiduong.vn\/index.php?rest_route=%2Fwp%2Fv2%2Fproduct_tag&post=570"}],"curies":[{"name":"wp","href":"https:\/\/api.w.org\/{rel}","templated":true}]}}