{"id":582,"date":"2025-05-09T17:43:01","date_gmt":"2025-05-09T17:43:01","guid":{"rendered":"https:\/\/autothaiduong.vn\/?post_type=product&#038;p=582"},"modified":"2025-05-09T17:52:16","modified_gmt":"2025-05-09T17:52:16","slug":"android-box-gotech-gb7","status":"publish","type":"product","link":"https:\/\/autothaiduong.vn\/?product=android-box-gotech-gb7","title":{"rendered":"Android Box Gotech GB7"},"content":{"rendered":"<h2><\/h2>\n<h2><b><img loading=\"lazy\" decoding=\"async\" class=\" wp-image-489 aligncenter\" src=\"https:\/\/autothaiduong.vn\/wp-content\/uploads\/2025\/04\/z6584734442481_f208f5944548cb4b46353402ce2e64e0.jpg\" alt=\"\" width=\"280\" height=\"248\" \/>NH\u1eeeNG \u0110I\u1ec2M V\u01af\u1ee2T TR\u1ed8I SO V\u1edaI C\u00c1C S\u1ea2N PH\u1ea8M KH\u00c1C TR\u00caN TH\u1eca TR\u01af\u1edcNG<\/b><\/h2>\n<h3><b>\u0110\u00e1p \u1ee9ng \u0111\u1ea7y \u0111\u1ee7 c\u00e1c \u1ee9ng d\u1ee5ng t\u1eeb h\u1ec7 sinh th\u00e1i c\u1ee7a Gotech<\/b><\/h3>\n<p>L\u00e0 s\u1ea3n ph\u1ea9m \u201csinh sau \u0111\u1ebb mu\u1ed9n\u201d h\u01a1n so v\u1edbi nh\u1eefng m\u00e0n h\u00ecnh \u00f4 t\u00f4, android box kh\u00e1c n\u00ean Android Box GB7 \u0111\u01b0\u1ee3c th\u1eeba h\u01b0\u1edfng to\u00e0n b\u1ed9 nh\u1eefng \u1ee9ng d\u1ee5ng ph\u00e1t tri\u1ec3n t\u1eeb Gotech nh\u01b0: Gotech ph\u1ea1t ngu\u1ed9i, ki\u1ec3m tra b\u1ea3o h\u00e0nh Gotech Services, Gotech GPT th\u00f4ng minh, Gotech Tracking, Goutube V3\u2026<\/p>\n<p>\u0110\u00e2y \u0111\u1ec1u l\u00e0 nh\u1eefng \u1ee9ng d\u1ee5ng \u0111\u01b0\u1ee3c r\u1ea5t nhi\u1ec1u ng\u01b0\u1eddi \u0111\u00e1nh gi\u00e1 cao v\u00ec \u0111\u00e1p \u1ee9ng t\u1ed1t nhu c\u1ea7u ti\u1ec7n l\u1ee3i v\u00e0 th\u00f4ng minh. \u0110\u1eb7c bi\u1ec7t khi s\u1eed d\u1ee5ng Carplay Box GB7, b\u1ea1n s\u1ebd ho\u00e0n to\u00e0n \u0111\u01b0\u1ee3c d\u00f9ng mi\u1ec5n ph\u00ed c\u00e1c \u1ee9ng d\u1ee5ng tr\u00ean \u0111\u1ec3 qu\u00e1 tr\u00ecnh l\u00e1i xe di\u1ec5n ra an to\u00e0n v\u00e0 su\u00f4n s\u1ebb.<\/p>\n<figure id=\"attachment_19739\" class=\"wp-caption aligncenter\" aria-describedby=\"caption-attachment-19739\"><img loading=\"lazy\" decoding=\"async\" class=\"alignnone size-full wp-image-584\" src=\"https:\/\/autothaiduong.vn\/wp-content\/uploads\/2025\/05\/GB7-DAP-UNG-DAY-DU.jpg\" alt=\"GB7 \u0110\u00e1p \u1ee9ng \u0111\u1ea7y \u0111\u1ee7 c\u00e1c t\u00ednh n\u0103ng\" width=\"1024\" height=\"1024\" srcset=\"https:\/\/autothaiduong.vn\/wp-content\/uploads\/2025\/05\/GB7-DAP-UNG-DAY-DU.jpg 1024w, https:\/\/autothaiduong.vn\/wp-content\/uploads\/2025\/05\/GB7-DAP-UNG-DAY-DU-600x600.jpg 600w, https:\/\/autothaiduong.vn\/wp-content\/uploads\/2025\/05\/GB7-DAP-UNG-DAY-DU-300x300.jpg 300w, https:\/\/autothaiduong.vn\/wp-content\/uploads\/2025\/05\/GB7-DAP-UNG-DAY-DU-768x768.jpg 768w, https:\/\/autothaiduong.vn\/wp-content\/uploads\/2025\/05\/GB7-DAP-UNG-DAY-DU-100x100.jpg 100w\" sizes=\"auto, (max-width: 1024px) 100vw, 1024px\" \/><figcaption id=\"caption-attachment-19739\" class=\"wp-caption-text\">GB7 \u0110\u00e1p \u1ee9ng \u0111\u1ea7y \u0111\u1ee7 c\u00e1c t\u00ednh n\u0103ng<\/figcaption><\/figure>\n<h3><b>Tu\u1ef3 bi\u1ebfn linh ho\u1ea1t theo k\u00edch th\u01b0\u1edbc m\u00e0n h\u00ecnh zin<\/b><\/h3>\n<p>Giao di\u1ec7n c\u1ee7a Android Box GB7 c\u00f3 kh\u1ea3 n\u0103ng th\u00edch \u1ee9ng tu\u1ef3 bi\u1ebfn linh ho\u1ea1t v\u1edbi c\u00e1c k\u00edch th\u01b0\u1edbc m\u00e0n h\u00ecnh zin kh\u00e1c nhau. \u0110\u00e2y l\u00e0 \u0111i\u1ec3m th\u00f4ng minh c\u1ee7a s\u1ea3n ph\u1ea9m n\u00e0y, gi\u00fap b\u1ea1n y\u00ean t\u00e2m kh\u00f4ng lo \u1ea3nh h\u01b0\u1edfng \u0111\u1ebfn m\u00e0n h\u00ecnh g\u1ed1c. Do v\u1eady xe v\u1eabn \u0111\u1ea3m b\u1ea3o \u0111\u01b0\u1ee3c s\u1eed d\u1ee5ng nguy\u00ean b\u1ea3n m\u00e0 l\u1ea1i gi\u00fap m\u00e0n h\u00ecnh xe h\u01a1i c\u00f3 th\u00eam nhi\u1ec1u ch\u1ee9c n\u0103ng gi\u1ea3i tr\u00ed v\u00e0 c\u00f3 nhi\u1ec1u \u1ee9ng d\u1ee5ng h\u01a1n.<\/p>\n<figure id=\"attachment_19740\" class=\"wp-caption aligncenter\" aria-describedby=\"caption-attachment-19740\"><img loading=\"lazy\" decoding=\"async\" class=\"alignnone size-full wp-image-585\" src=\"https:\/\/autothaiduong.vn\/wp-content\/uploads\/2025\/05\/GB7-TUY-BIEN-MAN-HINH.jpg\" alt=\"GB7 tu\u1ef3 bi\u1ebfn linh ho\u1ea1t theo k\u00edch th\u01b0\u1edbc m\u00e0n h\u00ecnh zin\" width=\"1024\" height=\"1024\" srcset=\"https:\/\/autothaiduong.vn\/wp-content\/uploads\/2025\/05\/GB7-TUY-BIEN-MAN-HINH.jpg 1024w, https:\/\/autothaiduong.vn\/wp-content\/uploads\/2025\/05\/GB7-TUY-BIEN-MAN-HINH-600x600.jpg 600w, https:\/\/autothaiduong.vn\/wp-content\/uploads\/2025\/05\/GB7-TUY-BIEN-MAN-HINH-300x300.jpg 300w, https:\/\/autothaiduong.vn\/wp-content\/uploads\/2025\/05\/GB7-TUY-BIEN-MAN-HINH-768x768.jpg 768w, https:\/\/autothaiduong.vn\/wp-content\/uploads\/2025\/05\/GB7-TUY-BIEN-MAN-HINH-100x100.jpg 100w\" sizes=\"auto, (max-width: 1024px) 100vw, 1024px\" \/><figcaption id=\"caption-attachment-19740\" class=\"wp-caption-text\">GB7 tu\u1ef3 bi\u1ebfn linh ho\u1ea1t theo k\u00edch th\u01b0\u1edbc m\u00e0n h\u00ecnh zin<\/figcaption><\/figure>\n<h3><b>\u0110\u1ea3m b\u1ea3o t\u00ednh nguy\u00ean b\u1ea3n si\u00eau \u1ed5n \u0111\u1ecbnh c\u1ee7a xe<\/b><\/h3>\n<p>Qu\u00e1 tr\u00ecnh l\u1eafp \u0111\u1eb7t \u0111\u01b0\u1ee3c di\u1ec5n ra nhanh ch\u00f3ng ch\u1ec9 ch\u01b0a \u0111\u1ebfn 1 ph\u00fat, chi\u1ebfc m\u00e0n h\u00ecnh zin s\u1ebd ho\u00e0n to\u00e0n \u0111\u01b0\u1ee3c thay \u0111\u1ed5i di\u1ec7n m\u1ea1o m\u1edbi sang tr\u1ecdng \u0111\u1eb3ng c\u1ea5p h\u01a1n th\u00f4ng qua c\u1ed5ng USB \u2013 Carplay.<\/p>\n<p>Chu\u0309 xe co\u0301 th\u00ea\u0309 l\u01b0\u0323a cho\u0323n \u0111\u00e2\u0300u d\u00e2y c\u0103\u0301m t\u01b0\u01a1ng thi\u0301ch v\u01a1\u0301i h\u00ea\u0323 th\u00f4\u0301ng cu\u0309a xe v\u00ec c\u00f3 s\u1ef1 l\u1ef1a ch\u1ecdn kh\u00e1c nhau. Android Box GB7 c\u00f3 2 loa\u0323i d\u00e2y c\u0103\u0301m, 1 loa\u0323i la\u0300 1 \u0111\u00e2\u0300u USB + 1 \u0111\u00e2\u0300u d\u00e2y Type C, 1 loa\u0323i la\u0300 hai \u0111\u00e2\u0300u \u0111\u00ea\u0300u la\u0300 \u0111\u00e2\u0300u Type C.<\/p>\n<figure id=\"attachment_19774\" class=\"wp-caption aligncenter\" aria-describedby=\"caption-attachment-19774\"><img loading=\"lazy\" decoding=\"async\" class=\"alignnone size-full wp-image-586\" src=\"https:\/\/autothaiduong.vn\/wp-content\/uploads\/2025\/05\/GB7-DAM-BAO-NGUYEN-BAN-1.jpg\" alt=\"GB7 \u0110\u1ea3m b\u1ea3o t\u00ednh nguy\u00ean b\u1ea3n si\u00eau \u1ed5n \u0111\u1ecbnh c\u1ee7a xe\" width=\"1024\" height=\"1024\" srcset=\"https:\/\/autothaiduong.vn\/wp-content\/uploads\/2025\/05\/GB7-DAM-BAO-NGUYEN-BAN-1.jpg 1024w, https:\/\/autothaiduong.vn\/wp-content\/uploads\/2025\/05\/GB7-DAM-BAO-NGUYEN-BAN-1-600x600.jpg 600w, https:\/\/autothaiduong.vn\/wp-content\/uploads\/2025\/05\/GB7-DAM-BAO-NGUYEN-BAN-1-300x300.jpg 300w, https:\/\/autothaiduong.vn\/wp-content\/uploads\/2025\/05\/GB7-DAM-BAO-NGUYEN-BAN-1-768x768.jpg 768w, https:\/\/autothaiduong.vn\/wp-content\/uploads\/2025\/05\/GB7-DAM-BAO-NGUYEN-BAN-1-100x100.jpg 100w\" sizes=\"auto, (max-width: 1024px) 100vw, 1024px\" \/><figcaption id=\"caption-attachment-19774\" class=\"wp-caption-text\">GB7 \u0110\u1ea3m b\u1ea3o t\u00ednh nguy\u00ean b\u1ea3n si\u00eau \u1ed5n \u0111\u1ecbnh c\u1ee7a xe<\/figcaption><\/figure>\n<h3><b>Giao di\u1ec7n \u0111\u1ed9c quy\u1ec1n t\u1eeb Gotech<\/b><\/h3>\n<p>\u0110\u01b0\u1ee3c thi\u1ebft k\u1ebf n\u1ed5i b\u1eadt v\u1edbi tone m\u00e0u \u0111\u1ecf, s\u1edf h\u1eefu giao di\u1ec7n \u0111\u1ed9c quy\u1ec1n do Gotech t\u1ef1 nghi\u00ean c\u1ee9u v\u00e0 ph\u00e1t tri\u1ec3n \u0111em l\u1ea1i t\u00ednh th\u1ea9m m\u1ef9 cao. \u0110\u1eb7c bi\u1ec7t, Android Box GB7 c\u00f2n c\u00f3 kh\u1ea3 n\u0103ng thay \u0111\u1ed5i m\u00e0u s\u1eafc m\u00e0n h\u00ecnh theo s\u1edf th\u00edch c\u1ee7a b\u1ea1n, ph\u00f9 h\u1ee3p v\u1edbi phong thu\u1ef7 nh\u1eb1m t\u1ed1i \u01b0u tr\u1ea3i nghi\u1ec7m c\u1ee7a ng\u01b0\u1eddi d\u00f9ng trong qu\u00e1 tr\u00ecnh l\u00e1i xe.<\/p>\n<figure id=\"attachment_19742\" class=\"wp-caption aligncenter\" aria-describedby=\"caption-attachment-19742\"><img loading=\"lazy\" decoding=\"async\" class=\"alignnone size-full wp-image-587\" src=\"https:\/\/autothaiduong.vn\/wp-content\/uploads\/2025\/05\/GTNEWGB7_1.png\" alt=\"Giao di\u1ec7n \u0111\u1ed9c quy\u1ec1n Gotech GB7\" width=\"1024\" height=\"1024\" srcset=\"https:\/\/autothaiduong.vn\/wp-content\/uploads\/2025\/05\/GTNEWGB7_1.png 1024w, https:\/\/autothaiduong.vn\/wp-content\/uploads\/2025\/05\/GTNEWGB7_1-600x600.png 600w, https:\/\/autothaiduong.vn\/wp-content\/uploads\/2025\/05\/GTNEWGB7_1-300x300.png 300w, https:\/\/autothaiduong.vn\/wp-content\/uploads\/2025\/05\/GTNEWGB7_1-768x768.png 768w, https:\/\/autothaiduong.vn\/wp-content\/uploads\/2025\/05\/GTNEWGB7_1-100x100.png 100w\" sizes=\"auto, (max-width: 1024px) 100vw, 1024px\" \/><figcaption id=\"caption-attachment-19742\" class=\"wp-caption-text\">Giao di\u1ec7n \u0111\u1ed9c quy\u1ec1n Gotech GB7<\/figcaption><\/figure>\n<h3><b>Si\u00eau c\u1ea5u h\u00ecnh m\u1ea1nh m\u1ebd cho tr\u1ea3i nghi\u1ec7m m\u01b0\u1ee3t m\u00e0<\/b><\/h3>\n<p>Android Box Gotech GB7 s\u1edf h\u1eefu c\u1ea5u h\u00ecnh RAM 4GB DDR4, ROM 64GB, CPU Qualcomm\u2019s\u00ae Snapdragon 680 4G (Cortex-A73 2.4GHz + Qualcomm Kryo 265 LP1.9 GHz)<\/p>\n<p>Nh\u1edd c\u1ea5u h\u00ecnh v\u01b0\u1ee3t tr\u1ed9i n\u00e0y gi\u00fap qu\u00e1 tr\u00ecnh s\u1eed d\u1ee5ng s\u1ea3n ph\u1ea9m tr\u1edf n\u00ean tuy\u1ec7t v\u1eddi h\u01a1n v\u00ec b\u1ea1n kh\u00f4ng c\u00f2n lo c\u1ea3m gi\u00e1c gi\u1eadt, lag, \u0111\u1ea7y b\u1ed9 nh\u1edb n\u1eefa.<\/p>\n<figure id=\"attachment_30027\" class=\"wp-caption aligncenter\" aria-describedby=\"caption-attachment-30027\"><img loading=\"lazy\" decoding=\"async\" class=\"alignnone size-full wp-image-588\" src=\"https:\/\/autothaiduong.vn\/wp-content\/uploads\/2025\/05\/cau-hinh-android-box-gotech-gb7.jpg\" alt=\"Android Box Gotech GB7 c\u1ea5u h\u00ecnh m\u1ea1nh m\u1ebd, tr\u1ea3i nghi\u1ec7m m\u01b0\u1ee3t m\u00e0\" width=\"1280\" height=\"768\" srcset=\"https:\/\/autothaiduong.vn\/wp-content\/uploads\/2025\/05\/cau-hinh-android-box-gotech-gb7.jpg 1280w, https:\/\/autothaiduong.vn\/wp-content\/uploads\/2025\/05\/cau-hinh-android-box-gotech-gb7-600x360.jpg 600w, https:\/\/autothaiduong.vn\/wp-content\/uploads\/2025\/05\/cau-hinh-android-box-gotech-gb7-1024x614.jpg 1024w, https:\/\/autothaiduong.vn\/wp-content\/uploads\/2025\/05\/cau-hinh-android-box-gotech-gb7-768x461.jpg 768w\" sizes=\"auto, (max-width: 1280px) 100vw, 1280px\" \/><figcaption id=\"caption-attachment-30027\" class=\"wp-caption-text\">Android Box Gotech GB7 c\u1ea5u h\u00ecnh m\u1ea1nh m\u1ebd, tr\u1ea3i nghi\u1ec7m m\u01b0\u1ee3t m\u00e0<\/figcaption><\/figure>\n<h2><b>\u01afU \u0110I\u1ec2M C\u1ee6A ANDROID BOX GOTECH GB7<\/b><\/h2>\n<h3><b>Ra l\u1ec7nh gi\u1ecdng n\u00f3i r\u1ea3nh tay<\/b><\/h3>\n<p>Gotech \u0111\u1eb7c bi\u1ec7t ch\u00fa tr\u1ecdng v\u00e0o kh\u1ea3 n\u0103ng ra l\u1ec7nh gi\u1ecdng n\u00f3i th\u00f4ng minh, t\u1ed1i \u01b0u ho\u00e1 thao t\u00e1c cho ng\u01b0\u1eddi d\u00f9ng n\u00ean \u0111\u00e3 trang b\u1ecb hai tr\u1ee3 l\u00fd gi\u1ecdng n\u00f3i b\u1eadc nh\u1ea5t hi\u1ec7n nay ch\u00ednh l\u00e0 Gotech GPT v\u00e0 Kiki tr\u00ean\u00a0<strong><a href=\"https:\/\/gotech.vn\/san-pham\/android-box-o-to\/\" target=\"_blank\" rel=\"noopener\">Android Box Gotech<\/a>\u00a0GB7<\/strong>. Ch\u1ec9 c\u1ea7n m\u1ed9t l\u1ea7n ch\u1ea1m ho\u1eb7c nh\u1ea5n v\u00e0o v\u00f4 l\u0103ng, b\u1ea1n ho\u00e0n to\u00e0n c\u00f3 th\u1ec3 \u0111i\u1ec1u khi\u1ec3n c\u00e1c t\u00ednh n\u0103ng tr\u00ean m\u00e0n h\u00ecnh nhanh ch\u00f3ng v\u00e0 nh\u00e0n r\u1ed7i, \u0111\u1ea3m b\u1ea3o v\u1eabn ch\u00fa t\u00e2m l\u00e1i xe an to\u00e0n. Tr\u1ee3 l\u00fd AI s\u1ebd hi\u1ec3u \u0111\u01b0\u1ee3c nh\u1eefng c\u00e2u l\u1ec7nh m\u00e0 b\u1ea1n \u0111\u01b0a ra, x\u1eed l\u00fd v\u00e0 tr\u1ea3 v\u1ec1 cho b\u1ea1n k\u1ebft qu\u1ea3 t\u00ecm ki\u1ebfm m\u00e0 b\u1ea1n mong mu\u1ed1n.<\/p>\n<figure id=\"attachment_19744\" class=\"wp-caption aligncenter\" aria-describedby=\"caption-attachment-19744\"><img loading=\"lazy\" decoding=\"async\" class=\"alignnone size-full wp-image-589\" src=\"https:\/\/autothaiduong.vn\/wp-content\/uploads\/2025\/05\/GTNEWGB7_2.png\" alt=\"GB7 ra l\u1ec7nh gi\u1ecdng n\u00f3i th\u00f4ng minh\" width=\"1024\" height=\"1024\" srcset=\"https:\/\/autothaiduong.vn\/wp-content\/uploads\/2025\/05\/GTNEWGB7_2.png 1024w, https:\/\/autothaiduong.vn\/wp-content\/uploads\/2025\/05\/GTNEWGB7_2-600x600.png 600w, https:\/\/autothaiduong.vn\/wp-content\/uploads\/2025\/05\/GTNEWGB7_2-300x300.png 300w, https:\/\/autothaiduong.vn\/wp-content\/uploads\/2025\/05\/GTNEWGB7_2-768x768.png 768w, https:\/\/autothaiduong.vn\/wp-content\/uploads\/2025\/05\/GTNEWGB7_2-100x100.png 100w\" sizes=\"auto, (max-width: 1024px) 100vw, 1024px\" \/><figcaption id=\"caption-attachment-19744\" class=\"wp-caption-text\">GB7 ra l\u1ec7nh gi\u1ecdng n\u00f3i th\u00f4ng minh<\/figcaption><\/figure>\n<h3><b>Tr\u00e0n ng\u1eadp \u1ee9ng d\u1ee5ng gi\u1ea3i tr\u00ed \u0111a ph\u01b0\u01a1ng ti\u1ec7n<\/b><\/h3>\n<p>Nh\u1edd h\u1ed7 tr\u1ee3 k\u1ebft n\u1ed1i internet 4G t\u1ed1c \u0111\u1ed9 cao,\u00a0<strong>Android Box Gotech GB7<\/strong>\u00a0gi\u00fap b\u1ea1n ho\u00e0n to\u00e0n c\u00f3 th\u1ec3 \u0111\u00e1p \u1ee9ng nh\u1eefng nhu c\u1ea7u gi\u1ea3i tr\u00ed c\u01a1 b\u1ea3n ngay tr\u00ean xe \u0111\u1ec3 gi\u1ea3i t\u1ecfa c\u0103ng th\u1eb3ng nh\u01b0: xem phim, l\u01b0\u1edbt web, nghe nh\u1ea1c tr\u00ean c\u00e1c \u1ee9ng d\u1ee5ng Youtube, Netflix, CH Play,\u2026T\u1ed1c \u0111\u1ed9 x\u1eed l\u00fd c\u1ef1c t\u1ed1t n\u00ean ngay c\u1ea3 khi \u0111i tr\u00ean \u0111\u01b0\u1eddng cao t\u1ed1c, v\u1ea5n \u0111\u1ec1 m\u1ea1ng v\u1eabn kh\u00f4ng c\u00f2n l\u00e0 n\u1ed7i lo.<\/p>\n<figure id=\"attachment_19748\" class=\"wp-caption aligncenter\" aria-describedby=\"caption-attachment-19748\"><img loading=\"lazy\" decoding=\"async\" class=\"alignnone size-full wp-image-590\" src=\"https:\/\/autothaiduong.vn\/wp-content\/uploads\/2025\/05\/GTNEWGB7_3.png\" alt=\"GB7 tr\u00e0n ng\u1eadp \u1ee9ng d\u1ee5ng gi\u1ea3i tr\u00ed\" width=\"1024\" height=\"1024\" srcset=\"https:\/\/autothaiduong.vn\/wp-content\/uploads\/2025\/05\/GTNEWGB7_3.png 1024w, https:\/\/autothaiduong.vn\/wp-content\/uploads\/2025\/05\/GTNEWGB7_3-600x600.png 600w, https:\/\/autothaiduong.vn\/wp-content\/uploads\/2025\/05\/GTNEWGB7_3-300x300.png 300w, https:\/\/autothaiduong.vn\/wp-content\/uploads\/2025\/05\/GTNEWGB7_3-768x768.png 768w, https:\/\/autothaiduong.vn\/wp-content\/uploads\/2025\/05\/GTNEWGB7_3-100x100.png 100w\" sizes=\"auto, (max-width: 1024px) 100vw, 1024px\" \/><figcaption id=\"caption-attachment-19748\" class=\"wp-caption-text\">GB7 tr\u00e0n ng\u1eadp \u1ee9ng d\u1ee5ng gi\u1ea3i tr\u00ed<\/figcaption><\/figure>\n<h3><b>B\u1ea3n \u0111\u1ed3 ch\u1ec9 d\u1eabn \u0111\u01b0\u1eddng th\u00f4ng minh<\/b><\/h3>\n<p>Tr\u00ean s\u1ea3n ph\u1ea9m\u00a0<i>Android Box Gotech GB7<\/i>\u00a0\u0111\u01b0\u1ee3c t\u00edch h\u1ee3p 3 \u1ee9ng d\u1ee5ng b\u1ea3n \u0111\u1ed3 d\u1eabn \u0111\u01b0\u1eddng Carmap b\u1ea3n quy\u1ec1n, Google Maps v\u00e0 Navitel cho ph\u00e9p b\u1ea1n t\u00ecm ki\u1ebfm l\u1ed9 tr\u00ecnh, th\u1eddi gian v\u00e0 c\u1ea3nh b\u00e1o t\u1ed1c \u0111\u1ed9, bi\u1ec3n b\u00e1o tr\u00ean m\u1ecdi chuy\u1ebfn \u0111i. V\u1ea5n \u0111\u1ec1 \u201cm\u00f9 \u0111\u01b0\u1eddng\u201d gi\u1edd \u0111\u00e2y \u0111\u00e3 xo\u00e1 tan \u0111\u1ec3 b\u1ea1n y\u00ean t\u00e2m tay l\u00e1i ngay c\u1ea3 nh\u1eefng con ng\u00f5 nh\u1ecf trong th\u00e0nh ph\u1ed1.<\/p>\n<figure id=\"attachment_19749\" class=\"wp-caption aligncenter\" aria-describedby=\"caption-attachment-19749\"><img loading=\"lazy\" decoding=\"async\" class=\"alignnone size-full wp-image-591\" src=\"https:\/\/autothaiduong.vn\/wp-content\/uploads\/2025\/05\/GTNEWGB7_5.png\" alt=\"GB7 h\u1ed7 tr\u1ee3 ch\u1ec9 \u0111\u01b0\u1eddng th\u00f4ng minh\" width=\"1024\" height=\"1024\" srcset=\"https:\/\/autothaiduong.vn\/wp-content\/uploads\/2025\/05\/GTNEWGB7_5.png 1024w, https:\/\/autothaiduong.vn\/wp-content\/uploads\/2025\/05\/GTNEWGB7_5-600x600.png 600w, https:\/\/autothaiduong.vn\/wp-content\/uploads\/2025\/05\/GTNEWGB7_5-300x300.png 300w, https:\/\/autothaiduong.vn\/wp-content\/uploads\/2025\/05\/GTNEWGB7_5-768x768.png 768w, https:\/\/autothaiduong.vn\/wp-content\/uploads\/2025\/05\/GTNEWGB7_5-100x100.png 100w\" sizes=\"auto, (max-width: 1024px) 100vw, 1024px\" \/><figcaption id=\"caption-attachment-19749\" class=\"wp-caption-text\">GB7 h\u1ed7 tr\u1ee3 ch\u1ec9 \u0111\u01b0\u1eddng th\u00f4ng minh<\/figcaption><\/figure>\n<p>N\u1ebfu b\u1ea1n \u0111ang quan t\u00e2m v\u1ec1 s\u1ea3n ph\u1ea9m\u00a0<b>Carplay Box GB7<\/b> vui l\u00f2ng li\u00ean h\u1ec7 t\u1edbi<strong> hotline :<\/strong> <span style=\"color: #ff0000;\"><strong>0912197441<\/strong><\/span><\/p>\n<p>ho\u1eb7c <strong>\u0110\u1ecba ch\u1ec9:<span style=\"color: #ff0000;\"> 273-275 Tr\u1ea7n Ph\u00fa Ph\u01b0\u1eddng L\u1ed9c S\u01a1n Th\u00e0nh Ph\u1ed1 B\u1ea3o L\u1ed9c T\u1ec9nh L\u00e2m \u0110\u1ed3ng\u00a0<\/span><\/strong><\/p>\n<p><strong><span style=\"color: #ff0000;\">Auto Th\u00e1i D\u01b0\u01a1ng<\/span><\/strong> l\u00e0 \u0111\u1ea1i l\u00ed ch\u00ednh h\u00e3ng c\u1ee7a Gotech t\u1ea1i khu v\u1ef1c<strong> L\u00e2m \u0110\u1ed3ng\u00a0<\/strong><\/p>\n<p>H\u00e3y gh\u00e9 ngay <strong><span style=\"color: #ff0000;\">Auto Th\u00e1i D\u01b0\u01a1ng<\/span><\/strong> \u0111\u1ec3 \u0111\u01b0\u1ee3c t\u01b0 v\u1ea5n v\u00e0 l\u1eafp \u0111\u1eb7t s\u1ea3n ph\u1ea9m c\u1ee7a nh\u00e0 <strong>Gotech<\/strong><\/p>\n<div class=\"vms-read-more\"><\/div>\n","protected":false},"excerpt":{"rendered":"<p>Android Box Gotech GB7 l\u00e0 thi\u1ebft b\u1ecb c\u00f4ng ngh\u1ec7 m\u1edbi c\u1ee7a Gotech v\u1ec1 android box cho \u00f4 t\u00f4 gi\u00fap b\u1ea1n s\u1edf h\u1eefu m\u1ed9t m\u00e0n h\u00ecnh m\u1edbi v\u1edbi nhi\u1ec1u t\u00ednh n\u0103ng th\u00f4ng minh, ti\u1ec7n \u00edch h\u1ed7 tr\u1ee3 l\u00e1i xe an to\u00e0n v\u00e0 \u0111\u00e1p \u1ee9ng tr\u1ecdn v\u1eb9n nhu c\u1ea7u gi\u1ea3i tr\u00ed. Android Box Gotech GB7 v\u1eeba ra m\u1eaft v\u1edbi m\u1ee9c gi\u00e1 l\u1ea1i v\u00f4 c\u00f9ng h\u1ee3p l\u00fd \u0111\u1ec3 b\u1ea1n tha h\u1ed3 tr\u1ea3i nghi\u1ec7m nh\u1eefng \u1ee9ng d\u1ee5ng v\u01b0\u1ee3t tr\u1ed9i.<\/p>\n","protected":false},"featured_media":584,"comment_status":"open","ping_status":"closed","template":"","meta":[],"product_brand":[71],"product_cat":[17,69],"product_tag":[],"class_list":{"0":"post-582","1":"product","2":"type-product","3":"status-publish","4":"has-post-thumbnail","6":"product_brand-gotech","7":"product_cat-dvd-android-box","8":"product_cat-android-box","10":"first","11":"instock","12":"shipping-taxable","13":"purchasable","14":"product-type-simple"},"_links":{"self":[{"href":"https:\/\/autothaiduong.vn\/index.php?rest_route=\/wp\/v2\/product\/582","targetHints":{"allow":["GET"]}}],"collection":[{"href":"https:\/\/autothaiduong.vn\/index.php?rest_route=\/wp\/v2\/product"}],"about":[{"href":"https:\/\/autothaiduong.vn\/index.php?rest_route=\/wp\/v2\/types\/product"}],"replies":[{"embeddable":true,"href":"https:\/\/autothaiduong.vn\/index.php?rest_route=%2Fwp%2Fv2%2Fcomments&post=582"}],"wp:featuredmedia":[{"embeddable":true,"href":"https:\/\/autothaiduong.vn\/index.php?rest_route=\/wp\/v2\/media\/584"}],"wp:attachment":[{"href":"https:\/\/autothaiduong.vn\/index.php?rest_route=%2Fwp%2Fv2%2Fmedia&parent=582"}],"wp:term":[{"taxonomy":"product_brand","embeddable":true,"href":"https:\/\/autothaiduong.vn\/index.php?rest_route=%2Fwp%2Fv2%2Fproduct_brand&post=582"},{"taxonomy":"product_cat","embeddable":true,"href":"https:\/\/autothaiduong.vn\/index.php?rest_route=%2Fwp%2Fv2%2Fproduct_cat&post=582"},{"taxonomy":"product_tag","embeddable":true,"href":"https:\/\/autothaiduong.vn\/index.php?rest_route=%2Fwp%2Fv2%2Fproduct_tag&post=582"}],"curies":[{"name":"wp","href":"https:\/\/api.w.org\/{rel}","templated":true}]}}