{"id":60,"date":"2025-04-25T08:10:17","date_gmt":"2025-04-25T08:10:17","guid":{"rendered":"https:\/\/autothaiduong.vn\/?post_type=product&#038;p=60"},"modified":"2025-05-15T13:57:15","modified_gmt":"2025-05-15T13:57:15","slug":"bong-led-vinfast-vf3-naoevo-s8-pro-chan-h7","status":"publish","type":"product","link":"https:\/\/autothaiduong.vn\/?product=bong-led-vinfast-vf3-naoevo-s8-pro-chan-h7","title":{"rendered":"B\u00d3NG LED VINFAST VF3: NAOEVO S8 PRO CH\u00c2N H7"},"content":{"rendered":"<p>Vinfast VF3 l\u00e0 d\u00f2ng xe nh\u1ecf g\u1ecdn \u0111\u01b0\u1ee3c nhi\u1ec1u kh\u00e1ch h\u00e0ng l\u1ef1a ch\u1ecdn trong th\u1eddi gian g\u1ea7n \u0111\u00e2y. Tuy nhi\u00ean h\u1ec7 th\u1ed1ng chi\u1ebfu s\u00e1ng c\u1ee7a xe v\u1eabn kh\u00f4ng \u0111\u00e1p \u1ee9ng \u0111\u01b0\u1ee3c m\u1ed9t ph\u1ea7n ch\u1ee7 xe, ch\u00ednh v\u00ec th\u1ebf b\u00f3ng Led Vinfast VF3 Naoevo S8 Pro ch\u00e2n H7 \u0111\u01b0\u1ee3c xem l\u00e0 gi\u1ea3i ph\u00e1p gi\u00fap cho kh\u00e1ch h\u00e0ng tin t\u01b0\u1edfng l\u1ef1a ch\u1ecdn.<\/p>\n<h2><a id=\"1-s--l---c-v--vinfast-vf3\" class=\"toc-a-tag\"><\/a>1. S\u01a1 l\u01b0\u1ee3c v\u1ec1 Vinfast VF3<\/h2>\n<p>Vinfast VF3 l\u00e0 d\u00f2ng xe nh\u1ecf v\u1edbi l\u1ed1i thi\u1ebft k\u1ebf t\u1ed1i gi\u1ea3n, nh\u1ecf g\u1ecdn, n\u0103ng \u0111\u1ed9ng c\u00f9ng d\u1ea3i m\u00e0u s\u1eafc \u0111a d\u1ea1ng \u0111\u1ed9c \u0111\u00e1o, Vinfast VF3 \u0111\u01b0\u1ee3c xem l\u00e0 l\u1ef1a ch\u1ecdn ho\u00e0n h\u1ea3o gi\u00fap cho kh\u00e1ch h\u00e0ng th\u1ec3 hi\u1ec7n s\u1ef1 kh\u00e1c bi\u1ec7t v\u00e0 c\u00e1 t\u00ednh c\u1ee7a ri\u00eang m\u00ecnh. \u0110\u1eb7c bi\u1ec7t Vinfast VF3 l\u00e0 m\u1eabu xe kh\u00e1 hi\u1ebfm hoi trong ph\u00e2n kh\u00fac xe c\u1ee1 nh\u1ecf s\u1edf h\u1eefu la-z\u0103ng v\u1edbi k\u00edch th\u01b0\u1edbc 16 inch, kh\u00f4ng ch\u1ec9 gi\u00fap t\u1ea1o ra \u0111i\u1ec3m nh\u1ea5n v\u1ec1 thi\u1ebft k\u1ebf m\u00e0 c\u00f2n gia t\u0103ng th\u00eam kh\u1ea3 n\u0103ng di chuy\u1ec3n tr\u00ean \u0111\u1ecba h\u00ecnh \u0111a d\u1ea1ng trong \u0111\u00f4 th\u1ecb. Ngo\u00e0i ra th\u00ec Vinfast VF3 \u0111\u01b0\u1ee3c trang b\u1ecb t\u00f9y ch\u1ecdn \u1ed1p la-z\u0103ng, gi\u00fap t\u0103ng th\u00eam v\u1ebb c\u00e1 t\u00ednh c\u0169ng nh\u01b0 s\u1ef1 sang tr\u1ecdng cho chi\u1ebfc xe.<\/p>\n<p><img loading=\"lazy\" decoding=\"async\" class=\"alignnone size-full wp-image-62\" src=\"https:\/\/autothaiduong.vn\/wp-content\/uploads\/2025\/04\/vinfast-vf3-2.jpg\" width=\"1280\" height=\"720\" srcset=\"https:\/\/autothaiduong.vn\/wp-content\/uploads\/2025\/04\/vinfast-vf3-2.jpg 1280w, https:\/\/autothaiduong.vn\/wp-content\/uploads\/2025\/04\/vinfast-vf3-2-600x338.jpg 600w, https:\/\/autothaiduong.vn\/wp-content\/uploads\/2025\/04\/vinfast-vf3-2-300x169.jpg 300w, https:\/\/autothaiduong.vn\/wp-content\/uploads\/2025\/04\/vinfast-vf3-2-1024x576.jpg 1024w, https:\/\/autothaiduong.vn\/wp-content\/uploads\/2025\/04\/vinfast-vf3-2-768x432.jpg 768w\" sizes=\"auto, (max-width: 1280px) 100vw, 1280px\" \/><\/p>\n<p>Vinfast VF3 c\u00f2n \u0111\u01b0\u1ee3c xem l\u00e0 bi\u1ec3u t\u01b0\u1ee3ng m\u1edbi mang t\u00ednh c\u00e1ch m\u1ea1ng trong cu\u1ed9c s\u1ed1ng \u0111\u00f4 th\u1ecb. V\u1edbi l\u1ed1i thi\u1ebft k\u1ebf hi\u1ec7n \u0111\u1ea1i, hi\u1ec7u su\u1ea5t v\u1eadn h\u00e0nh linh ho\u1ea1t, t\u00ednh n\u0103ng an to\u00e0n ti\u00ean ti\u1ebfn c\u00f9ng v\u1edbi v\u1eadn h\u00e0nh chi ph\u00ed kh\u00e1c si\u00eau r\u1ebb, ch\u00ednh v\u00ec th\u1ebf Vinfast VF3 \u0111\u00e3 m\u1edf ra m\u1ed9t c\u00e1ch ti\u1ebfp c\u1eadn ho\u00e0n to\u00e0n m\u1edbi trong vi\u1ec7c l\u1ef1a ch\u1ecdn ph\u01b0\u01a1ng ti\u1ec7n di chuy\u1ec3n h\u00e0ng ng\u00e0y, mang \u0111\u1ebfn s\u1ef1 thu\u1eadn ti\u1ec7n, d\u1ec5 d\u00e0ng v\u00e0 \u0111\u1eb7c bi\u1ec7t l\u00e0 tho\u1ea3i m\u00e1i cho ng\u01b0\u1eddi ng\u1ed3i b\u00ean trong xe.<\/p>\n<h2><a id=\"2-s--l---c-v--b-ng-led-vinfast-vf3-naoevo-s8-pro-ch-n-h7\" class=\"toc-a-tag\"><\/a>2. S\u01a1 l\u01b0\u1ee3c v\u1ec1 B\u00f3ng Led Vinfast VF3 NaoEvo S8 Pro ch\u00e2n H7<\/h2>\n<p>B\u00f3ng Led Vinfast VF3 Naoevo S8 Pro s\u1edf h\u1eefu thi\u1ebft k\u1ebf nh\u1ecf g\u1ecdn, n\u1ed5i b\u1eadt v\u1edbi bi\u1ec3u t\u01b0\u1ee3ng s\u01b0 t\u1eed tr\u00ean b\u00f3ng \u0111\u00e8n, mang \u0111\u1ebfn v\u1ebb sang tr\u1ecdng v\u00e0 m\u1ea1nh m\u1ebd. S\u1ea3n ph\u1ea9m \u0111\u01b0\u1ee3c thi\u1ebft k\u1ebf \u0111\u1ec3 d\u1ec5 d\u00e0ng l\u1eafp \u0111\u1eb7t tr\u00ean m\u1ecdi d\u00f2ng xe nh\u1edd c\u00f4ng ngh\u1ec7 \u201cPlug and Play\u201d, cho ph\u00e9p thay th\u1ebf b\u00f3ng \u0111\u00e8n halogen truy\u1ec1n th\u1ed1ng m\u00e0 kh\u00f4ng c\u1ea7n can thi\u1ec7p v\u00e0o h\u1ec7 th\u1ed1ng d\u00e2y \u0111i\u1ec7n hay \u0111i\u1ec1u ch\u1ec9nh k\u1ebft c\u1ea5u.<\/p>\n<p><img loading=\"lazy\" decoding=\"async\" class=\"alignnone size-full wp-image-63\" src=\"https:\/\/autothaiduong.vn\/wp-content\/uploads\/2025\/04\/s8-pro.jpg\" width=\"1280\" height=\"960\" srcset=\"https:\/\/autothaiduong.vn\/wp-content\/uploads\/2025\/04\/s8-pro.jpg 1280w, https:\/\/autothaiduong.vn\/wp-content\/uploads\/2025\/04\/s8-pro-600x450.jpg 600w, https:\/\/autothaiduong.vn\/wp-content\/uploads\/2025\/04\/s8-pro-300x225.jpg 300w, https:\/\/autothaiduong.vn\/wp-content\/uploads\/2025\/04\/s8-pro-1024x768.jpg 1024w, https:\/\/autothaiduong.vn\/wp-content\/uploads\/2025\/04\/s8-pro-768x576.jpg 768w\" sizes=\"auto, (max-width: 1280px) 100vw, 1280px\" \/><\/p>\n<p>V\u1edbi c\u00f4ng su\u1ea5t 70W\/b\u00f3ng v\u00e0 \u0111\u1ed9 s\u00e1ng l\u00ean \u0111\u1ebfn 8400LM\/b\u00f3ng, Naoevo S8 Pro cung c\u1ea5p ngu\u1ed3n \u00e1nh s\u00e1ng m\u1ea1nh m\u1ebd, gi\u00fap t\u00e0i x\u1ebf quan s\u00e1t r\u00f5 r\u00e0ng ngay c\u1ea3 trong \u0111i\u1ec1u ki\u1ec7n thi\u1ebfu s\u00e1ng. S\u1eed d\u1ee5ng c\u00f4ng ngh\u1ec7 Chip LED ti\u00ean ti\u1ebfn, s\u1ea3n ph\u1ea9m \u0111\u1ea3m b\u1ea3o hi\u1ec7u su\u1ea5t chi\u1ebfu s\u00e1ng v\u01b0\u1ee3t tr\u1ed9i, \u0111\u1ed3ng th\u1eddi t\u1ea3n nhi\u1ec7t hi\u1ec7u qu\u1ea3 \u0111\u1ec3 duy tr\u00ec \u0111\u1ed9 b\u1ec1n v\u00e0 h\u1ea1n ch\u1ebf h\u01b0 h\u1ecfng trong qu\u00e1 tr\u00ecnh s\u1eed d\u1ee5ng.<\/p>\n<p>\u00c1nh s\u00e1ng tr\u1eafng c\u00f3 nhi\u1ec7t m\u00e0u 5800K c\u1ee7a Naoevo S8 Pro gi\u00fap c\u1ea3i thi\u1ec7n t\u1ea7m nh\u00ecn m\u00e0 kh\u00f4ng g\u00e2y ch\u00f3i m\u1eaft cho ng\u01b0\u1eddi \u0111\u1ed1i di\u1ec7n. H\u1ec7 th\u1ed1ng t\u1ea3n nhi\u1ec7t ti\u00ean ti\u1ebfn v\u1edbi \u1ed1ng d\u1eabn nhi\u1ec7t k\u00e9p b\u1eb1ng \u0111\u1ed3ng k\u1ebft h\u1ee3p c\u00f9ng qu\u1ea1t l\u00e0m m\u00e1t t\u1ed1c \u0111\u1ed9 10.000 v\u00f2ng\/ph\u00fat gi\u00fap ki\u1ec3m so\u00e1t nhi\u1ec7t \u0111\u1ed9 t\u1ed1i \u01b0u, n\u00e2ng cao \u0111\u1ed9 b\u1ec1n v\u00e0 k\u00e9o d\u00e0i tu\u1ed5i th\u1ecd s\u1ea3n ph\u1ea9m l\u00ean \u0111\u1ebfn 50.000 gi\u1edd.<\/p>\n<p>B\u00f3ng Led Vinfast VF3 Naoevo S8 Pro ch\u00e2n H7 c\u00f3 \u01b0u \u0111i\u1ec3m l\u00e0 khi b\u1eadt \u0111\u00e8n \u1edf ch\u1ebf \u0111\u1ed9 chi\u1ebfu xa th\u00ec khu v\u1ef1c ngay \u1edf ph\u00eda tr\u01b0\u1edbc xe c\u0169ng \u0111\u01b0\u1ee3c chi\u1ebfu s\u00e1ng t\u1ed1t nh\u1edd \u0111\u00e8n chi\u1ebfu g\u1ea7n t\u1ef1 \u0111\u1ed9ng b\u1eadt s\u00e1ng. \u0110\u1eb7c bi\u1ec7t l\u00e0 ch\u00e2n \u0111\u00e8n H7 c\u00f3 th\u1ec3 \u0111\u01b0\u1ee3c nh\u1eadn bi\u1ebft qua \u0111\u1eb7c \u0111i\u1ec3m l\u00e0 b\u00f3ng \u0111\u00e8n c\u00f3 1 d\u00e2y t\u00f3c duy nh\u1ea5t trong b\u1ecf b\u00f3ng v\u00e0 c\u00f3 2 t\u1ea5m \u0111\u1ebf \u0111\u00e8n c\u00f3 s\u1eb5n trong \u0111\u00e8n pha.<\/p>\n<h2><a id=\"3-l--i--ch-c--a-b-ng-led-vinfast-vf3-naoevo-s8-pro-ch-n-h7\" class=\"toc-a-tag\"><\/a>3. L\u1ee3i \u00edch c\u1ee7a B\u00f3ng Led Vinfast VF3 NaoEvo S8 Pro ch\u00e2n H7<\/h2>\n<ul>\n<li aria-level=\"1\">\u0110\u1ed9ng s\u00e1ng m\u1ea1nh m\u1ebd: C\u00f4ng su\u1ea5t 70W\/b\u00f3ng v\u00e0 \u0111\u1ed9 s\u00e1ng 8400KM\/b\u00f3ng gi\u00fap c\u1ea3i thi\u1ec7n t\u1ea7m nh\u00ecn trong \u0111i\u1ec1u ki\u1ec7n thi\u1ebfu s\u00e1ng.<\/li>\n<li aria-level=\"1\">L\u1eafp \u0111\u1eb7t d\u1ec5 d\u00e0ng nh\u1edd thi\u1ebft k\u1ebf nh\u1ecf g\u1ecdn v\u00e0 \u201cPlug and Play\u201d, kh\u00f4ng c\u1ea7n can thi\u1ec7p v\u00e0o h\u1ec7 th\u1ed1ng \u0111i\u1ec7n.<\/li>\n<li aria-level=\"1\">\u00c1nh s\u00e1ng t\u1ef1 nhi\u00ean: S\u1edf h\u1eefu nhi\u1ec7t m\u00e0u 5800k gi\u00fap t\u0103ng \u0111\u1ed9 an to\u00e0n khi l\u00e1i xe.<\/li>\n<li aria-level=\"1\">T\u1ea3n nhi\u1ec7t hi\u1ec7u qu\u1ea3, duy tr\u00ec hi\u1ec7u su\u1ea5t \u1ed5n \u0111\u1ecbnh.<\/li>\n<\/ul>\n<h2><a id=\"4-h-nh--nh----b-ng-led-vinfast-vf3-naoevo-s8-pro-ch-n-h7\" class=\"toc-a-tag\"><\/a>4. H\u00ecnh \u1ea3nh \u0111\u1ed9 B\u00f3ng Led Vinfast VF3 NaoEvo S8 Pro ch\u00e2n H7<\/h2>\n<p><img loading=\"lazy\" decoding=\"async\" class=\"alignnone size-full wp-image-64\" src=\"https:\/\/autothaiduong.vn\/wp-content\/uploads\/2025\/04\/bong-led-vinfast-vf3-1.jpg\" width=\"600\" height=\"600\" srcset=\"https:\/\/autothaiduong.vn\/wp-content\/uploads\/2025\/04\/bong-led-vinfast-vf3-1.jpg 600w, https:\/\/autothaiduong.vn\/wp-content\/uploads\/2025\/04\/bong-led-vinfast-vf3-1-100x100.jpg 100w, https:\/\/autothaiduong.vn\/wp-content\/uploads\/2025\/04\/bong-led-vinfast-vf3-1-300x300.jpg 300w, https:\/\/autothaiduong.vn\/wp-content\/uploads\/2025\/04\/bong-led-vinfast-vf3-1-150x150.jpg 150w\" sizes=\"auto, (max-width: 600px) 100vw, 600px\" \/><\/p>\n<p>H\u00ecnh 1<\/p>\n<p><img loading=\"lazy\" decoding=\"async\" class=\"alignnone size-full wp-image-65\" src=\"https:\/\/autothaiduong.vn\/wp-content\/uploads\/2025\/04\/bong-led-vinfast-vf3-1-1.jpg\" width=\"1280\" height=\"1280\" srcset=\"https:\/\/autothaiduong.vn\/wp-content\/uploads\/2025\/04\/bong-led-vinfast-vf3-1-1.jpg 1280w, https:\/\/autothaiduong.vn\/wp-content\/uploads\/2025\/04\/bong-led-vinfast-vf3-1-1-600x600.jpg 600w, https:\/\/autothaiduong.vn\/wp-content\/uploads\/2025\/04\/bong-led-vinfast-vf3-1-1-100x100.jpg 100w, https:\/\/autothaiduong.vn\/wp-content\/uploads\/2025\/04\/bong-led-vinfast-vf3-1-1-300x300.jpg 300w, https:\/\/autothaiduong.vn\/wp-content\/uploads\/2025\/04\/bong-led-vinfast-vf3-1-1-1024x1024.jpg 1024w, https:\/\/autothaiduong.vn\/wp-content\/uploads\/2025\/04\/bong-led-vinfast-vf3-1-1-150x150.jpg 150w, https:\/\/autothaiduong.vn\/wp-content\/uploads\/2025\/04\/bong-led-vinfast-vf3-1-1-768x768.jpg 768w\" sizes=\"auto, (max-width: 1280px) 100vw, 1280px\" \/><\/p>\n<p>H\u00ecnh 2<\/p>\n<p><img loading=\"lazy\" decoding=\"async\" class=\"alignnone size-full wp-image-66\" src=\"https:\/\/autothaiduong.vn\/wp-content\/uploads\/2025\/04\/bong-led-vinfast-vf3-2.jpg\" width=\"1280\" height=\"1280\" srcset=\"https:\/\/autothaiduong.vn\/wp-content\/uploads\/2025\/04\/bong-led-vinfast-vf3-2.jpg 1280w, https:\/\/autothaiduong.vn\/wp-content\/uploads\/2025\/04\/bong-led-vinfast-vf3-2-600x600.jpg 600w, https:\/\/autothaiduong.vn\/wp-content\/uploads\/2025\/04\/bong-led-vinfast-vf3-2-100x100.jpg 100w, https:\/\/autothaiduong.vn\/wp-content\/uploads\/2025\/04\/bong-led-vinfast-vf3-2-300x300.jpg 300w, https:\/\/autothaiduong.vn\/wp-content\/uploads\/2025\/04\/bong-led-vinfast-vf3-2-1024x1024.jpg 1024w, https:\/\/autothaiduong.vn\/wp-content\/uploads\/2025\/04\/bong-led-vinfast-vf3-2-150x150.jpg 150w, https:\/\/autothaiduong.vn\/wp-content\/uploads\/2025\/04\/bong-led-vinfast-vf3-2-768x768.jpg 768w\" sizes=\"auto, (max-width: 1280px) 100vw, 1280px\" \/><\/p>\n<p>H\u00ecnh 3<\/p>\n<p><img loading=\"lazy\" decoding=\"async\" class=\"alignnone size-full wp-image-67\" src=\"https:\/\/autothaiduong.vn\/wp-content\/uploads\/2025\/04\/bong-led-vinfast-vf3-3.jpg\" width=\"1280\" height=\"1280\" srcset=\"https:\/\/autothaiduong.vn\/wp-content\/uploads\/2025\/04\/bong-led-vinfast-vf3-3.jpg 1280w, https:\/\/autothaiduong.vn\/wp-content\/uploads\/2025\/04\/bong-led-vinfast-vf3-3-600x600.jpg 600w, https:\/\/autothaiduong.vn\/wp-content\/uploads\/2025\/04\/bong-led-vinfast-vf3-3-100x100.jpg 100w, https:\/\/autothaiduong.vn\/wp-content\/uploads\/2025\/04\/bong-led-vinfast-vf3-3-300x300.jpg 300w, https:\/\/autothaiduong.vn\/wp-content\/uploads\/2025\/04\/bong-led-vinfast-vf3-3-1024x1024.jpg 1024w, https:\/\/autothaiduong.vn\/wp-content\/uploads\/2025\/04\/bong-led-vinfast-vf3-3-150x150.jpg 150w, https:\/\/autothaiduong.vn\/wp-content\/uploads\/2025\/04\/bong-led-vinfast-vf3-3-768x768.jpg 768w\" sizes=\"auto, (max-width: 1280px) 100vw, 1280px\" \/><\/p>\n<p>H\u00ecnh 4<\/p>\n<p>B\u00f3ng LED VinFast VF3 NaoEvo S8 Pro ch\u00e2n H7 kh\u00f4ng ch\u1ec9 n\u00e2ng cao hi\u1ec7u su\u1ea5t chi\u1ebfu s\u00e1ng m\u00e0 c\u00f2n t\u0103ng th\u00eam v\u1ebb th\u1ea9m m\u1ef9 cho xe. Qu\u00fd kh\u00e1ch c\u00f3 nhu c\u1ea7u n\u00e2ng c\u1ea5p v\u00e0 tr\u1ea3i nghi\u1ec7m s\u1ea3n ph\u1ea9m c\u00f3 th\u1ec3 li\u00ean h\u1ec7 Auto365 \u0111\u1ec3 \u0111\u01b0\u1ee3c t\u01b0 v\u1ea5n v\u00e0 h\u1ed7 tr\u1ee3 nhanh ch\u00f3ng.<\/p>\n","protected":false},"excerpt":{"rendered":"<table>\n<tbody>\n<tr>\n<td class=\"lileft\">T\u00ean S\u1ea3n Ph\u1ea9m:<\/td>\n<td class=\"liright\">B\u00d3NG LED VINFAST VF3: NAOEVO S8 PRO CH\u00c2N H7<\/td>\n<\/tr>\n<tr>\n<td class=\"lileft\">Lo\u1ea1i \u0110\u00e8n:<\/td>\n<td class=\"liright\">B\u00d3NG LED<\/td>\n<\/tr>\n<tr>\n<td class=\"lileft\">Th\u01b0\u01a1ng Hi\u1ec7u:<\/td>\n<td class=\"liright\">NAOEVO<\/td>\n<\/tr>\n<tr>\n<td class=\"lileft\">N\u0103m s\u1ea3n xu\u1ea5t:<\/td>\n<td class=\"liright\">2024<\/td>\n<\/tr>\n<tr>\n<td class=\"lileft\">C\u00f4ng su\u1ea5t \u0111\u00e8n:<\/td>\n<td class=\"liright\">70W<\/td>\n<\/tr>\n<tr>\n<td class=\"lileft\">Ch\u00e2n B\u00f3ng:<\/td>\n<td class=\"liright\">H7<\/td>\n<\/tr>\n<tr>\n<td class=\"lileft\">Nhi\u1ec7t m\u00e0u:<\/td>\n<td class=\"liright\">5800K<\/td>\n<\/tr>\n<tr>\n<td class=\"lileft\">H\u1ec7 Th\u1ed1ng T\u1ea3n Nhi\u1ec7t:<\/td>\n<td class=\"liright\">\u0110\u1ed3ng<\/td>\n<\/tr>\n<tr>\n<td class=\"lileft\">Tu\u1ed5i th\u1ecd:<\/td>\n<td class=\"liright\">50.000 gi\u1edd<\/td>\n<\/tr>\n<tr>\n<td class=\"lileft\">\u0110i\u1ec7n \u00c1p:<\/td>\n<td class=\"liright\">9-16V<\/td>\n<\/tr>\n<tr>\n<td class=\"lileft\">B\u1ea3o h\u00e0nh:<\/td>\n<td class=\"liright\">24 Th\u00e1ng<\/td>\n<\/tr>\n<\/tbody>\n<\/table>\n","protected":false},"featured_media":62,"comment_status":"open","ping_status":"closed","template":"","meta":[],"product_brand":[],"product_cat":[22,67],"product_tag":[],"class_list":{"0":"post-60","1":"product","2":"type-product","3":"status-publish","4":"has-post-thumbnail","6":"product_cat-do-choi-xe","7":"product_cat-phu-kien-vf3","9":"first","10":"instock","11":"shipping-taxable","12":"purchasable","13":"product-type-simple"},"_links":{"self":[{"href":"https:\/\/autothaiduong.vn\/index.php?rest_route=\/wp\/v2\/product\/60","targetHints":{"allow":["GET"]}}],"collection":[{"href":"https:\/\/autothaiduong.vn\/index.php?rest_route=\/wp\/v2\/product"}],"about":[{"href":"https:\/\/autothaiduong.vn\/index.php?rest_route=\/wp\/v2\/types\/product"}],"replies":[{"embeddable":true,"href":"https:\/\/autothaiduong.vn\/index.php?rest_route=%2Fwp%2Fv2%2Fcomments&post=60"}],"wp:featuredmedia":[{"embeddable":true,"href":"https:\/\/autothaiduong.vn\/index.php?rest_route=\/wp\/v2\/media\/62"}],"wp:attachment":[{"href":"https:\/\/autothaiduong.vn\/index.php?rest_route=%2Fwp%2Fv2%2Fmedia&parent=60"}],"wp:term":[{"taxonomy":"product_brand","embeddable":true,"href":"https:\/\/autothaiduong.vn\/index.php?rest_route=%2Fwp%2Fv2%2Fproduct_brand&post=60"},{"taxonomy":"product_cat","embeddable":true,"href":"https:\/\/autothaiduong.vn\/index.php?rest_route=%2Fwp%2Fv2%2Fproduct_cat&post=60"},{"taxonomy":"product_tag","embeddable":true,"href":"https:\/\/autothaiduong.vn\/index.php?rest_route=%2Fwp%2Fv2%2Fproduct_tag&post=60"}],"curies":[{"name":"wp","href":"https:\/\/api.w.org\/{rel}","templated":true}]}}