{"id":884,"date":"2025-05-10T15:04:31","date_gmt":"2025-05-10T15:04:31","guid":{"rendered":"https:\/\/autothaiduong.vn\/?post_type=product&#038;p=884"},"modified":"2025-05-10T15:27:46","modified_gmt":"2025-05-10T15:27:46","slug":"sub-gam-ghe-audiobahn-ab-10-1000w-max","status":"publish","type":"product","link":"https:\/\/autothaiduong.vn\/?product=sub-gam-ghe-audiobahn-ab-10-1000w-max","title":{"rendered":"Sub g\u1ea7m gh\u1ebf Audiobahn AB 10 1000W Max"},"content":{"rendered":"<p><img loading=\"lazy\" decoding=\"async\" class=\" wp-image-489 aligncenter\" src=\"https:\/\/autothaiduong.vn\/wp-content\/uploads\/2025\/04\/z6584734442481_f208f5944548cb4b46353402ce2e64e0.jpg\" alt=\"\" width=\"299\" height=\"264\" \/><\/p>\n<p style=\"text-align: center;\"><span style=\"font-size: 150%;\"><strong><span style=\"color: #ff0000;\">273-275 Tr\u1ea7n Ph\u00fa Ph\u01b0\u1eddng L\u1ed9c S\u01a1n Th\u00e0nh Ph\u1ed1 B\u1ea3o L\u1ed9c T\u1ec9nh L\u00e2m \u0110\u1ed3ng\u00a0<\/span><\/strong><\/span><\/p>\n<p style=\"text-align: center;\"><span style=\"font-size: 150%;\"><strong><span style=\"color: #ff0000;\">Hotline: 0912197441<\/span><\/strong><\/span><\/p>\n<div dir=\"auto\">B\u1ea1n c\u1ef1c k\u00ec \u0111am m\u00ea d\u1ea3i \u00e2m Bass tr\u1ea7m, s\u00e2u, ch\u1eafc v\u00e0 \u0111i\u1ec1u n\u00e0y h\u1ea7u nh\u01b0 ch\u1ec9 c\u00f3 d\u00f2ng loa sub h\u01a1i \u0111\u00e1p \u1ee9ng m\u1ea1nh m\u1ebd. Tuy nhi\u00ean Sub h\u01a1i v\u1edbi nhi\u1ec1u ng\u01b0\u1eddi l\u00e0 m\u1ed9t m\u00f3n h\u00e0ng xa x\u1ec9.<\/div>\n<div dir=\"auto\"><\/div>\n<div dir=\"auto\">\u0110\u1ec3 lo\u1ea1i b\u1ecf r\u00e0o c\u1ea3n \u0111\u00f3 ch\u00fang ta c\u00f3 loa sub \u0111i\u1ec7n v\u1edbi l\u1ef1c \u0111\u00e1nh c\u0103ng \u2013 m\u1ea1nh, \u00e2m bass s\u00e2u \u2013 d\u1ee9t kho\u00e1t m\u00e0 gi\u00e1 ch\u1ec9 4,800,000 \u0111\/ 1 b\u1ed9<\/div>\n<div dir=\"auto\">ph\u00f9 h\u1ee3p cho nh\u1eefng ng\u01b0\u1eddi c\u00f3 y\u00eau c\u1ea7u cao v\u1ec1 \u00e2m bass, th\u01b0\u1eddng nghe nh\u1ea1c m\u1ea1nh (Edm, Dance, Hiphop, Remix).<\/div>\n<div dir=\"auto\"><img loading=\"lazy\" decoding=\"async\" class=\"alignnone size-full wp-image-886\" src=\"https:\/\/autothaiduong.vn\/wp-content\/uploads\/2025\/05\/361588858_1955716061463513_2026978235192268110_n-300x258-1.jpeg\" alt=\"\" width=\"300\" height=\"258\" \/><\/div>\n<div dir=\"auto\">\n<p data-sourcepos=\"5:1-5:227\">AB-10AW.2D \u0111\u01b0\u1ee3c thi\u1ebft k\u1ebf v\u1edbi v\u1ecf kim lo\u1ea1i ch\u1eafc ch\u1eafn, b\u1ec1n b\u1ec9. Loa c\u00f3 kh\u1ea3 n\u0103ng ch\u1ecbu \u0111\u01b0\u1ee3c va \u0111\u1eadp m\u1ea1nh, \u0111\u1ea3m b\u1ea3o an to\u00e0n trong qu\u00e1 tr\u00ecnh s\u1eed d\u1ee5ng. Loa c\u0169ng \u0111\u01b0\u1ee3c t\u00edch h\u1ee3p m\u1ea1ch b\u1ea3o v\u1ec7 \u0111a l\u00f5i, gi\u00fap b\u1ea3o v\u1ec7 loa kh\u1ecfi c\u00e1c t\u00e1c nh\u00e2n b\u00ean ngo\u00e0i.<\/p>\n<p data-sourcepos=\"7:1-7:255\">V\u1edbi nh\u1eefng \u01b0u \u0111i\u1ec3m n\u1ed5i b\u1eadt tr\u00ean, Audiobahn AB-10AW.2D l\u00e0 m\u1ed9t l\u1ef1a ch\u1ecdn l\u00fd t\u01b0\u1edfng cho nh\u1eefng ai mu\u1ed1n c\u1ea3i thi\u1ec7n ch\u1ea5t l\u01b0\u1ee3ng \u00e2m Bass tr\u00ean \u00f4 t\u00f4 c\u1ee7a m\u00ecnh. Loa mang \u0111\u1ebfn \u00e2m tr\u1ea7m m\u1ea1nh m\u1ebd, gi\u00fap ng\u01b0\u1eddi d\u00f9ng t\u1eadn h\u01b0\u1edfng nh\u1eefng b\u1ea3n nh\u1ea1c y\u00eau th\u00edch m\u1ed9t c\u00e1ch tr\u1ecdn v\u1eb9n.<\/p>\n<div dir=\"auto\">Sub \u0111i\u1ec7n g\u1ea7m gh\u1ebf kh\u1ee7ng 10inch Audiobahn AB-10AW.2D<\/div>\n<div dir=\"auto\">* 1000w max \u2013 300w rms \u2013 Ampli class D<\/div>\n<div dir=\"auto\">* 2 l\u00f5i cu\u1ed9n \u00e2m \u0111\u1ed3ng (dual voice coils)<\/div>\n<div dir=\"auto\">Gi\u00e1 b\u00e1n l\u1ebb 5000000vnd<\/div>\n<\/div>\n","protected":false},"excerpt":{"rendered":"<p data-sourcepos=\"3:1-3:337\">Sub \u0111i\u1ec7n g\u1ea7m gh\u1ebf kh\u1ee7ng 10inch Audiobahn AB-10AW.2D* 1000w max \u2013 300w rms \u2013 Ampli class D* 2 l\u00f5i cu\u1ed9n \u00e2m \u0111\u1ed3ng (dual voice coils) Gi\u00e1 b\u00e1n l\u1ebb 4,800.000\u20ab<\/p>\n<p>V\u1ecb tr\u00ed l\u1eafp \u0111\u1eb7t: G\u1ea7m gh\u1ebf xe \u00f4 t\u00f4 ho\u1eb7c C\u1ed1p, h\u1ed1c b\u00e1nh xe \u00f4 t\u00f4. Ph\u00f9 h\u1ee3p v\u1edbi t\u1ea5t c\u1ea3 m\u1ecdi d\u00f2ng xe.<\/p>\n<p>Ch\u01a1i t\u1ed1t v\u00e0 ph\u00f9 h\u1ee3p v\u1edbi th\u1ec3 lo\u1ea1i nh\u1ea1c Dance, EDM, Hiphop, remix.<\/p>\n","protected":false},"featured_media":886,"comment_status":"open","ping_status":"closed","template":"","meta":[],"product_brand":[105],"product_cat":[19,97],"product_tag":[],"class_list":{"0":"post-884","1":"product","2":"type-product","3":"status-publish","4":"has-post-thumbnail","6":"product_brand-audiobahn","7":"product_cat-am-thanh","8":"product_cat-sub-dien","10":"first","11":"instock","12":"shipping-taxable","13":"purchasable","14":"product-type-simple"},"_links":{"self":[{"href":"https:\/\/autothaiduong.vn\/index.php?rest_route=\/wp\/v2\/product\/884","targetHints":{"allow":["GET"]}}],"collection":[{"href":"https:\/\/autothaiduong.vn\/index.php?rest_route=\/wp\/v2\/product"}],"about":[{"href":"https:\/\/autothaiduong.vn\/index.php?rest_route=\/wp\/v2\/types\/product"}],"replies":[{"embeddable":true,"href":"https:\/\/autothaiduong.vn\/index.php?rest_route=%2Fwp%2Fv2%2Fcomments&post=884"}],"wp:featuredmedia":[{"embeddable":true,"href":"https:\/\/autothaiduong.vn\/index.php?rest_route=\/wp\/v2\/media\/886"}],"wp:attachment":[{"href":"https:\/\/autothaiduong.vn\/index.php?rest_route=%2Fwp%2Fv2%2Fmedia&parent=884"}],"wp:term":[{"taxonomy":"product_brand","embeddable":true,"href":"https:\/\/autothaiduong.vn\/index.php?rest_route=%2Fwp%2Fv2%2Fproduct_brand&post=884"},{"taxonomy":"product_cat","embeddable":true,"href":"https:\/\/autothaiduong.vn\/index.php?rest_route=%2Fwp%2Fv2%2Fproduct_cat&post=884"},{"taxonomy":"product_tag","embeddable":true,"href":"https:\/\/autothaiduong.vn\/index.php?rest_route=%2Fwp%2Fv2%2Fproduct_tag&post=884"}],"curies":[{"name":"wp","href":"https:\/\/api.w.org\/{rel}","templated":true}]}}