{"id":887,"date":"2025-05-10T15:10:07","date_gmt":"2025-05-10T15:10:07","guid":{"rendered":"https:\/\/autothaiduong.vn\/?post_type=product&#038;p=887"},"modified":"2025-05-10T15:27:29","modified_gmt":"2025-05-10T15:27:29","slug":"sub-gam-ghe-radical-audio-r65","status":"publish","type":"product","link":"https:\/\/autothaiduong.vn\/?product=sub-gam-ghe-radical-audio-r65","title":{"rendered":"Sub g\u1ea7m gh\u1ebf Radical Audio R65"},"content":{"rendered":"<p style=\"text-align: center;\"><img loading=\"lazy\" decoding=\"async\" class=\" wp-image-489 aligncenter\" src=\"https:\/\/autothaiduong.vn\/wp-content\/uploads\/2025\/04\/z6584734442481_f208f5944548cb4b46353402ce2e64e0.jpg\" alt=\"\" width=\"291\" height=\"258\" \/><span style=\"color: #ff0000;\"><strong><span style=\"font-size: 150%;\">273-275 Tr\u1ea7n Ph\u00fa Ph\u01b0\u1eddng L\u1ed9c S\u01a1n Th\u00e0nh Ph\u1ed1 B\u1ea3o L\u1ed9c T\u1ec9nh L\u00e2m \u0110\u1ed3ng\u00a0<\/span><\/strong><\/span><\/p>\n<p style=\"text-align: center;\"><span style=\"color: #ff0000;\"><strong><span style=\"font-size: 150%;\">Hotline: 0912197441<\/span><\/strong><\/span><\/p>\n<div dir=\"auto\">Loa sub \u0111i\u1ec7n Radical Audio R65 l\u00e0 m\u1ed9t s\u1ea3n ph\u1ea9m c\u1ee7a th\u01b0\u01a1ng hi\u1ec7u \u00e2m thanh Radical \u0111\u1ebfn t\u1eeb M\u1ef9. Loa \u0111\u01b0\u1ee3c thi\u1ebft k\u1ebf d\u00e0nh ri\u00eang cho \u00f4 t\u00f4, v\u1edbi k\u00edch th\u01b0\u1edbc 6,5 inch c\u1ef1c k\u1ef3 nh\u1ecf g\u1ecdn v\u00e0 ph\u00f9 h\u1ee3p v\u1edbi t\u1ea5t c\u1ea3 m\u1ecdi d\u00f2ng xe.<\/div>\n<div dir=\"auto\"><img loading=\"lazy\" decoding=\"async\" class=\"alignnone size-full wp-image-889\" src=\"https:\/\/autothaiduong.vn\/wp-content\/uploads\/2025\/05\/365992339_818482733193673_2047248175916257768_n-300x181-1.jpeg\" alt=\"\" width=\"300\" height=\"181\" \/><\/div>\n<div dir=\"auto\">Active subwoofer hay sub \u0111i\u1ec7n d\u00e0nh cho xe h\u01a1i l\u00e0 m\u1ed9t kh\u00e1i ni\u1ec7m s\u1ea3n ph\u1ea9m quen thu\u1ed9c v\u1edbi ch\u00fang ta. V\u1edbi c\u00e1c \u0111\u1eb7t t\u00ednh nh\u01b0 g\u1ecdn, r\u1ebb v\u1edbi ch\u1ea5t l\u01b0\u1ee3ng \u00e2m thanh kh\u00f4ng cao ho\u1eb7c \u1edf m\u1ee9c t\u1ea1m ch\u1ea5p nh\u1eadn \u0111\u01b0\u1ee3c\u2026 Nh\u01b0ng t\u1eeb khi sub \u0111i\u1ec7n 6,5 inch Radical RA65 \u0111\u01b0\u1ee3c ph\u00e2n ph\u1ed1i r\u1ed9ng r\u00e3i, anh em l\u1ea1i c\u00f3 m\u1ed9t c\u00e1ch ch\u01a1i m\u1edbi, m\u1ed9t l\u1ef1a ch\u1ecdn m\u1edbi: Sub \u0111i\u1ec7n thi\u00ean v\u1ec1 ch\u1ea5t l\u01b0\u1ee3ng \u00e2m thanh!<\/div>\n<div dir=\"auto\">\u2013 L\u1eafp \u0111\u1eb7t 01 sub RA65 (c\u00e1ch ch\u01a1i th\u00f4ng th\u01b0\u1eddng) mang l\u1ea1i ti\u1ebfng subbass \u0111\u1eb7t bi\u1ec7t tr\u1ea7m \u1ea5m, s\u00e2u l\u1eafng,\u2026<\/div>\n<div dir=\"auto\">\u2013 L\u1eafp \u0111\u1eb7t 02 sub RA65 (c\u00e1ch ch\u01a1i t\u1ed1i \u01b0u) ch\u01a1i t\u1ed1t c\u00e1c th\u1ec3 lo\u1ea1i nh\u1ea1c bass n\u1eb7ng nh\u01b0 Vinahouse, hiphop, R&amp;B,\u2026 ti\u1ebfng subbass l\u00fac n\u00e0y l\u1ea1i th\u00eam gi\u00e0u n\u0103ng l\u01b0\u1ee3ng, ng\u1eadp tr\u00e0n kh\u00f4ng gian tr\u00ean xe,\u2026<\/div>\n<div dir=\"auto\">\u2013 L\u1eafp \u0111\u1eb7t 03 sub RA65 (\u0111\u00e3 c\u00f3 nhi\u1ec1u ng\u01b0\u1eddi ch\u01a1i) ti\u1ebfng subbass t\u00e1c \u0111\u1ed9ng m\u00e3nh li\u1ec7t l\u00ean t\u1eebng th\u1edb th\u1ecbt, c\u1ea3m nh\u1eadn r\u00f5 r\u00e0ng \u00e1p l\u1ef1c bass t\u1eeb nh\u1eefng ti\u1ebfng Kick, 808s, guitar bass,\u2026 tr\u00ean c\u00e1c b\u00e0i nh\u1ea1c\u2026<\/div>\n<div dir=\"auto\">\u2013 L\u1eafp \u0111\u1eb7t 04 sub RA65 (t\u00ecm ch\u1ee7 xe \u0111am m\u00ea, th\u1eed c\u1ea3m gi\u00e1c l\u1ea1\u00a0<span class=\"x3nfvp2 x1j61x8r x1fcty0u xdj266r xhhsvwb xat24cr xgzva0m xxymvpz xlup9mm x1kky2od\"><img loading=\"lazy\" decoding=\"async\" src=\"https:\/\/static.xx.fbcdn.net\/images\/emoji.php\/v9\/t4f\/1\/16\/1f601.png\" alt=\"\ud83d\ude01\" width=\"16\" height=\"16\" \/><\/span>) c\u00f3 l\u1ebd s\u1ebd n\u00e2ng t\u1ea7m c\u1ea3m x\u00fac khi nghe nh\u1ea1c tr\u00ean c\u00e1c h\u1ec7 th\u1ed1ng n\u00e2ng c\u1ea5p tr\u00ean xe.<\/div>\n<div dir=\"auto\"><img loading=\"lazy\" decoding=\"async\" class=\"alignnone size-full wp-image-890\" src=\"https:\/\/autothaiduong.vn\/wp-content\/uploads\/2025\/05\/366066828_818482679860345_1263471827819530507_n-300x225-1.jpeg\" alt=\"\" width=\"300\" height=\"225\" \/><\/div>\n<div dir=\"auto\">Th\u00eam n\u1eefa, khi k\u1ebft h\u1ee3p v\u1edbi c\u00e1c b\u1ed9 loa d\u00f2ng ti\u00eau chu\u1ea9n nh\u01b0 JL Audio C1, ESB 1000, Mapletech IS165C, Xcelsus, Hertz, Audiobahn v\u00e0 DB Drive, h\u1ec7 th\u1ed1ng \u00e2m thanh v\u1edbi chi ph\u00ed \u0111\u1ea7u t\u01b0 v\u1eeba ph\u1ea3i s\u1ebd \u0111\u01b0\u1ee3c t\u1ed1i \u01b0u r\u1ea5t t\u1ed1t.<\/div>\n<div dir=\"auto\">V\u1edbi k\u00edch th\u01b0\u1edbc c\u1ef1c k\u1ef3 nh\u1ecf g\u1ecdn v\u00e0 d\u1ec5 l\u1eafp \u0111\u1eb7t, RA65 ph\u00f9 h\u1ee3p v\u1edbi \u0111\u1ea1i \u0111a s\u1ed1 c\u00e1c d\u00f2ng xe, c\u00f3 th\u1ec3 l\u1eafp 1, 2, 3, 4,\u2026 c\u00e1i tu\u1ef3 nhu c\u1ea7u kh\u00e1ch h\u00e0ng.<\/div>\n<div dir=\"auto\">Gi\u00e1 b\u00e1n l\u1ebb: 6000000vnd (b\u1ed9 d\u00e2y ngu\u1ed3n c\u1ea7u chi cao c\u1ea5p 750.000\u0111, c\u00f4ng l\u1eafp \u0111\u1eb7t 1.000.000\u0111).<\/div>\n<div dir=\"auto\">\u0110\u1ec3 \u0111\u01b0\u1ee3c t\u01b0 v\u1ea5n, nghe th\u1eed, l\u1eafp \u0111\u1eb7t v\u00e0 nh\u1eadp h\u00e0ng vui l\u00f2ng li\u00ean h\u1ec7: 0912197441<\/div>\n","protected":false},"excerpt":{"rendered":"<div class=\"x11i5rnm xat24cr x1mh8g0r x1vvkbs xtlvy1s x126k92a\">\n<div dir=\"auto\">Sub \u0111i\u1ec7n Radical R65 \u0111\u1ebfn t\u1eeb M\u1ef9 , l\u00e0 d\u00f2ng s\u1ea3n ph\u1ea9m sub \u0111i\u1ec7n \u0111\u01b0\u1ee3c kh\u00e1ch h\u00e0ng \u01b0a chu\u1ed9ng hi\u1ec7n nay, c\u00f3 k\u00edch th\u01b0\u1edbc r\u1ea5t nh\u1ecf g\u1ecdn, ph\u00f9 h\u1ee3p v\u1edbi m\u1ecdi d\u00f2ng xe, v\u1edbi ti\u1ebfng bass m\u1ec1m, s\u00e2u l\u1eafng r\u1ea5t ph\u00f9 h\u1ee3p v\u1edbi th\u1ec3 lo\u1ea1i nh\u1ea1c tr\u1eef t\u00ecnh, Bolero, Jazz\u2026 th\u1eadm ch\u00ed c\u1ea3 nh\u1eefng th\u1ebb lo\u1ea1i nh\u1ea1c s\u00f4i \u0111\u1ed9ng ti\u1ebfng bass c\u0169ng r\u1ea5t ch\u1eafc ch\u1eafn. Ch\u1ea5t l\u01b0\u1ee3ng cao h\u01a1n c\u00e1c d\u00f2ng sub kh\u00e1c c\u00f9ng ph\u00e2n kh\u00fac.<\/div>\n<div dir=\"auto\"><\/div>\n<\/div>\n<p>V\u1ecb tr\u00ed l\u1eafp \u0111\u1eb7t: G\u1ea7m gh\u1ebf xe \u00f4 t\u00f4 ho\u1eb7c C\u1ed1p, h\u1ed1c b\u00e1nh xe \u00f4 t\u00f4. Ph\u00f9 h\u1ee3p v\u1edbi t\u1ea5t c\u1ea3 m\u1ecdi d\u00f2ng xe.<\/p>\n<p>Ch\u01a1i t\u1ed1t v\u00e0 ph\u00f9 h\u1ee3p v\u1edbi nhi\u1ec1u th\u1ec3 lo\u1ea1i nh\u1ea1c.<\/p>\n","protected":false},"featured_media":889,"comment_status":"open","ping_status":"closed","template":"","meta":[],"product_brand":[106],"product_cat":[19,97],"product_tag":[],"class_list":{"0":"post-887","1":"product","2":"type-product","3":"status-publish","4":"has-post-thumbnail","6":"product_brand-radical","7":"product_cat-am-thanh","8":"product_cat-sub-dien","10":"first","11":"instock","12":"shipping-taxable","13":"purchasable","14":"product-type-simple"},"_links":{"self":[{"href":"https:\/\/autothaiduong.vn\/index.php?rest_route=\/wp\/v2\/product\/887","targetHints":{"allow":["GET"]}}],"collection":[{"href":"https:\/\/autothaiduong.vn\/index.php?rest_route=\/wp\/v2\/product"}],"about":[{"href":"https:\/\/autothaiduong.vn\/index.php?rest_route=\/wp\/v2\/types\/product"}],"replies":[{"embeddable":true,"href":"https:\/\/autothaiduong.vn\/index.php?rest_route=%2Fwp%2Fv2%2Fcomments&post=887"}],"wp:featuredmedia":[{"embeddable":true,"href":"https:\/\/autothaiduong.vn\/index.php?rest_route=\/wp\/v2\/media\/889"}],"wp:attachment":[{"href":"https:\/\/autothaiduong.vn\/index.php?rest_route=%2Fwp%2Fv2%2Fmedia&parent=887"}],"wp:term":[{"taxonomy":"product_brand","embeddable":true,"href":"https:\/\/autothaiduong.vn\/index.php?rest_route=%2Fwp%2Fv2%2Fproduct_brand&post=887"},{"taxonomy":"product_cat","embeddable":true,"href":"https:\/\/autothaiduong.vn\/index.php?rest_route=%2Fwp%2Fv2%2Fproduct_cat&post=887"},{"taxonomy":"product_tag","embeddable":true,"href":"https:\/\/autothaiduong.vn\/index.php?rest_route=%2Fwp%2Fv2%2Fproduct_tag&post=887"}],"curies":[{"name":"wp","href":"https:\/\/api.w.org\/{rel}","templated":true}]}}