{"id":981,"date":"2025-05-10T17:04:35","date_gmt":"2025-05-10T17:04:35","guid":{"rendered":"https:\/\/autothaiduong.vn\/?post_type=product&#038;p=981"},"modified":"2025-05-10T17:06:20","modified_gmt":"2025-05-10T17:06:20","slug":"cam-bien-ap-suat-lop-icar-ellisafe-c397","status":"publish","type":"product","link":"https:\/\/autothaiduong.vn\/?product=cam-bien-ap-suat-lop-icar-ellisafe-c397","title":{"rendered":"C\u1ea3m bi\u1ebfn \u00e1p su\u1ea5t l\u1ed1p ICAR Ellisafe C397"},"content":{"rendered":"<p><img loading=\"lazy\" decoding=\"async\" class=\" wp-image-489 aligncenter\" src=\"https:\/\/autothaiduong.vn\/wp-content\/uploads\/2025\/04\/z6584734442481_f208f5944548cb4b46353402ce2e64e0.jpg\" alt=\"\" width=\"304\" height=\"269\" \/><\/p>\n<p style=\"text-align: center;\"><span style=\"font-size: 150%;\"><strong><span style=\"color: #ff0000;\">273-275 Tr\u1ea7n Ph\u00fa Ph\u01b0\u1eddng L\u1ed9c S\u01a1n Th\u00e0nh Ph\u1ed1 B\u1ea3o L\u1ed9c T\u1ec9nh L\u00e2m \u0110\u1ed3ng<\/span><\/strong><\/span><\/p>\n<p style=\"text-align: center;\"><span style=\"font-size: 150%;\"><strong><span style=\"color: #ff0000;\"> Hotline: 0912197441<\/span><\/strong><\/span><\/p>\n<div class=\"single-s2\">\n<div class=\"container\">\n<div class=\"box\">\n<h2 class=\"conn_btext text-center\">Th\u00f4ng s\u1ed1 k\u1ef9 thu\u1eadt c\u1ee7a c\u1ea3m bi\u1ebfn \u00e1p su\u1ea5t l\u1ed1p ICAR Ellisafe C397<\/h2>\n<div class=\"box-grid text-center conn_grid\">\n<div class=\"child\">\n<div class=\"child--icon\"><img decoding=\"async\" src=\"https:\/\/icar.vn\/wp-content\/uploads\/2023\/02\/icar.vn-man-hinh-android-icar-elliview-q4m-lien-cam-360-man-hinh-android-icar-elliview-q4m-lien-cam-360.svg\" alt=\"\" \/><\/div>\n<div class=\"child--cate\">CPU<\/div>\n<div class=\"child--text\">Chip c\u1ea3m bi\u1ebfn Infineon SP40 c\u1ee7a \u0110\u1ee9c<\/div>\n<\/div>\n<div class=\"child\">\n<div class=\"child--icon\"><img decoding=\"async\" src=\"https:\/\/icar.vn\/wp-content\/uploads\/2023\/02\/icar.vn-cam-bien-ap-suat-lop-icar-ellisafe-c33-cam-bien-ap-suat-lop-icar-ellisafe-c33.svg\" alt=\"\" \/><\/div>\n<div class=\"child--cate\">Pin<\/div>\n<div class=\"child--text\">Panasonic c\u1ee7a Nh\u1eadt. Th\u1eddi gian s\u1eed d\u1ee5ng 5 n\u0103m<\/div>\n<\/div>\n<div class=\"child\">\n<div class=\"child--icon\"><img decoding=\"async\" src=\"https:\/\/icar.vn\/wp-content\/uploads\/2023\/02\/icar.vn-cam-bien-ap-suat-lop-icar-ellisafe-c33-cam-bien-ap-suat-lop-icar-ellisafe-c33-1.svg\" alt=\"\" \/><\/div>\n<div class=\"child--cate\">Van<\/div>\n<div class=\"child--text\">Van c\u1ea3m bi\u1ebfn trong<\/div>\n<\/div>\n<\/div>\n<div class=\"line\"><\/div>\n<div class=\"box-options\">\n<div class=\"child\">\n<div class=\"child--title\">Built-in:<\/div>\n<div class=\"child--text\">Hi\u1ec3n th\u1ecb c\u1ed5ng ch\u1edd zin theo xe Honda<\/div>\n<\/div>\n<div class=\"child\">\n<div class=\"child--title\">T\u00edch h\u1ee3p s\u1eb5n:<\/div>\n<div class=\"child--text\">C\u00e0i \u0111\u1eb7t, \u0111\u1ea3o l\u1ed1p, kh\u1edbp l\u1ed1p tr\u00ean \u0111i\u1ec7n tho\u1ea1i.<\/div>\n<\/div>\n<\/div>\n<\/div>\n<\/div>\n<\/div>\n<div class=\"single-s3\">\n<div class=\"child-image\">\n<div class=\"container\">\n<div>\n<div><iframe src=\"https:\/\/www.youtube.com\/embed\/kbGVcg0gnuE\" frameborder=\"0\" allowfullscreen=\"allowfullscreen\" data-mce-fragment=\"1\"><\/iframe><\/div>\n<\/div>\n<\/div>\n<\/div>\n<div class=\"child-paragraph\">\n<div class=\"container\">\n<div class=\"paragraph--box conn_grid\">\n<div class=\"conn_btext\">T\u00cdNH N\u0102NG N\u1ed4I B\u1eacT<\/div>\n<div class=\"conn_text\">\n<ul>\n<li>Hi\u1ec3n th\u1ecb \u00e1p su\u1ea5t l\u1ed1p<\/li>\n<li>Hi\u1ec3n th\u1ecb nhi\u1ec7t \u0111\u1ed9 l\u1ed1p<\/li>\n<li>M\u00e0n h\u00ecnh nh\u1ecf g\u1eafn l\u1ed7 ch\u1edd xe<\/li>\n<li>C\u00f3 k\u1ebft n\u1ed1i \u0111i\u1ec7n tho\u1ea1i<\/li>\n<li>Kh\u1edbp l\u1ed1p, \u0111\u1ea3o l\u1ed1p b\u1eb1ng \u0111i\u1ec7n tho\u1ea1i<\/li>\n<\/ul>\n<\/div>\n<\/div>\n<\/div>\n<\/div>\n<div class=\"child-image\">\n<div class=\"container\"><img loading=\"lazy\" decoding=\"async\" class=\"alignnone size-full wp-image-983\" src=\"https:\/\/autothaiduong.vn\/wp-content\/uploads\/2025\/05\/icar.vn-cam-bien-ap-suat-lop-icar-ellisafe-c397-cam-bien-ap-suat-lop-icar-ellisafe-c397-1.jpg\" alt=\"C\u1ea3m bi\u1ebfn \u00e1p su\u1ea5t l\u1ed1p ICAR Ellisafe C397\" width=\"1200\" height=\"625\" srcset=\"https:\/\/autothaiduong.vn\/wp-content\/uploads\/2025\/05\/icar.vn-cam-bien-ap-suat-lop-icar-ellisafe-c397-cam-bien-ap-suat-lop-icar-ellisafe-c397-1.jpg 1200w, https:\/\/autothaiduong.vn\/wp-content\/uploads\/2025\/05\/icar.vn-cam-bien-ap-suat-lop-icar-ellisafe-c397-cam-bien-ap-suat-lop-icar-ellisafe-c397-1-600x313.jpg 600w, https:\/\/autothaiduong.vn\/wp-content\/uploads\/2025\/05\/icar.vn-cam-bien-ap-suat-lop-icar-ellisafe-c397-cam-bien-ap-suat-lop-icar-ellisafe-c397-1-1024x533.jpg 1024w, https:\/\/autothaiduong.vn\/wp-content\/uploads\/2025\/05\/icar.vn-cam-bien-ap-suat-lop-icar-ellisafe-c397-cam-bien-ap-suat-lop-icar-ellisafe-c397-1-768x400.jpg 768w\" sizes=\"auto, (max-width: 1200px) 100vw, 1200px\" \/><\/div>\n<\/div>\n<div class=\"child-paragraph\">\n<div class=\"container\">\n<div class=\"paragraph--box conn_grid\">\n<div class=\"conn_btext\">Th\u00f4ng s\u1ed1 van c\u1ea3m bi\u1ebfn<\/div>\n<div class=\"conn_text\">\n<table class=\"table table-bordered\">\n<tbody>\n<tr>\n<td>Lo\u1ea1i van<\/td>\n<td>Van g\u1eafn trong<\/td>\n<\/tr>\n<tr>\n<td><span class=\"fontstyle0\">Nhi\u1ec7t \u0111\u1ed9 ho\u1ea1t \u0111\u1ed9ng<\/span><\/td>\n<td><span class=\"fontstyle0\">-40 ~ 125 \u0111\u1ed9 C<\/span><\/td>\n<\/tr>\n<tr>\n<td><span class=\"fontstyle0\">Gi\u1edbi h\u1ea1n \u00e1p su\u1ea5t<\/span><\/td>\n<td><span class=\"fontstyle0\">0 ~ 8 Bar<\/span><\/td>\n<\/tr>\n<tr>\n<td><span class=\"fontstyle0\">Dung sai \u00e1p su\u1ea5t<\/span><\/td>\n<td><span class=\"fontstyle0\">\u00b11.5 Psi (0.1 Bar)<\/span><\/td>\n<\/tr>\n<tr>\n<td><span class=\"fontstyle0\">Dung sai nhi\u1ec7t \u0111\u1ed9<\/span><\/td>\n<td><span class=\"fontstyle0\">\u00b13 \u0111\u1ed9 C<\/span><\/td>\n<\/tr>\n<tr>\n<td><span class=\"fontstyle0\">T\u1ea7n s\u1ed1 truy\u1ec1n t\u1ea3i<\/span><\/td>\n<td><span class=\"fontstyle0\">433.92 MHz<\/span><\/td>\n<\/tr>\n<tr>\n<td><span class=\"fontstyle0\">Kh\u1ed1i l\u01b0\u1ee3ng 1 c\u1ea3m bi\u1ebfn<\/span><\/td>\n<td><span class=\"fontstyle0\">28g<\/span><\/td>\n<\/tr>\n<tr>\n<td><span class=\"fontstyle0\">Tu\u1ed5i th\u1ecd pin<\/span><\/td>\n<td><span class=\"fontstyle0\">5 n\u0103m<\/span><\/td>\n<\/tr>\n<tr>\n<td><span class=\"fontstyle0\">\u0110i\u1ec7n \u00e1p l\u00e0m vi\u1ec7c<\/span><\/td>\n<td><span class=\"fontstyle0\">2,1 ~ 3,6V<\/span><\/td>\n<\/tr>\n<\/tbody>\n<\/table>\n<\/div>\n<\/div>\n<\/div>\n<\/div>\n<div class=\"child-paragraph\">\n<div class=\"container\">\n<div class=\"paragraph--box conn_grid\">\n<div class=\"conn_btext\">Th\u00f4ng s\u1ed1 m\u00e0n h\u00ecnh<\/div>\n<div class=\"conn_text\">\n<table class=\"table table-bordered\">\n<tbody>\n<tr>\n<td><span class=\"fontstyle0\">Ki\u1ec3u m\u00e0n h\u00ecnh<\/span><\/td>\n<td><span class=\"fontstyle0\">LCD m\u00e0u 1\u2033<\/span><\/td>\n<\/tr>\n<tr>\n<td><span class=\"fontstyle0\">\u0110i\u1ec7n \u00e1p \u0111\u1ecbnh m\u1ee9c<\/span><\/td>\n<td><span class=\"fontstyle0\">DC 12V<\/span><\/td>\n<\/tr>\n<tr>\n<td>Ngu\u1ed3n c\u1ea5p<\/td>\n<td>ACC (\u0111\u1ecf) v\u00e0 GND (\u0111en)<\/td>\n<\/tr>\n<tr>\n<td><span class=\"fontstyle0\">T\u1ea7n s\u1ed1 thu<\/span><\/td>\n<td><span class=\"fontstyle0\">433.92 \u00b1 0.1 MHz<\/span><\/td>\n<\/tr>\n<tr>\n<td><span class=\"fontstyle0\">C\u1ea3m bi\u1ebfn thu<\/span><\/td>\n<td><span class=\"fontstyle0\">\u2264 -110 dBm<\/span><\/td>\n<\/tr>\n<\/tbody>\n<\/table>\n<\/div>\n<\/div>\n<\/div>\n<\/div>\n<div class=\"child-paragraph\">\n<div class=\"container\">\n<div class=\"paragraph--box conn_grid\">\n<div class=\"conn_btext\">QUY C\u00c1CH S\u1ea2N PH\u1ea8M<\/div>\n<div class=\"conn_text\">\n<p>S\u1ea3n ph\u1ea9m g\u1ed3m:<\/p>\n<ul>\n<li>04 ch\u00e2n van c\u1ea3m bi\u1ebfn<\/li>\n<li>01 b\u1ed9 x\u1eed l\u00fd trung t\u00e2m v\u00e0 m\u00e0n h\u00ecnh g\u1eafn l\u1ed7 ch\u1edd<\/li>\n<li>01 th\u1ebb b\u1ea3o h\u00e0nh<\/li>\n<li>01 s\u00e1ch h\u01b0\u1edbng d\u1eabn s\u1eed d\u1ee5ng v\u00e0 c\u00e0i \u0111\u1eb7t<\/li>\n<\/ul>\n<\/div>\n<\/div>\n<\/div>\n<\/div>\n<div class=\"child-paragraph\">\n<div class=\"container\">\n<div class=\"paragraph--box conn_grid\">\n<div class=\"conn_btext\">CH\u00cdNH S\u00c1CH V\u00c0 \u0110I\u1ec0U KI\u1ec6N B\u1ea2O H\u00c0NH<\/div>\n<div class=\"conn_text\">\n<p>+ Ch\u00ednh s\u00e1ch b\u1ea3o h\u00e0nh:<\/p>\n<ul>\n<li>Th\u1eddi gian b\u1ea3o h\u00e0nh c\u1ee7a s\u1ea3n ph\u1ea9m l\u00e0 03 n\u0103m.<\/li>\n<li>S\u1ea3n ph\u1ea9m \u0111\u01b0\u1ee3c b\u1ea3o h\u00e0nh t\u1ea1i \u0111\u1ea1i l\u00fd \u0111\u00e3 b\u00e1n h\u00e0ng.<\/li>\n<\/ul>\n<p>+ \u0110i\u1ec1u ki\u1ec7n b\u1ea3o h\u00e0nh:<\/p>\n<ul>\n<li>S\u1ea3n ph\u1ea9m \u0111\u00fang Serial \u0111\u01b0\u1ee3c cung c\u1ea5p b\u1edfi ICAR<\/li>\n<li>S\u1ea3n ph\u1ea9m \u0111\u01b0\u1ee3c mua t\u1ea1i h\u00e3ng ho\u1eb7c c\u00e1c \u0111\u1ea1i l\u00fd tr\u00ean to\u00e0n qu\u1ed1c<\/li>\n<li>S\u1ea3n ph\u1ea9m c\u00f2n th\u1eddi h\u1ea1n b\u1ea3o h\u00e0nh<\/li>\n<li>L\u1ed7i ph\u00e1t sinh do nh\u00e0 s\u1ea3n xu\u1ea5t, kh\u00f4ng ph\u1ea3i do c\u00e1c nguy\u00ean nh\u00e2n nh\u01b0 tai n\u1ea1n, ph\u00e1 ho\u1ea1i\u2026<\/li>\n<\/ul>\n<p>\u0110\u1ec3 bi\u1ebft th\u00eam chi ti\u1ebft, qu\u00fd kh\u00e1ch vui l\u00f2ng xem th\u00eam\u00a0<a title=\"C\u1ea3m bi\u1ebfn \u00e1p su\u1ea5t l\u1ed1p theo xe Mercedes Benz phi\u00ean b\u1ea3n i50\" href=\"https:\/\/icar.vn\/chinh-sach-bao-hanh-va-dieu-kien-bao-hanh-khi-mua-hang-tai-icar-viet-nam\/\" target=\"_blank\" rel=\"noopener\">Ch\u00ednh s\u00e1ch b\u1ea3o h\u00e0nh<\/a>.<\/p>\n<\/div>\n<\/div>\n<\/div>\n<\/div>\n<\/div>\n","protected":false},"excerpt":{"rendered":"<p>C\u1ea3m bi\u1ebfn C397 l\u00e0 m\u1ed9t m\u1eabu c\u1ea3m bi\u1ebfn ph\u00e1t tri\u1ec3n d\u1ef1a tr\u00ean s\u1ef1 k\u1ebft h\u1ee3p gi\u1eefa nh\u1eefng \u201ctinh hoa\u201d c\u1ee7a c\u00e1c lo\u1ea1i c\u1ea3m bi\u1ebfn t\u1ed1t nh\u1ea5t. \u0110\u00e2y l\u00e0 b\u01b0\u1edbc thay \u0111\u1ed5i l\u1edbn trong d\u00f2ng c\u1ea3m bi\u1ebfn g\u1eafn l\u1ed7 ch\u1edd, cho ph\u00e9p hi\u1ec3n th\u1ecb nhi\u1ec7t \u0111\u1ed9 v\u00e0 c\u00e0i \u0111\u1eb7t \u0111\u01b0\u1ee3c tr\u00ean \u0111i\u1ec7n tho\u1ea1i.<\/p>\n","protected":false},"featured_media":983,"comment_status":"open","ping_status":"closed","template":"","meta":[],"product_brand":[119],"product_cat":[75,22],"product_tag":[],"class_list":{"0":"post-981","1":"product","2":"type-product","3":"status-publish","4":"has-post-thumbnail","6":"product_brand-icar","7":"product_cat-ap-suat-lop","8":"product_cat-do-choi-xe","10":"first","11":"instock","12":"shipping-taxable","13":"purchasable","14":"product-type-simple"},"_links":{"self":[{"href":"https:\/\/autothaiduong.vn\/index.php?rest_route=\/wp\/v2\/product\/981","targetHints":{"allow":["GET"]}}],"collection":[{"href":"https:\/\/autothaiduong.vn\/index.php?rest_route=\/wp\/v2\/product"}],"about":[{"href":"https:\/\/autothaiduong.vn\/index.php?rest_route=\/wp\/v2\/types\/product"}],"replies":[{"embeddable":true,"href":"https:\/\/autothaiduong.vn\/index.php?rest_route=%2Fwp%2Fv2%2Fcomments&post=981"}],"wp:featuredmedia":[{"embeddable":true,"href":"https:\/\/autothaiduong.vn\/index.php?rest_route=\/wp\/v2\/media\/983"}],"wp:attachment":[{"href":"https:\/\/autothaiduong.vn\/index.php?rest_route=%2Fwp%2Fv2%2Fmedia&parent=981"}],"wp:term":[{"taxonomy":"product_brand","embeddable":true,"href":"https:\/\/autothaiduong.vn\/index.php?rest_route=%2Fwp%2Fv2%2Fproduct_brand&post=981"},{"taxonomy":"product_cat","embeddable":true,"href":"https:\/\/autothaiduong.vn\/index.php?rest_route=%2Fwp%2Fv2%2Fproduct_cat&post=981"},{"taxonomy":"product_tag","embeddable":true,"href":"https:\/\/autothaiduong.vn\/index.php?rest_route=%2Fwp%2Fv2%2Fproduct_tag&post=981"}],"curies":[{"name":"wp","href":"https:\/\/api.w.org\/{rel}","templated":true}]}}